{"id":5811,"date":"2016-10-18T00:18:15","date_gmt":"2016-10-17T22:18:15","guid":{"rendered":"http:\/\/klubmamgdynia.pl\/index.php\/produkt\/gra-planszowa-winning-moves-monopoly-vikings\/"},"modified":"2026-04-06T12:55:51","modified_gmt":"2026-04-06T10:55:51","slug":"gra-planszowa-winning-moves-monopoly-vikings","status":"publish","type":"product","link":"http:\/\/klubmamgdynia.pl\/index.php\/produkt\/gra-planszowa-winning-moves-monopoly-vikings\/","title":{"rendered":"Gra planszowa Winning Moves Monopoly Vikings"},"content":{"rendered":"<p>Monopoly Vikings Winning Moves<\/p>\n<h2>Gra planszowa Winning Moves Monopoly Vikings WINNING MOVES<\/h2>\n<p>zdrowe dania dla dzieci, planety do druku dla dzieci, oliwier, sentencja dla dziecka, praktyczny prezent dla rocznego dziecka, wiosenne zagadki, imi\u0119 kuba, bajki do czytania psi patrol, pierwsze urodziny prezent na roczek dla dziewczynki, podchwytliwe zagadki z odpowiedziami, kolorowanka ksi\u0119\u017cniczka, afryka\u0144skie imiona, sky kolorowanka, quizy dla dzieci, nauka zegara, akademia pana kleksa test do druku<\/p>\n<p>yyyyy<\/p>\n<p>&nbsp;<\/p>\n","protected":false},"excerpt":{"rendered":"<p>Monopoly Vikings Winning Moves Gra planszowa Winning Moves Monopoly Vikings WINNING MOVES zdrowe dania dla dzieci, planety do druku dla dzieci, oliwier, sentencja dla dziecka, praktyczny prezent dla rocznego dziecka, wiosenne zagadki, imi\u0119 kuba, bajki do czytania psi patrol, pierwsze urodziny prezent na roczek dla dziewczynki, podchwytliwe zagadki z odpowiedziami, kolorowanka ksi\u0119\u017cniczka, afryka\u0144skie imiona, sky [&hellip;]<\/p>\n","protected":false},"featured_media":5812,"comment_status":"closed","ping_status":"open","template":"","meta":[],"product_cat":[235,226],"product_tag":[611,776,732],"class_list":["post-5811","product","type-product","status-publish","has-post-thumbnail","hentry","product_cat-gry-planszowe","product_cat-winning-moves","product_tag-bajki-do-czytania-psi-patrol","product_tag-dobrej-nocy","product_tag-prezent-dla-rocznego-chlopca"],"_links":{"self":[{"href":"http:\/\/klubmamgdynia.pl\/index.php\/wp-json\/wp\/v2\/product\/5811","targetHints":{"allow":["GET"]}}],"collection":[{"href":"http:\/\/klubmamgdynia.pl\/index.php\/wp-json\/wp\/v2\/product"}],"about":[{"href":"http:\/\/klubmamgdynia.pl\/index.php\/wp-json\/wp\/v2\/types\/product"}],"replies":[{"embeddable":true,"href":"http:\/\/klubmamgdynia.pl\/index.php\/wp-json\/wp\/v2\/comments?post=5811"}],"wp:featuredmedia":[{"embeddable":true,"href":"http:\/\/klubmamgdynia.pl\/index.php\/wp-json\/wp\/v2\/media\/5812"}],"wp:attachment":[{"href":"http:\/\/klubmamgdynia.pl\/index.php\/wp-json\/wp\/v2\/media?parent=5811"}],"wp:term":[{"taxonomy":"product_cat","embeddable":true,"href":"http:\/\/klubmamgdynia.pl\/index.php\/wp-json\/wp\/v2\/product_cat?post=5811"},{"taxonomy":"product_tag","embeddable":true,"href":"http:\/\/klubmamgdynia.pl\/index.php\/wp-json\/wp\/v2\/product_tag?post=5811"}],"curies":[{"name":"wp","href":"https:\/\/api.w.org\/{rel}","templated":true}]}}