{"id":5815,"date":"2020-12-31T09:10:36","date_gmt":"2020-12-31T08:10:36","guid":{"rendered":"http:\/\/klubmamgdynia.pl\/index.php\/produkt\/gra-planszowa-winning-moves-monopoly-legia-warszawa\/"},"modified":"2026-05-17T22:24:33","modified_gmt":"2026-05-17T20:24:33","slug":"gra-planszowa-winning-moves-monopoly-legia-warszawa","status":"publish","type":"product","link":"http:\/\/klubmamgdynia.pl\/index.php\/produkt\/gra-planszowa-winning-moves-monopoly-legia-warszawa\/","title":{"rendered":"Gra planszowa Winning Moves Monopoly Legia Warszawa"},"content":{"rendered":"<p>Monopoly Legia Warszawa Edycja specjalna<\/p>\n<h2>Gra planszowa Winning Moves Monopoly Legia Warszawa WINNING MOVES<\/h2>\n<p>kolorowanki samochody, znaczenie imiona justyna, bajka dla dzieci do czytania, kolorowanki do druku dla dziewczyn, \u017carty na prima aprilis na rodzic\u00f3w, lodowiska w warszawie, gra kulki, zagadki dla 7 latka, zaj\u0105czek z jajka ugotowanego, zaj\u0119cia kulinarne dla dzieci pomys\u0142y, cytaty dla mamy od c\u00f3rki, wyprawka warszawiaka 2021, dobranoc zimowo, wycinanki do druku, prezent dla 14 letniej dziewczyny, pi\u0119kne cytaty o synku, \u015bmieszne \u0142ama\u0144ce j\u0119zykowe, hejka tu lenka quizy, dzieci cytaty, koty kolorowanka<\/p>\n<p>yyyyy<\/p>\n<p>&nbsp;<\/p>\n","protected":false},"excerpt":{"rendered":"<p>Monopoly Legia Warszawa Edycja specjalna Gra planszowa Winning Moves Monopoly Legia Warszawa WINNING MOVES kolorowanki samochody, znaczenie imiona justyna, bajka dla dzieci do czytania, kolorowanki do druku dla dziewczyn, \u017carty na prima aprilis na rodzic\u00f3w, lodowiska w warszawie, gra kulki, zagadki dla 7 latka, zaj\u0105czek z jajka ugotowanego, zaj\u0119cia kulinarne dla dzieci pomys\u0142y, cytaty dla [&hellip;]<\/p>\n","protected":false},"featured_media":5816,"comment_status":"closed","ping_status":"open","template":"","meta":[],"product_cat":[235,226],"product_tag":[722,624,769,841],"class_list":["post-5815","product","type-product","status-publish","has-post-thumbnail","hentry","product_cat-gry-planszowe","product_cat-winning-moves","product_tag-cytaty-o-przyjazni","product_tag-krotkie-zagadki","product_tag-psi-patrol-do-czytania","product_tag-quiz-o-flagach"],"_links":{"self":[{"href":"http:\/\/klubmamgdynia.pl\/index.php\/wp-json\/wp\/v2\/product\/5815","targetHints":{"allow":["GET"]}}],"collection":[{"href":"http:\/\/klubmamgdynia.pl\/index.php\/wp-json\/wp\/v2\/product"}],"about":[{"href":"http:\/\/klubmamgdynia.pl\/index.php\/wp-json\/wp\/v2\/types\/product"}],"replies":[{"embeddable":true,"href":"http:\/\/klubmamgdynia.pl\/index.php\/wp-json\/wp\/v2\/comments?post=5815"}],"wp:featuredmedia":[{"embeddable":true,"href":"http:\/\/klubmamgdynia.pl\/index.php\/wp-json\/wp\/v2\/media\/5816"}],"wp:attachment":[{"href":"http:\/\/klubmamgdynia.pl\/index.php\/wp-json\/wp\/v2\/media?parent=5815"}],"wp:term":[{"taxonomy":"product_cat","embeddable":true,"href":"http:\/\/klubmamgdynia.pl\/index.php\/wp-json\/wp\/v2\/product_cat?post=5815"},{"taxonomy":"product_tag","embeddable":true,"href":"http:\/\/klubmamgdynia.pl\/index.php\/wp-json\/wp\/v2\/product_tag?post=5815"}],"curies":[{"name":"wp","href":"https:\/\/api.w.org\/{rel}","templated":true}]}}