{"id":5825,"date":"2012-03-17T11:17:28","date_gmt":"2012-03-17T10:17:28","guid":{"rendered":"http:\/\/klubmamgdynia.pl\/index.php\/produkt\/pisak-s520-sign-pen-2mm-czarny-pentel-s520-a\/"},"modified":"2026-04-12T16:25:38","modified_gmt":"2026-04-12T14:25:38","slug":"pisak-s520-sign-pen-2mm-czarny-pentel-s520-a","status":"publish","type":"product","link":"http:\/\/klubmamgdynia.pl\/index.php\/produkt\/pisak-s520-sign-pen-2mm-czarny-pentel-s520-a\/","title":{"rendered":"Pisak S520 Sign Pen 2Mm Czarny Pentel \/S520-A\/"},"content":{"rendered":"<p>Pisak S520 SIGN PEN PENTEL Niezwykle popularny pisak Sign Pen z trwa\u0142\u0105, fibrow\u0105 ko\u0144c\u00f3wk\u0105. Do zaawansowanych prac kre\u015blarskich, do tworzenia opowie\u015bci komiksowych. Sprawdzi si\u0119 r\u00f3wnie\u017c w codziennym stosowaniu w biurze, szkole i na uczelni. Wykonany w 80% z materia\u0142\u00f3w przetworzonych. Idealny do grafik i ilustracji Trwa\u0142a, fibrowa ko\u0144c\u00f3wka Tusz wodny, nie permanentny Grubo\u015b\u0107 linii pisania: 2,0 mm Kolor czarny Kod producenta S520-A Nr oferty xSale PN007-2<\/p>\n<h2>Pisak S520 Sign Pen 2Mm Czarny Pentel \/S520-A\/ <\/h2>\n<p>bajka o dinozaurach do czytania, mi\u0142o\u015b\u0107 do dziecka cytaty, zagadki dla 9 latk\u00f3w, my jeste\u015bmy krasnoludki tekst, quiz dla dzieci, spos\u00f3b na elfa test, quiz stolice europy, lucjan imi\u0119, cytaty o przyja\u017ani ma\u0142y ksi\u0105\u017c\u0119, \u015bmieszne zagadki dla dzieci, dzie\u0144 pluszowego misia 2021<\/p>\n<p>yyyyy<\/p>\n<p>&nbsp;<\/p>\n","protected":false},"excerpt":{"rendered":"<p>Pisak S520 SIGN PEN PENTEL Niezwykle popularny pisak Sign Pen z trwa\u0142\u0105, fibrow\u0105 ko\u0144c\u00f3wk\u0105. Do zaawansowanych prac kre\u015blarskich, do tworzenia opowie\u015bci komiksowych. Sprawdzi si\u0119 r\u00f3wnie\u017c w codziennym stosowaniu w biurze, szkole i na uczelni. Wykonany w 80% z materia\u0142\u00f3w przetworzonych. Idealny do grafik i ilustracji Trwa\u0142a, fibrowa ko\u0144c\u00f3wka Tusz wodny, nie permanentny Grubo\u015b\u0107 linii pisania: [&hellip;]<\/p>\n","protected":false},"featured_media":5826,"comment_status":"closed","ping_status":"open","template":"","meta":[],"product_cat":[297],"product_tag":[817,686,781,717,800],"class_list":["post-5825","product","type-product","status-publish","has-post-thumbnail","hentry","product_cat-szkolne-artykuly-plastyczne","product_tag-bajka-terapeutyczna-o-emocjach","product_tag-co-na-roczek-dla-chlopca","product_tag-cytaty-o-wychowaniu-dzieci","product_tag-prezent-roczek","product_tag-zagadki-smieszne"],"_links":{"self":[{"href":"http:\/\/klubmamgdynia.pl\/index.php\/wp-json\/wp\/v2\/product\/5825","targetHints":{"allow":["GET"]}}],"collection":[{"href":"http:\/\/klubmamgdynia.pl\/index.php\/wp-json\/wp\/v2\/product"}],"about":[{"href":"http:\/\/klubmamgdynia.pl\/index.php\/wp-json\/wp\/v2\/types\/product"}],"replies":[{"embeddable":true,"href":"http:\/\/klubmamgdynia.pl\/index.php\/wp-json\/wp\/v2\/comments?post=5825"}],"wp:featuredmedia":[{"embeddable":true,"href":"http:\/\/klubmamgdynia.pl\/index.php\/wp-json\/wp\/v2\/media\/5826"}],"wp:attachment":[{"href":"http:\/\/klubmamgdynia.pl\/index.php\/wp-json\/wp\/v2\/media?parent=5825"}],"wp:term":[{"taxonomy":"product_cat","embeddable":true,"href":"http:\/\/klubmamgdynia.pl\/index.php\/wp-json\/wp\/v2\/product_cat?post=5825"},{"taxonomy":"product_tag","embeddable":true,"href":"http:\/\/klubmamgdynia.pl\/index.php\/wp-json\/wp\/v2\/product_tag?post=5825"}],"curies":[{"name":"wp","href":"https:\/\/api.w.org\/{rel}","templated":true}]}}