{"id":5835,"date":"2018-05-05T06:03:15","date_gmt":"2018-05-05T04:03:15","guid":{"rendered":"http:\/\/klubmamgdynia.pl\/index.php\/produkt\/to-ma-jezdzik-odpychacz-614r\/"},"modified":"2026-04-30T08:59:37","modified_gmt":"2026-04-30T06:59:37","slug":"to-ma-jezdzik-odpychacz-614r","status":"publish","type":"product","link":"http:\/\/klubmamgdynia.pl\/index.php\/produkt\/to-ma-jezdzik-odpychacz-614r\/","title":{"rendered":"TO-MA Je\u017adzik odpychacz 614R"},"content":{"rendered":"<p>Je\u017adzik z pchaczem wyposa\u017cony w melodyjki na kierownicy. Idealny dla ma\u0142ego dziecka, zapewniaj\u0105cy wielk\u0105 frajd\u0119.<\/p>\n<h2>TO-MA Je\u017adzik odpychacz 614R To-Ma<\/h2>\n<p>zagadki dla dzieci 7-8 lat, zagadki kr\u00f3tkie, zygzak mcqueen kolorowanka, zagadki wielkanocne dla dzieci, cytaty o rodzinie, glupie zagadki, szkic jak narysowa\u0107 kota, zabawy logiczne dla dzieci, stare wiersze dla dzieci, kolorowanki dla dziewczyn, cytaty dziecko, najpi\u0119kniejsze cytaty o przyja\u017ani, dyplomy do druku pdf, jak dobra\u0107 narty dla dziecka, ksi\u0105\u017cka dla dzieci online, test miko\u0142ajek, kolorowanki do druku dla dziewczyn<\/p>\n<p>yyyyy<\/p>\n<p>&nbsp;<\/p>\n","protected":false},"excerpt":{"rendered":"<p>Je\u017adzik z pchaczem wyposa\u017cony w melodyjki na kierownicy. Idealny dla ma\u0142ego dziecka, zapewniaj\u0105cy wielk\u0105 frajd\u0119. TO-MA Je\u017adzik odpychacz 614R To-Ma zagadki dla dzieci 7-8 lat, zagadki kr\u00f3tkie, zygzak mcqueen kolorowanka, zagadki wielkanocne dla dzieci, cytaty o rodzinie, glupie zagadki, szkic jak narysowa\u0107 kota, zabawy logiczne dla dzieci, stare wiersze dla dzieci, kolorowanki dla dziewczyn, cytaty [&hellip;]<\/p>\n","protected":false},"featured_media":5836,"comment_status":"closed","ping_status":"open","template":"","meta":[],"product_cat":[74,1395],"product_tag":[827,583,749,787],"class_list":["post-5835","product","type-product","status-publish","has-post-thumbnail","hentry","product_cat-jezdziki","product_cat-to-ma","product_tag-bajki-dla-niemowlat","product_tag-kolysanki-dla-dzieci-tekst","product_tag-najlepsze-zarty-na-prima-aprilis","product_tag-nauka-pisania-wyrazow-dla-dzieci-do-druku-pdf"],"_links":{"self":[{"href":"http:\/\/klubmamgdynia.pl\/index.php\/wp-json\/wp\/v2\/product\/5835","targetHints":{"allow":["GET"]}}],"collection":[{"href":"http:\/\/klubmamgdynia.pl\/index.php\/wp-json\/wp\/v2\/product"}],"about":[{"href":"http:\/\/klubmamgdynia.pl\/index.php\/wp-json\/wp\/v2\/types\/product"}],"replies":[{"embeddable":true,"href":"http:\/\/klubmamgdynia.pl\/index.php\/wp-json\/wp\/v2\/comments?post=5835"}],"wp:featuredmedia":[{"embeddable":true,"href":"http:\/\/klubmamgdynia.pl\/index.php\/wp-json\/wp\/v2\/media\/5836"}],"wp:attachment":[{"href":"http:\/\/klubmamgdynia.pl\/index.php\/wp-json\/wp\/v2\/media?parent=5835"}],"wp:term":[{"taxonomy":"product_cat","embeddable":true,"href":"http:\/\/klubmamgdynia.pl\/index.php\/wp-json\/wp\/v2\/product_cat?post=5835"},{"taxonomy":"product_tag","embeddable":true,"href":"http:\/\/klubmamgdynia.pl\/index.php\/wp-json\/wp\/v2\/product_tag?post=5835"}],"curies":[{"name":"wp","href":"https:\/\/api.w.org\/{rel}","templated":true}]}}