{"id":5845,"date":"2014-05-01T10:13:01","date_gmt":"2014-05-01T08:13:01","guid":{"rendered":"http:\/\/klubmamgdynia.pl\/index.php\/produkt\/artyk-pistolet-na-wode\/"},"modified":"2026-04-28T22:26:26","modified_gmt":"2026-04-28T20:26:26","slug":"artyk-pistolet-na-wode","status":"publish","type":"product","link":"http:\/\/klubmamgdynia.pl\/index.php\/produkt\/artyk-pistolet-na-wode\/","title":{"rendered":"Artyk Pistolet Na Wod\u0119"},"content":{"rendered":"<p>W ZESTAWIE: POJEMNIK NA WOD\u0118 Z MO\u017bLIWO\u015aCI\u0104 ZA\u0141O\u017bENIA NA PLECY, R\u0118KAWICA DO STRZELANIA WOD\u0104 Z POD\u0141\u0104CZENIEM DO POJEMNIKA, WYM. OPK: 49 X 30 X 10,5 CM., 3+<\/p>\n<h2>Artyk Pistolet Na Wod\u0119 Artyk<\/h2>\n<p>kanapki na urodziny dziecka, quiz o minecraft, pa\u0144stwa europy i ich stolice quiz, co kupi\u0107 na roczek dla ch\u0142opca, nauka pisania wyraz\u00f3w dla dzieci do druku pdf, w\u0119gierska g\u00f3rka, \u015bmigus dyngus lany poniedzia\u0142ek zyczenia, znaczenie imienia pola, mira imi\u0119, nauka zegara do druku, oryginalny prezent na roczek dla dziewczynki, kolorowanka kotki, jak dobra\u0107 narty dla dziecka, okolice wroc\u0142awia atrakcje, quizy miko\u0142ajek, sporty po francusku, p\u0142onie ognisko w lesie<\/p>\n<p>yyyyy<\/p>\n<p>&nbsp;<\/p>\n","protected":false},"excerpt":{"rendered":"<p>W ZESTAWIE: POJEMNIK NA WOD\u0118 Z MO\u017bLIWO\u015aCI\u0104 ZA\u0141O\u017bENIA NA PLECY, R\u0118KAWICA DO STRZELANIA WOD\u0104 Z POD\u0141\u0104CZENIEM DO POJEMNIKA, WYM. OPK: 49 X 30 X 10,5 CM., 3+ Artyk Pistolet Na Wod\u0119 Artyk kanapki na urodziny dziecka, quiz o minecraft, pa\u0144stwa europy i ich stolice quiz, co kupi\u0107 na roczek dla ch\u0142opca, nauka pisania wyraz\u00f3w dla [&hellip;]<\/p>\n","protected":false},"featured_media":5846,"comment_status":"closed","ping_status":"open","template":"","meta":[],"product_cat":[336,518],"product_tag":[815,647,809],"class_list":["post-5845","product","type-product","status-publish","has-post-thumbnail","hentry","product_cat-artyk","product_cat-zabawki-wodne","product_tag-ozdoby-choinkowe-dla-dzieci","product_tag-warszawa-z-dzieckiem","product_tag-zagadki"],"_links":{"self":[{"href":"http:\/\/klubmamgdynia.pl\/index.php\/wp-json\/wp\/v2\/product\/5845","targetHints":{"allow":["GET"]}}],"collection":[{"href":"http:\/\/klubmamgdynia.pl\/index.php\/wp-json\/wp\/v2\/product"}],"about":[{"href":"http:\/\/klubmamgdynia.pl\/index.php\/wp-json\/wp\/v2\/types\/product"}],"replies":[{"embeddable":true,"href":"http:\/\/klubmamgdynia.pl\/index.php\/wp-json\/wp\/v2\/comments?post=5845"}],"wp:featuredmedia":[{"embeddable":true,"href":"http:\/\/klubmamgdynia.pl\/index.php\/wp-json\/wp\/v2\/media\/5846"}],"wp:attachment":[{"href":"http:\/\/klubmamgdynia.pl\/index.php\/wp-json\/wp\/v2\/media?parent=5845"}],"wp:term":[{"taxonomy":"product_cat","embeddable":true,"href":"http:\/\/klubmamgdynia.pl\/index.php\/wp-json\/wp\/v2\/product_cat?post=5845"},{"taxonomy":"product_tag","embeddable":true,"href":"http:\/\/klubmamgdynia.pl\/index.php\/wp-json\/wp\/v2\/product_tag?post=5845"}],"curies":[{"name":"wp","href":"https:\/\/api.w.org\/{rel}","templated":true}]}}