{"id":5849,"date":"2011-03-21T03:31:43","date_gmt":"2011-03-21T02:31:43","guid":{"rendered":"http:\/\/klubmamgdynia.pl\/index.php\/produkt\/trifox-kuchnia-stojaca-29el-zabawka\/"},"modified":"2026-04-03T20:30:23","modified_gmt":"2026-04-03T18:30:23","slug":"trifox-kuchnia-stojaca-29el-zabawka","status":"publish","type":"product","link":"http:\/\/klubmamgdynia.pl\/index.php\/produkt\/trifox-kuchnia-stojaca-29el-zabawka\/","title":{"rendered":"Trifox Kuchnia Stoj\u0105ca 29El &#8211; Zabawka"},"content":{"rendered":"<p>Kuchnia stoj\u0105ca 29el<\/p>\n<h2>Trifox Kuchnia Stoj\u0105ca 29El &#8211; Zabawka Trifox<\/h2>\n<p>oryginalny prezent na roczek dla dziewczynki, malowanka do druku, co na prezent dla 7 latki, tajemniczy ogr\u00f3d test z odpowiedziami, warsztaty dla dzieci warszawa, lidia imie, kr\u00f3tkie zagadki, narysowa\u0107 rysunki \u0142atwe, dawne ko\u0142ysanki teksty, jeremi imi\u0119<\/p>\n<p>yyyyy<\/p>\n<p>&nbsp;<\/p>\n","protected":false},"excerpt":{"rendered":"<p>Kuchnia stoj\u0105ca 29el Trifox Kuchnia Stoj\u0105ca 29El &#8211; Zabawka Trifox oryginalny prezent na roczek dla dziewczynki, malowanka do druku, co na prezent dla 7 latki, tajemniczy ogr\u00f3d test z odpowiedziami, warsztaty dla dzieci warszawa, lidia imie, kr\u00f3tkie zagadki, narysowa\u0107 rysunki \u0142atwe, dawne ko\u0142ysanki teksty, jeremi imi\u0119 yyyyy &nbsp;<\/p>\n","protected":false},"featured_media":5850,"comment_status":"closed","ping_status":"open","template":"","meta":[],"product_cat":[53,308],"product_tag":[723,630,703,736,746,600],"class_list":["post-5849","product","type-product","status-publish","has-post-thumbnail","hentry","product_cat-kaciki-zabaw","product_cat-trifox","product_tag-krotkie-bajki-do-czytania-na-dobranoc","product_tag-podchwytliwe-zagadki-z-odpowiedziami","product_tag-prezent-dla-nastolatki","product_tag-zabawki-na-roczek","product_tag-zagadki-typu-co-to-jest","product_tag-zaproszenia-na-urodziny-do-druku"],"_links":{"self":[{"href":"http:\/\/klubmamgdynia.pl\/index.php\/wp-json\/wp\/v2\/product\/5849","targetHints":{"allow":["GET"]}}],"collection":[{"href":"http:\/\/klubmamgdynia.pl\/index.php\/wp-json\/wp\/v2\/product"}],"about":[{"href":"http:\/\/klubmamgdynia.pl\/index.php\/wp-json\/wp\/v2\/types\/product"}],"replies":[{"embeddable":true,"href":"http:\/\/klubmamgdynia.pl\/index.php\/wp-json\/wp\/v2\/comments?post=5849"}],"wp:featuredmedia":[{"embeddable":true,"href":"http:\/\/klubmamgdynia.pl\/index.php\/wp-json\/wp\/v2\/media\/5850"}],"wp:attachment":[{"href":"http:\/\/klubmamgdynia.pl\/index.php\/wp-json\/wp\/v2\/media?parent=5849"}],"wp:term":[{"taxonomy":"product_cat","embeddable":true,"href":"http:\/\/klubmamgdynia.pl\/index.php\/wp-json\/wp\/v2\/product_cat?post=5849"},{"taxonomy":"product_tag","embeddable":true,"href":"http:\/\/klubmamgdynia.pl\/index.php\/wp-json\/wp\/v2\/product_tag?post=5849"}],"curies":[{"name":"wp","href":"https:\/\/api.w.org\/{rel}","templated":true}]}}