{"id":585,"date":"2020-12-27T15:54:20","date_gmt":"2020-12-27T14:54:20","guid":{"rendered":"http:\/\/klubmamgdynia.pl\/index.php\/produkt\/memory-game-5226\/"},"modified":"2026-05-17T23:50:01","modified_gmt":"2026-05-17T21:50:01","slug":"memory-game-5226","status":"publish","type":"product","link":"http:\/\/klubmamgdynia.pl\/index.php\/produkt\/memory-game-5226\/","title":{"rendered":"Memory Game 5226"},"content":{"rendered":"<p>Edukacyjna Gra Memory Game Super Pami\u0119\u0107 Gra Pami\u0119ciowa Na Pami\u0119\u0107 KartyDoskona\u0142a, wci\u0105gaj\u0105ca i pasjonuj\u0105ca zabawa dla ma\u0142ych i du\u017cych. \u015awietny spos\u00f3b na sp\u0119dzanie wolnego czasu.Gry pami\u0119ciowe to doskona\u0142y spos\u00f3b na \u0142\u0105czenie \u015bwietnej zabawy z praktycznym \u0107wiczeniem naszej pami\u0119ci oraz koncentracji.Zasady gryZasady s\u0105 bardzo proste &#8211; wygrywa osoba, kt\u00f3ra odgadnie najwi\u0119cej par obrazk\u00f3w.Zestaw zawiera podstawk\u0119, w kt\u00f3rej umieszczamy wybrany przez siebie wz\u00f3r obrazk\u00f3w. Wszystkie otworki na planszy zas\u0142aniamy specjalnymi pionkami. Gr\u0119 rozpoczyna losowo wybrany uczestnik ods\u0142aniaj\u0105c dwa pionki. Je\u017celi ods\u0142oni\u0119te obrazki stanowi\u0105 par\u0119, to gracz zabiera pionki i ods\u0142ania dalej. Je\u015bli nie trafi na kolejn\u0105 par\u0119 &#8211; kolejka przechodzi na nast\u0119pnego gracza. Na koniec zliczamy zebrane pionki &#8211; wygrywa osoba, kt\u00f3ra ma ich najwi\u0119cej.Gra rozwija:skupienie,koncentracj\u0119,\u0107wiczy pami\u0119\u0107 i spostrzegawczo\u015b\u0107,zdolno\u015bci manualne.Mn\u00f3stwo planszZestaw zawiera a\u017c 10 plansz z obrazkami. Zakres tematyczny jest bardzo szeroki, znajdziemy tutaj przedmioty, pojazdy, owoce i warzywa, pi\u0142ki, rybki i wiele innych.Zestaw zawiera:Podstawk\u0119 do gry,10 plansz,49 pionk\u00f3w,Oryginalne opakowanie.Specyfikacja:Ilo\u015b\u0107 graczy: 1 &#8211; 4Wiek dziecka: 3+Ilo\u015b\u0107 kart: 10Ilo\u015b\u0107 pionk\u00f3w: 49Wymiary podstawki: ok. 20 x 20 x 2,5cmWymiary pionk\u00f3w: wysoko\u015b\u0107 2,6cm, \u015brednica 2,4cmWymiary opakowania: 21 x 21 x 5,8cm<\/p>\n<h2>Memory Game 5226 <\/h2>\n<p>\u015bwinka peppa kolorowanka, test z lektury spos\u00f3b na alcybiadesa, ale kino program, najpi\u0119kniejsze cytaty o przyja\u017ani, dziecko cytaty z\u0142ote my\u015bli, dorian, opowiadanie o jesieni dla dzieci, roczek prezenty<\/p>\n<p>yyyyy<\/p>\n<p>&nbsp;<\/p>\n","protected":false},"excerpt":{"rendered":"<p>Edukacyjna Gra Memory Game Super Pami\u0119\u0107 Gra Pami\u0119ciowa Na Pami\u0119\u0107 KartyDoskona\u0142a, wci\u0105gaj\u0105ca i pasjonuj\u0105ca zabawa dla ma\u0142ych i du\u017cych. \u015awietny spos\u00f3b na sp\u0119dzanie wolnego czasu.Gry pami\u0119ciowe to doskona\u0142y spos\u00f3b na \u0142\u0105czenie \u015bwietnej zabawy z praktycznym \u0107wiczeniem naszej pami\u0119ci oraz koncentracji.Zasady gryZasady s\u0105 bardzo proste &#8211; wygrywa osoba, kt\u00f3ra odgadnie najwi\u0119cej par obrazk\u00f3w.Zestaw zawiera podstawk\u0119, w [&hellip;]<\/p>\n","protected":false},"featured_media":586,"comment_status":"closed","ping_status":"open","template":"","meta":[],"product_cat":[130],"product_tag":[808,785,814,692,778],"class_list":["post-585","product","type-product","status-publish","has-post-thumbnail","hentry","product_cat-gry-dzieciece","product_tag-imie-mia","product_tag-prezent-dla-nastolatkow","product_tag-prezenty-dla-nastolatek","product_tag-prezenty-na-roczek","product_tag-zabawki-na-roczek-dla-chlopca"],"_links":{"self":[{"href":"http:\/\/klubmamgdynia.pl\/index.php\/wp-json\/wp\/v2\/product\/585","targetHints":{"allow":["GET"]}}],"collection":[{"href":"http:\/\/klubmamgdynia.pl\/index.php\/wp-json\/wp\/v2\/product"}],"about":[{"href":"http:\/\/klubmamgdynia.pl\/index.php\/wp-json\/wp\/v2\/types\/product"}],"replies":[{"embeddable":true,"href":"http:\/\/klubmamgdynia.pl\/index.php\/wp-json\/wp\/v2\/comments?post=585"}],"wp:featuredmedia":[{"embeddable":true,"href":"http:\/\/klubmamgdynia.pl\/index.php\/wp-json\/wp\/v2\/media\/586"}],"wp:attachment":[{"href":"http:\/\/klubmamgdynia.pl\/index.php\/wp-json\/wp\/v2\/media?parent=585"}],"wp:term":[{"taxonomy":"product_cat","embeddable":true,"href":"http:\/\/klubmamgdynia.pl\/index.php\/wp-json\/wp\/v2\/product_cat?post=585"},{"taxonomy":"product_tag","embeddable":true,"href":"http:\/\/klubmamgdynia.pl\/index.php\/wp-json\/wp\/v2\/product_tag?post=585"}],"curies":[{"name":"wp","href":"https:\/\/api.w.org\/{rel}","templated":true}]}}