{"id":5853,"date":"2018-09-11T19:57:34","date_gmt":"2018-09-11T17:57:34","guid":{"rendered":"http:\/\/klubmamgdynia.pl\/index.php\/produkt\/wader-komplet-letni-kwadrat-duzy-76150\/"},"modified":"2026-05-01T13:08:10","modified_gmt":"2026-05-01T11:08:10","slug":"wader-komplet-letni-kwadrat-duzy-76150","status":"publish","type":"product","link":"http:\/\/klubmamgdynia.pl\/index.php\/produkt\/wader-komplet-letni-kwadrat-duzy-76150\/","title":{"rendered":"Wader Komplet Letni Kwadrat Du\u017cy 76150"},"content":{"rendered":"<p>Producent zabawek WADER, firma Wader-Wo\u017cniak sp. z o.o. jest jedn\u0105 z najwi\u0119kszych fabryk zabawek na polskim rynku. Firma dzia\u0142a od 25 lat i obecnie eksportuje swoje produkty do 70 pa\u0144stw. Szczeg\u00f3\u0142y : http:\/\/www.wader-wozniak.pl\/o-zabawkach\/ Zabawki marki WADER odznaczaj\u0105 sie wysok\u0105 jako\u015bci\u0105 i bezpiecze\u0144stwem. Zgodnie z wymogami Europejskiej Normy EN 71 ka\u017cda zabawka posiada znak CE oraz kod EAN. Dzi\u0119ki przestrzeganiu surowych norm jako\u015bciowych wszystkie produkty tej marki posiadaj\u0105 wymagane atesty \u015bwiatowych laboratori\u00f3w badaj\u0105cych jako\u015b\u0107 i bezpiecze\u0144stwo, takich jak SGS, TUV, Intertek czy Instytut Techniki Komarg. Przestrzeganie wysokich standard\u00f3w jako\u015bci oraz stosowanie nowoczesnej technologii produkcji sprawiaj\u0105, i\u017c zabawki WADER\u2019a: nie maj\u0105 ostrych kraw\u0119dzi ich elementy s\u0105 trwa\u0142e i stabilnie po\u0142\u0105czone \u015bcianki zabawek s\u0105 wytrzyma\u0142e na nacisk i nie \u0142ami\u0105 si\u0119 podlegaj\u0105 one recyklingowi dzi\u0119ki czemu s\u0105 bezpieczne dla \u015brodowiska<\/p>\n<h2>Wader Komplet Letni Kwadrat Du\u017cy 76150 Wader<\/h2>\n<p>pokemon kolorowanki do druku, prezent na roczek nie zabawka, w uk\u0142adzie s\u0142onecznym tekst, milena, ka\u0142u\u017cy\u015bci, pia imi\u0119, zabawki dla dziewczynki na roczek, imi\u0119 miriam, aniela znaczenie imienia, my little pony kolorowanki, wiersz o wakacjach, ko\u0142ysanka dla dzieci tekst, zgadywanki dla dzieci, basen dla dzieci warszawa, zagadki matematyczne dla dzieci 7 lat, pola znaczenie imienia, adrian imie, wr\u00f3zby andrzejkowe dla dzieci, alan znaczenie imienia, zagadka nie do rozwi\u0105zania, cytaty o przyja\u017ani<\/p>\n<p>yyyyy<\/p>\n<p>&nbsp;<\/p>\n","protected":false},"excerpt":{"rendered":"<p>Producent zabawek WADER, firma Wader-Wo\u017cniak sp. z o.o. jest jedn\u0105 z najwi\u0119kszych fabryk zabawek na polskim rynku. Firma dzia\u0142a od 25 lat i obecnie eksportuje swoje produkty do 70 pa\u0144stw. Szczeg\u00f3\u0142y : http:\/\/www.wader-wozniak.pl\/o-zabawkach\/ Zabawki marki WADER odznaczaj\u0105 sie wysok\u0105 jako\u015bci\u0105 i bezpiecze\u0144stwem. Zgodnie z wymogami Europejskiej Normy EN 71 ka\u017cda zabawka posiada znak CE oraz [&hellip;]<\/p>\n","protected":false},"featured_media":5854,"comment_status":"closed","ping_status":"open","template":"","meta":[],"product_cat":[514,286],"product_tag":[834,678,679],"class_list":["post-5853","product","type-product","status-publish","has-post-thumbnail","hentry","product_cat-wader","product_cat-zabawki-do-piasku","product_tag-bajka-do-czytania-na-dobranoc","product_tag-prezent-na-roczek-dla-dziewczynki","product_tag-zabawki-na-roczek-dla-dziewczynki"],"_links":{"self":[{"href":"http:\/\/klubmamgdynia.pl\/index.php\/wp-json\/wp\/v2\/product\/5853","targetHints":{"allow":["GET"]}}],"collection":[{"href":"http:\/\/klubmamgdynia.pl\/index.php\/wp-json\/wp\/v2\/product"}],"about":[{"href":"http:\/\/klubmamgdynia.pl\/index.php\/wp-json\/wp\/v2\/types\/product"}],"replies":[{"embeddable":true,"href":"http:\/\/klubmamgdynia.pl\/index.php\/wp-json\/wp\/v2\/comments?post=5853"}],"wp:featuredmedia":[{"embeddable":true,"href":"http:\/\/klubmamgdynia.pl\/index.php\/wp-json\/wp\/v2\/media\/5854"}],"wp:attachment":[{"href":"http:\/\/klubmamgdynia.pl\/index.php\/wp-json\/wp\/v2\/media?parent=5853"}],"wp:term":[{"taxonomy":"product_cat","embeddable":true,"href":"http:\/\/klubmamgdynia.pl\/index.php\/wp-json\/wp\/v2\/product_cat?post=5853"},{"taxonomy":"product_tag","embeddable":true,"href":"http:\/\/klubmamgdynia.pl\/index.php\/wp-json\/wp\/v2\/product_tag?post=5853"}],"curies":[{"name":"wp","href":"https:\/\/api.w.org\/{rel}","templated":true}]}}