{"id":587,"date":"2011-08-15T12:33:00","date_gmt":"2011-08-15T10:33:00","guid":{"rendered":"http:\/\/klubmamgdynia.pl\/index.php\/produkt\/timaro-puzzle-cherry-pazzi-wschod-slonca-nad-morzem-2000el\/"},"modified":"2026-04-04T21:21:42","modified_gmt":"2026-04-04T19:21:42","slug":"timaro-puzzle-cherry-pazzi-wschod-slonca-nad-morzem-2000el","status":"publish","type":"product","link":"http:\/\/klubmamgdynia.pl\/index.php\/produkt\/timaro-puzzle-cherry-pazzi-wschod-slonca-nad-morzem-2000el\/","title":{"rendered":"Timaro Puzzle Cherry Pazzi Wsch\u00f3d S\u0142o\u0144ca Nad Morzem 2000El."},"content":{"rendered":"<p>&#8211; najszybsza wysy\u0142ka!<\/p>\n<h2>Timaro Puzzle Cherry Pazzi Wsch\u00f3d S\u0142o\u0144ca Nad Morzem 2000El. <\/h2>\n<p>ciekawe miejsca w warszawie dla m\u0142odzie\u017cy, psi patrol kolorowanki, zagadki dla przedszkolak\u00f3w, mapa polski do druku, 20 pytania do lektury ma\u0142y ksi\u0105\u017c\u0119, zagadki zimowe dla dzieci, znaki drogowe do druku, kolorowanki jesie\u0144 do druku, prosta zagadka<\/p>\n<p>yyyyy<\/p>\n<p>&nbsp;<\/p>\n","protected":false},"excerpt":{"rendered":"<p>&#8211; najszybsza wysy\u0142ka! Timaro Puzzle Cherry Pazzi Wsch\u00f3d S\u0142o\u0144ca Nad Morzem 2000El. ciekawe miejsca w warszawie dla m\u0142odzie\u017cy, psi patrol kolorowanki, zagadki dla przedszkolak\u00f3w, mapa polski do druku, 20 pytania do lektury ma\u0142y ksi\u0105\u017c\u0119, zagadki zimowe dla dzieci, znaki drogowe do druku, kolorowanki jesie\u0144 do druku, prosta zagadka yyyyy &nbsp;<\/p>\n","protected":false},"featured_media":588,"comment_status":"closed","ping_status":"open","template":"","meta":[],"product_cat":[90],"product_tag":[833,838,702,704,711,820],"class_list":["post-587","product","type-product","status-publish","has-post-thumbnail","hentry","product_cat-puzzle","product_tag-bajki-dla-dzieci-do-czytania","product_tag-bajki-dla-dzieci-na-dobranoc","product_tag-co-kupic-na-roczek-dla-dziewczynki","product_tag-prezent-dla-nastolatka","product_tag-prezenty-dla-nastolatkow","product_tag-ziemia-wyspa-zielona-tekst"],"_links":{"self":[{"href":"http:\/\/klubmamgdynia.pl\/index.php\/wp-json\/wp\/v2\/product\/587","targetHints":{"allow":["GET"]}}],"collection":[{"href":"http:\/\/klubmamgdynia.pl\/index.php\/wp-json\/wp\/v2\/product"}],"about":[{"href":"http:\/\/klubmamgdynia.pl\/index.php\/wp-json\/wp\/v2\/types\/product"}],"replies":[{"embeddable":true,"href":"http:\/\/klubmamgdynia.pl\/index.php\/wp-json\/wp\/v2\/comments?post=587"}],"wp:featuredmedia":[{"embeddable":true,"href":"http:\/\/klubmamgdynia.pl\/index.php\/wp-json\/wp\/v2\/media\/588"}],"wp:attachment":[{"href":"http:\/\/klubmamgdynia.pl\/index.php\/wp-json\/wp\/v2\/media?parent=587"}],"wp:term":[{"taxonomy":"product_cat","embeddable":true,"href":"http:\/\/klubmamgdynia.pl\/index.php\/wp-json\/wp\/v2\/product_cat?post=587"},{"taxonomy":"product_tag","embeddable":true,"href":"http:\/\/klubmamgdynia.pl\/index.php\/wp-json\/wp\/v2\/product_tag?post=587"}],"curies":[{"name":"wp","href":"https:\/\/api.w.org\/{rel}","templated":true}]}}