{"id":5873,"date":"2019-08-14T07:59:55","date_gmt":"2019-08-14T05:59:55","guid":{"rendered":"http:\/\/klubmamgdynia.pl\/index.php\/produkt\/fotelik-samochodowy-fotelik-samochodowy-9-36-kg-summer-baby-cosmo\/"},"modified":"2026-04-07T09:02:00","modified_gmt":"2026-04-07T07:02:00","slug":"fotelik-samochodowy-fotelik-samochodowy-9-36-kg-summer-baby-cosmo","status":"publish","type":"product","link":"http:\/\/klubmamgdynia.pl\/index.php\/produkt\/fotelik-samochodowy-fotelik-samochodowy-9-36-kg-summer-baby-cosmo\/","title":{"rendered":"Fotelik samochodowy Fotelik Samochodowy 9-36 Kg Summer Baby Cosmo"},"content":{"rendered":"<p>POZNAJ ZALETY FOTELIKA SAMOCHODOWEGO MARKI SUMMER BABY MODEL COSMO 9-36 kg.fotelik samochodowy przeznaczony dla dzieci 9-36 kg,w wieku od 9 miesi\u0119cy do oko\u0142o 12 lat,fotelik sk\u0142ada si\u0119 z dw\u00f3ch cz\u0119\u015bci: podstawki z wyprofilowanymi pod\u0142okietnikami oraz oparcia,fotelik dostosowany jest do wszystkich modeli samochod\u00f3w posiadaj\u0105cych uniwersalne 3-punktowe pasy samochodowe,dolna mi\u0119kka podk\u0142adka,os\u0142ony na pasy bezpiecze\u0144stwa,dzi\u0119ki mi\u0119kkiej os\u0142onie zapi\u0119cie nie uciska dziecka,specjalnie wyprofilowane pod\u0142okietniki,dla starszych dzieci istnieje mo\u017cliwo\u015b\u0107 zdemontowania oparcia fotelika i zostaje wygodna podk\u0142adka,fotelik posiada regulowany zag\u0142\u00f3wek dzi\u0119ki, kt\u00f3remu mo\u017cna go dopasowa\u0107 do wzrostu dziecka,dzi\u0119ki odchylanemu oparciu mo\u017cemy dopasowa\u0107 fotelik do ka\u017cdego rodzaju oparcia tylnej kanapy samochodu. Prosz\u0119 pami\u0119ta\u0107, \u017ce pochylane oparcie s\u0142u\u017cy tylko do dopasowania fotelika do danego typu siedzenia w samochodzie,konstrukcja fotelika ca\u0142kowicie wykonana jest z plastiku,nie posiada on \u017cadnych element\u00f3w styropianowych,mo\u017cna montowa\u0107 go w samochodach wyposa\u017conych w 3-punktowe pasy bezpiecze\u0144stwa zgodnie z norm\u0105 UN\/ECE punkt 16.Czyli tradycyjnych pasach w jakie powinien by\u0107 wyposa\u017cony ka\u017cdy samoch\u00f3d,do ka\u017cdego fotelika do\u0142\u0105czona jest instrukcja monta\u017cu fotelika w j\u0119zyku polskim,Dla wygody dziecka na plastikowym stela\u017cu fotelika zosta\u0142a zastosowana dodatkowa mi\u0119kka pianka.Wk\u0142adka dla m\u0142odszych dzieci , wype\u0142niona podw\u00f3jn\u0105 warstw\u0105 g\u0105bki.Blokada uniemo\u017cliwiaj\u0105ca samoczynne opadanie zag\u0142\u00f3wka.Fotelik od pocz\u0105tku do ko\u0144ca &#8211; grupa I 9-18 kg. gdy dziecko jest ma\u0142e &#8211; grupa II i III 15-36 kg. gdy dziecko jest wi\u0119ksze najpierw wyci\u0105gamy wk\u0142adki, nast\u0119pnie demontujemy pasy i zapinamy samochodowym pasem &#8211; grupa III 22-36 kg. Demontujemy oparcie i zostaje sama podk\u0142adka Pozosta\u0142e nie przedstawione zalety fotelika zobacz\u0105 Pa\u0144stwo w pozosta\u0142ej cz\u0119\u015bci aukcjiDzi\u0119ki zastosowaniu antypo\u015blizgowego materia\u0142u ochraniacze na pasy nie zsuwaj\u0105 si\u0119.DOST\u0118PNE KOLORY:KOLOR SZARYKOLOR CZERWONYKOLOR CZARNYKOLOR NIEBIESKI &#8211; CHWILOWO BRAKKOLOR BR\u0104ZOWY &#8211; CHWILOWO BRAKWSZYSTKIE FOTELIKI S\u0104 NOWE<\/p>\n<h2>Fotelik samochodowy Fotelik Samochodowy 9-36 Kg Summer Baby Cosmo Summer Baby<\/h2>\n<p>zagadki dla dzieci 6-7 lat online, kolorowanka peppa, koty rysunki, psi patrol do czytania, atrakcje warszawa dla dzieci, \u0142amig\u0142\u00f3wki dla dzieci, kajko i kokosz test z lektury, prezent dla nastolatk\u00f3w na \u015bwi\u0119ta, kielich z hosti\u0105 do druku, bajki dla dzieci na dobranoc do czytania, znaczenie imiona alan, bajka o miko\u0142aju do czytania<\/p>\n<p>yyyyy<\/p>\n<p>&nbsp;<\/p>\n","protected":false},"excerpt":{"rendered":"<p>POZNAJ ZALETY FOTELIKA SAMOCHODOWEGO MARKI SUMMER BABY MODEL COSMO 9-36 kg.fotelik samochodowy przeznaczony dla dzieci 9-36 kg,w wieku od 9 miesi\u0119cy do oko\u0142o 12 lat,fotelik sk\u0142ada si\u0119 z dw\u00f3ch cz\u0119\u015bci: podstawki z wyprofilowanymi pod\u0142okietnikami oraz oparcia,fotelik dostosowany jest do wszystkich modeli samochod\u00f3w posiadaj\u0105cych uniwersalne 3-punktowe pasy samochodowe,dolna mi\u0119kka podk\u0142adka,os\u0142ony na pasy bezpiecze\u0144stwa,dzi\u0119ki mi\u0119kkiej os\u0142onie zapi\u0119cie [&hellip;]<\/p>\n","protected":false},"featured_media":5874,"comment_status":"closed","ping_status":"open","template":"","meta":[],"product_cat":[32,486],"product_tag":[668,851,835,592],"class_list":["post-5873","product","type-product","status-publish","has-post-thumbnail","hentry","product_cat-foteliki-samochodowe","product_cat-summer-baby","product_tag-atrakcje-dla-dzieci-wroclaw","product_tag-jak-narysowac-kota","product_tag-radosc-dziecka-cytaty","product_tag-zagadki-dla-dzieci"],"_links":{"self":[{"href":"http:\/\/klubmamgdynia.pl\/index.php\/wp-json\/wp\/v2\/product\/5873","targetHints":{"allow":["GET"]}}],"collection":[{"href":"http:\/\/klubmamgdynia.pl\/index.php\/wp-json\/wp\/v2\/product"}],"about":[{"href":"http:\/\/klubmamgdynia.pl\/index.php\/wp-json\/wp\/v2\/types\/product"}],"replies":[{"embeddable":true,"href":"http:\/\/klubmamgdynia.pl\/index.php\/wp-json\/wp\/v2\/comments?post=5873"}],"wp:featuredmedia":[{"embeddable":true,"href":"http:\/\/klubmamgdynia.pl\/index.php\/wp-json\/wp\/v2\/media\/5874"}],"wp:attachment":[{"href":"http:\/\/klubmamgdynia.pl\/index.php\/wp-json\/wp\/v2\/media?parent=5873"}],"wp:term":[{"taxonomy":"product_cat","embeddable":true,"href":"http:\/\/klubmamgdynia.pl\/index.php\/wp-json\/wp\/v2\/product_cat?post=5873"},{"taxonomy":"product_tag","embeddable":true,"href":"http:\/\/klubmamgdynia.pl\/index.php\/wp-json\/wp\/v2\/product_tag?post=5873"}],"curies":[{"name":"wp","href":"https:\/\/api.w.org\/{rel}","templated":true}]}}