{"id":5879,"date":"2025-04-12T21:27:51","date_gmt":"2025-04-12T19:27:51","guid":{"rendered":"http:\/\/klubmamgdynia.pl\/?post_type=product&#038;p=5879"},"modified":"2026-05-17T22:38:39","modified_gmt":"2026-05-17T20:38:39","slug":"djeco-domek-z-tkaniny-francuska-wies","status":"publish","type":"product","link":"http:\/\/klubmamgdynia.pl\/index.php\/produkt\/djeco-domek-z-tkaniny-francuska-wies\/","title":{"rendered":"Djeco Domek Z Tkaniny Francuska Wie\u015b"},"content":{"rendered":"<p>Romantyczny domek w stylu francuskiej wsi b\u0119dzie wspania\u0142ym miejscem zabaw dla dzieci. Mo\u017cesz korzysta\u0107 z domu wewn\u0105trz, ale tak\u017ce latem na zewn\u0105trz w ogrodzie. Dzieci b\u0119d\u0105 bawi\u0107 si\u0119 \u015bwietnie.<\/p>\n<h2>Djeco Domek Z Tkaniny Francuska Wie\u015b Djeco<\/h2>\n<p>imi\u0119 adriana, darmowe kolorowanki do druku, zagadki dla dzieci 6-7 lat online, jeremi, sentencje o dzieciach, pan twardowski na ksi\u0119\u017cycu wiersz, maska kota, kr\u00f3tkie bajki dla dzieci do czytania, prezent na urodziny dla nastolatk\u00f3w, tupu tup po \u015bniegu tekst, imie pola, magiczne drzewo czerwone krzes\u0142o test<\/p>\n<p>yyyyy<\/p>\n<p>&nbsp;<\/p>\n","protected":false},"excerpt":{"rendered":"<p>Romantyczny domek w stylu francuskiej wsi b\u0119dzie wspania\u0142ym miejscem zabaw dla dzieci. Mo\u017cesz korzysta\u0107 z domu wewn\u0105trz, ale tak\u017ce latem na zewn\u0105trz w ogrodzie. Dzieci b\u0119d\u0105 bawi\u0107 si\u0119 \u015bwietnie. Djeco Domek Z Tkaniny Francuska Wie\u015b Djeco imi\u0119 adriana, darmowe kolorowanki do druku, zagadki dla dzieci 6-7 lat online, jeremi, sentencje o dzieciach, pan twardowski na [&hellip;]<\/p>\n","protected":false},"featured_media":5880,"comment_status":"closed","ping_status":"open","template":"","meta":[],"product_cat":[434,282],"product_tag":[583,734,629,757],"class_list":["post-5879","product","type-product","status-publish","has-post-thumbnail","hentry","product_cat-djeco","product_cat-domki-i-namioty-dla-dzieci","product_tag-kolysanki-dla-dzieci-tekst","product_tag-milan-imie","product_tag-smieszne-zagadki-z-odpowiedziami","product_tag-test-z-lektury-ania-z-zielonego-wzgorza-klasa-6-z-odpowiedziami"],"_links":{"self":[{"href":"http:\/\/klubmamgdynia.pl\/index.php\/wp-json\/wp\/v2\/product\/5879","targetHints":{"allow":["GET"]}}],"collection":[{"href":"http:\/\/klubmamgdynia.pl\/index.php\/wp-json\/wp\/v2\/product"}],"about":[{"href":"http:\/\/klubmamgdynia.pl\/index.php\/wp-json\/wp\/v2\/types\/product"}],"replies":[{"embeddable":true,"href":"http:\/\/klubmamgdynia.pl\/index.php\/wp-json\/wp\/v2\/comments?post=5879"}],"wp:featuredmedia":[{"embeddable":true,"href":"http:\/\/klubmamgdynia.pl\/index.php\/wp-json\/wp\/v2\/media\/5880"}],"wp:attachment":[{"href":"http:\/\/klubmamgdynia.pl\/index.php\/wp-json\/wp\/v2\/media?parent=5879"}],"wp:term":[{"taxonomy":"product_cat","embeddable":true,"href":"http:\/\/klubmamgdynia.pl\/index.php\/wp-json\/wp\/v2\/product_cat?post=5879"},{"taxonomy":"product_tag","embeddable":true,"href":"http:\/\/klubmamgdynia.pl\/index.php\/wp-json\/wp\/v2\/product_tag?post=5879"}],"curies":[{"name":"wp","href":"https:\/\/api.w.org\/{rel}","templated":true}]}}