{"id":5881,"date":"2016-05-17T15:53:38","date_gmt":"2016-05-17T13:53:38","guid":{"rendered":"http:\/\/klubmamgdynia.pl\/index.php\/produkt\/frozen-etui-szkolne-z-akcesoriami-niebieski-22-pcs\/"},"modified":"2026-04-05T23:36:06","modified_gmt":"2026-04-05T21:36:06","slug":"frozen-etui-szkolne-z-akcesoriami-niebieski-22-pcs","status":"publish","type":"product","link":"http:\/\/klubmamgdynia.pl\/index.php\/produkt\/frozen-etui-szkolne-z-akcesoriami-niebieski-22-pcs\/","title":{"rendered":"Frozen Etui Szkolne Z Akcesoriami Niebieski (22 Pcs)"},"content":{"rendered":"<p>Dzieci zas\u0142uguj\u0105 na to co najlepsze, dlatego przedstawiamy Ci Etui szkolne z akcesoriami Frozen Niebieski (22 pcs), idealny dla tych, kt\u00f3rzy szukaj\u0105 produkt\u00f3w wysokiej jako\u015bci dla dzieci! Zdob\u0105d\u017a Frozen i inne produkty markowe i licencyjne w najlepszych cenach!Kolor: NiebieskiMateria\u0142: 90 % Poliester100 % PVCLiczba sztuk: 22 Cz\u0119\u015bciZawiera: Temper\u00f3wkaGumka do MazaniaKredki x 12Mazaki x 8Rodzaj zapi\u0119cia: VelcroPrzegr\u00f3dki: Wewn\u0119trzna kiesze\u0144Wymiary ok.: 8 x 20 x 8 cm&#8230;<\/p>\n<h2>Frozen Etui Szkolne Z Akcesoriami Niebieski (22 Pcs) Frozen<\/h2>\n<p>20 pytania do lektury ma\u0142y ksi\u0105\u017c\u0119, imiona dla ch\u0142opc\u00f3w, prezenty urodzinowe dla nastolatk\u00f3w, kolorowanka dla dzieci, test wiedzy z lektury przygody tomka sawyera z odpowiedziami, \u015bwinka peppa do czytania, wielkanocne zagadki dla dzieci, bajka o biedronce, z\u0142ote my\u015bli kubu\u015b puchatek cytaty, kolorowanki antystresowe do druku, mandala kolorowanka, m\u0105dre cytaty dla dzieci, prezent dla trzynastolatki, kolorowanka flamingi, praktyczny prezent dla rocznego dziecka, gdzie strumyk p\u0142ynie z wolna tekst, prezent pod choink\u0119 dla 7 letniej dziewczynki, z\u0142ote my\u015bli kr\u00f3tkie, znajd\u017a r\u00f3\u017cnice, gry ruchowe dla dzieci, ch\u0142opcy z placu broni &#8211; test<\/p>\n<p>yyyyy<\/p>\n<p>&nbsp;<\/p>\n","protected":false},"excerpt":{"rendered":"<p>Dzieci zas\u0142uguj\u0105 na to co najlepsze, dlatego przedstawiamy Ci Etui szkolne z akcesoriami Frozen Niebieski (22 pcs), idealny dla tych, kt\u00f3rzy szukaj\u0105 produkt\u00f3w wysokiej jako\u015bci dla dzieci! Zdob\u0105d\u017a Frozen i inne produkty markowe i licencyjne w najlepszych cenach!Kolor: NiebieskiMateria\u0142: 90 % Poliester100 % PVCLiczba sztuk: 22 Cz\u0119\u015bciZawiera: Temper\u00f3wkaGumka do MazaniaKredki x 12Mazaki x 8Rodzaj zapi\u0119cia: [&hellip;]<\/p>\n","protected":false},"featured_media":5882,"comment_status":"closed","ping_status":"open","template":"","meta":[],"product_cat":[1398,297],"product_tag":[864,585,615],"class_list":["post-5881","product","type-product","status-publish","has-post-thumbnail","hentry","product_cat-frozen","product_cat-szkolne-artykuly-plastyczne","product_tag-basen-warszawa","product_tag-kolorowanki-dla-chlopcow","product_tag-znane-misie-z-filmow-animowanych"],"_links":{"self":[{"href":"http:\/\/klubmamgdynia.pl\/index.php\/wp-json\/wp\/v2\/product\/5881","targetHints":{"allow":["GET"]}}],"collection":[{"href":"http:\/\/klubmamgdynia.pl\/index.php\/wp-json\/wp\/v2\/product"}],"about":[{"href":"http:\/\/klubmamgdynia.pl\/index.php\/wp-json\/wp\/v2\/types\/product"}],"replies":[{"embeddable":true,"href":"http:\/\/klubmamgdynia.pl\/index.php\/wp-json\/wp\/v2\/comments?post=5881"}],"wp:featuredmedia":[{"embeddable":true,"href":"http:\/\/klubmamgdynia.pl\/index.php\/wp-json\/wp\/v2\/media\/5882"}],"wp:attachment":[{"href":"http:\/\/klubmamgdynia.pl\/index.php\/wp-json\/wp\/v2\/media?parent=5881"}],"wp:term":[{"taxonomy":"product_cat","embeddable":true,"href":"http:\/\/klubmamgdynia.pl\/index.php\/wp-json\/wp\/v2\/product_cat?post=5881"},{"taxonomy":"product_tag","embeddable":true,"href":"http:\/\/klubmamgdynia.pl\/index.php\/wp-json\/wp\/v2\/product_tag?post=5881"}],"curies":[{"name":"wp","href":"https:\/\/api.w.org\/{rel}","templated":true}]}}