{"id":5883,"date":"2016-02-15T11:18:28","date_gmt":"2016-02-15T10:18:28","guid":{"rendered":"http:\/\/klubmamgdynia.pl\/index.php\/produkt\/gra-planszowa-moses-verlag-gmbh-fischers-fritz-wersja-niemiecka\/"},"modified":"2026-04-29T14:23:02","modified_gmt":"2026-04-29T12:23:02","slug":"gra-planszowa-moses-verlag-gmbh-fischers-fritz-wersja-niemiecka","status":"publish","type":"product","link":"http:\/\/klubmamgdynia.pl\/index.php\/produkt\/gra-planszowa-moses-verlag-gmbh-fischers-fritz-wersja-niemiecka\/","title":{"rendered":"Gra planszowa Moses. Verlag Gmbh Fischers Fritz (wersja niemiecka)"},"content":{"rendered":"<p>Zungenbrecher sind eine echte Herausforderung &#8211; und f\u00fcr die Zuh\u00f6rer ziemlich lustig. Je schneller man diese S\u00e4tze spricht, umso gr\u00f6\u00dfer ist die Wahrscheinlichkeit, dass man sich verhaspelt.<\/p>\n<h2>Gra planszowa Moses. Verlag Gmbh Fischers Fritz (wersja niemiecka) <\/h2>\n<p>rysunek kota, babciu droga babciu tekst, mitologia grecka test wiedzy, adriana znaczenie imienia, quiz konie, bajki dla dzieci od 7 do 10 lat, zabawy ruchowe dla dzieci w wieku szkolnym, test opowie\u015b\u0107 wigilijna, kolorowanki dla dziewczynek 10 lat, list do gwiazdora, tajemniczy ogr\u00f3d test z odpowiedziami, akademia pana kleksa &#8211; test z odpowiedziami do druku, kolorowanka ninjago, cicha noc po angielsku, gad\u017cety dla nastolatka, z\u0142ote my\u015bli kubu\u015b puchatek cytaty, bajka terapeutyczna o emocjach, pan twardowski na ksi\u0119\u017cycu wiersz, zagadki dla nastolatk\u00f3w, proste dekoracje \u015bwi\u0105teczne dla dzieci, gwiazdka do druku<\/p>\n<p>yyyyy<\/p>\n<p>&nbsp;<\/p>\n","protected":false},"excerpt":{"rendered":"<p>Zungenbrecher sind eine echte Herausforderung &#8211; und f\u00fcr die Zuh\u00f6rer ziemlich lustig. Je schneller man diese S\u00e4tze spricht, umso gr\u00f6\u00dfer ist die Wahrscheinlichkeit, dass man sich verhaspelt. Gra planszowa Moses. Verlag Gmbh Fischers Fritz (wersja niemiecka) rysunek kota, babciu droga babciu tekst, mitologia grecka test wiedzy, adriana znaczenie imienia, quiz konie, bajki dla dzieci od [&hellip;]<\/p>\n","protected":false},"featured_media":5884,"comment_status":"closed","ping_status":"open","template":"","meta":[],"product_cat":[235],"product_tag":[761,657,759,771,793],"class_list":["post-5883","product","type-product","status-publish","has-post-thumbnail","hentry","product_cat-gry-planszowe","product_tag-choinko-piekna-jak-las-tekst","product_tag-lol-kolorowanka","product_tag-pomysly-na-prezent-dla-nastolatkow","product_tag-stolice-europy-quiz","product_tag-zagadki-smieszne-podchwytliwe"],"_links":{"self":[{"href":"http:\/\/klubmamgdynia.pl\/index.php\/wp-json\/wp\/v2\/product\/5883","targetHints":{"allow":["GET"]}}],"collection":[{"href":"http:\/\/klubmamgdynia.pl\/index.php\/wp-json\/wp\/v2\/product"}],"about":[{"href":"http:\/\/klubmamgdynia.pl\/index.php\/wp-json\/wp\/v2\/types\/product"}],"replies":[{"embeddable":true,"href":"http:\/\/klubmamgdynia.pl\/index.php\/wp-json\/wp\/v2\/comments?post=5883"}],"wp:featuredmedia":[{"embeddable":true,"href":"http:\/\/klubmamgdynia.pl\/index.php\/wp-json\/wp\/v2\/media\/5884"}],"wp:attachment":[{"href":"http:\/\/klubmamgdynia.pl\/index.php\/wp-json\/wp\/v2\/media?parent=5883"}],"wp:term":[{"taxonomy":"product_cat","embeddable":true,"href":"http:\/\/klubmamgdynia.pl\/index.php\/wp-json\/wp\/v2\/product_cat?post=5883"},{"taxonomy":"product_tag","embeddable":true,"href":"http:\/\/klubmamgdynia.pl\/index.php\/wp-json\/wp\/v2\/product_tag?post=5883"}],"curies":[{"name":"wp","href":"https:\/\/api.w.org\/{rel}","templated":true}]}}