{"id":5921,"date":"2017-09-07T01:26:45","date_gmt":"2017-09-06T23:26:45","guid":{"rendered":"http:\/\/klubmamgdynia.pl\/index.php\/produkt\/pastello-bibula-marszczona-classic-10-kolorow\/"},"modified":"2026-04-05T00:08:13","modified_gmt":"2026-04-04T22:08:13","slug":"pastello-bibula-marszczona-classic-10-kolorow","status":"publish","type":"product","link":"http:\/\/klubmamgdynia.pl\/index.php\/produkt\/pastello-bibula-marszczona-classic-10-kolorow\/","title":{"rendered":"Pastello Bibu\u0142a Marszczona Classic 10 Kolor\u00f3w"},"content":{"rendered":"<p>Bibu\u0142a marszczona Classic 10 kolor\u00f3w 50&#215;200 cm PastelloNumer katalogowy: 744070Dane produktu:Bibu\u0142a marszczona w10 kolorach.Idealna bibu\u0142a do prac plastycznych lub pakowania prezent\u00f3w.Doskona\u0142a dla najm\u0142odszych &#8211; nie zawiera niebezpiecznych substancji.Sprawdzi si\u0119 w szkole, jak r\u00f3wnie\u017c przy wszelkich pracach kreatywnych i dekoracji.Wymiary: 50&#215;200 cm.EAN: 5903111839598Symbol: 5478Ilo\u015b\u0107 kolor\u00f3w: 10Producent: Pastello<\/p>\n<h2>Pastello Bibu\u0142a Marszczona Classic 10 Kolor\u00f3w <\/h2>\n<p>\u017carty prima aprilis, test z lektury kajko i kokosz szko\u0142a latania, malgorzata znaczenie imienia, piosenka przyjed\u017a do nas miko\u0142aju, sandra imie, trudne zagadki dla dzieci, cytaty o rodzinie, szablon krokus kolorowanka, kr\u00f3tkie bajki do czytania na dobranoc<\/p>\n<p>yyyyy<\/p>\n<p>&nbsp;<\/p>\n","protected":false},"excerpt":{"rendered":"<p>Bibu\u0142a marszczona Classic 10 kolor\u00f3w 50&#215;200 cm PastelloNumer katalogowy: 744070Dane produktu:Bibu\u0142a marszczona w10 kolorach.Idealna bibu\u0142a do prac plastycznych lub pakowania prezent\u00f3w.Doskona\u0142a dla najm\u0142odszych &#8211; nie zawiera niebezpiecznych substancji.Sprawdzi si\u0119 w szkole, jak r\u00f3wnie\u017c przy wszelkich pracach kreatywnych i dekoracji.Wymiary: 50&#215;200 cm.EAN: 5903111839598Symbol: 5478Ilo\u015b\u0107 kolor\u00f3w: 10Producent: Pastello Pastello Bibu\u0142a Marszczona Classic 10 Kolor\u00f3w \u017carty prima aprilis, [&hellip;]<\/p>\n","protected":false},"featured_media":5922,"comment_status":"closed","ping_status":"open","template":"","meta":[],"product_cat":[325],"product_tag":[598,854,786,769,737],"class_list":["post-5921","product","type-product","status-publish","has-post-thumbnail","hentry","product_cat-szkolne-artykuly-papiernicze","product_tag-co-na-roczek-dla-dziewczynki","product_tag-cytaty-rodzina","product_tag-prezent-na-1-urodziny","product_tag-psi-patrol-do-czytania","product_tag-test-z-lektury-felix-net-i-nika-oraz-gang-niewidzialnych-ludzi"],"_links":{"self":[{"href":"http:\/\/klubmamgdynia.pl\/index.php\/wp-json\/wp\/v2\/product\/5921","targetHints":{"allow":["GET"]}}],"collection":[{"href":"http:\/\/klubmamgdynia.pl\/index.php\/wp-json\/wp\/v2\/product"}],"about":[{"href":"http:\/\/klubmamgdynia.pl\/index.php\/wp-json\/wp\/v2\/types\/product"}],"replies":[{"embeddable":true,"href":"http:\/\/klubmamgdynia.pl\/index.php\/wp-json\/wp\/v2\/comments?post=5921"}],"wp:featuredmedia":[{"embeddable":true,"href":"http:\/\/klubmamgdynia.pl\/index.php\/wp-json\/wp\/v2\/media\/5922"}],"wp:attachment":[{"href":"http:\/\/klubmamgdynia.pl\/index.php\/wp-json\/wp\/v2\/media?parent=5921"}],"wp:term":[{"taxonomy":"product_cat","embeddable":true,"href":"http:\/\/klubmamgdynia.pl\/index.php\/wp-json\/wp\/v2\/product_cat?post=5921"},{"taxonomy":"product_tag","embeddable":true,"href":"http:\/\/klubmamgdynia.pl\/index.php\/wp-json\/wp\/v2\/product_tag?post=5921"}],"curies":[{"name":"wp","href":"https:\/\/api.w.org\/{rel}","templated":true}]}}