{"id":593,"date":"2013-10-12T01:18:45","date_gmt":"2013-10-11T23:18:45","guid":{"rendered":"http:\/\/klubmamgdynia.pl\/index.php\/produkt\/jawa-biblia-slowo-blisko-ciebie\/"},"modified":"2026-05-17T21:41:05","modified_gmt":"2026-05-17T19:41:05","slug":"jawa-biblia-slowo-blisko-ciebie","status":"publish","type":"product","link":"http:\/\/klubmamgdynia.pl\/index.php\/produkt\/jawa-biblia-slowo-blisko-ciebie\/","title":{"rendered":"Jawa Biblia, S\u0142owo Blisko Ciebie"},"content":{"rendered":"<p>Gra Biblia, S\u0142owo Blisko Ciebie Nie wszyscy wiedz\u0105, \u017ce Biblia jest najpopularniejsz\u0105 ksi\u0105\u017ck\u0105 wszech czas\u00f3w. Jest bestsellerem ka\u017cdego roku. Najstarsze ksi\u0119gi powsta\u0142y ponad 3 tysi\u0105ce lat temu. Gra pla<\/p>\n<h2>Jawa Biblia, S\u0142owo Blisko Ciebie Jawa<\/h2>\n<p>podchwytliwe zagadki i odpowiedzi, linda, znaczenie imiona alan, pomys\u0142y na prezent dla nastolatk\u00f3w, prezent dla rocznego dziecka, opowiadanie o jesieni dla dzieci, bajki dla dzieci czytane, wiersze \u0142ama\u0144ce j\u0119zykowe dla dzieci<\/p>\n<p>yyyyy<\/p>\n<p>&nbsp;<\/p>\n","protected":false},"excerpt":{"rendered":"<p>Gra Biblia, S\u0142owo Blisko Ciebie Nie wszyscy wiedz\u0105, \u017ce Biblia jest najpopularniejsz\u0105 ksi\u0105\u017ck\u0105 wszech czas\u00f3w. Jest bestsellerem ka\u017cdego roku. Najstarsze ksi\u0119gi powsta\u0142y ponad 3 tysi\u0105ce lat temu. Gra pla Jawa Biblia, S\u0142owo Blisko Ciebie Jawa podchwytliwe zagadki i odpowiedzi, linda, znaczenie imiona alan, pomys\u0142y na prezent dla nastolatk\u00f3w, prezent dla rocznego dziecka, opowiadanie o jesieni [&hellip;]<\/p>\n","protected":false},"featured_media":594,"comment_status":"closed","ping_status":"open","template":"","meta":[],"product_cat":[130,228],"product_tag":[871,648,753,595],"class_list":["post-593","product","type-product","status-publish","has-post-thumbnail","hentry","product_cat-gry-dzieciece","product_cat-jawa","product_tag-bajka-o-smoku-wawelskim","product_tag-dobrej-nocy-i-sza","product_tag-kamila","product_tag-zagadki-dla-6-latka"],"_links":{"self":[{"href":"http:\/\/klubmamgdynia.pl\/index.php\/wp-json\/wp\/v2\/product\/593","targetHints":{"allow":["GET"]}}],"collection":[{"href":"http:\/\/klubmamgdynia.pl\/index.php\/wp-json\/wp\/v2\/product"}],"about":[{"href":"http:\/\/klubmamgdynia.pl\/index.php\/wp-json\/wp\/v2\/types\/product"}],"replies":[{"embeddable":true,"href":"http:\/\/klubmamgdynia.pl\/index.php\/wp-json\/wp\/v2\/comments?post=593"}],"wp:featuredmedia":[{"embeddable":true,"href":"http:\/\/klubmamgdynia.pl\/index.php\/wp-json\/wp\/v2\/media\/594"}],"wp:attachment":[{"href":"http:\/\/klubmamgdynia.pl\/index.php\/wp-json\/wp\/v2\/media?parent=593"}],"wp:term":[{"taxonomy":"product_cat","embeddable":true,"href":"http:\/\/klubmamgdynia.pl\/index.php\/wp-json\/wp\/v2\/product_cat?post=593"},{"taxonomy":"product_tag","embeddable":true,"href":"http:\/\/klubmamgdynia.pl\/index.php\/wp-json\/wp\/v2\/product_tag?post=593"}],"curies":[{"name":"wp","href":"https:\/\/api.w.org\/{rel}","templated":true}]}}