{"id":5931,"date":"2022-07-05T03:55:17","date_gmt":"2022-07-05T01:55:17","guid":{"rendered":"http:\/\/klubmamgdynia.pl\/index.php\/produkt\/djeco-drewniana-nawlekanka-pojazdy\/"},"modified":"2026-04-06T06:24:37","modified_gmt":"2026-04-06T04:24:37","slug":"djeco-drewniana-nawlekanka-pojazdy","status":"publish","type":"product","link":"http:\/\/klubmamgdynia.pl\/index.php\/produkt\/djeco-drewniana-nawlekanka-pojazdy\/","title":{"rendered":"Djeco Drewniana Nawlekanka Pojazdy"},"content":{"rendered":"<p>IDEALNY POMYS\u0141 NA PREZENT!\u0141adne, \u017cywe kolory zach\u0119caj\u0105 do zabawy.Bawi\u0105c si\u0119 dziecko \u0107wiczy motoryk\u0119 paluszk\u00f3w i precyzj\u0119.Wielogodzinna zabawa gwarantowana!Kolorowe, drewniane klocki to wspania\u0142a zabawkarozwijaj\u0105ca koncentracj\u0119, cierpliwo\u015b\u0107 oraz sprawno\u015b\u0107 manualn\u0105.Podczas zabawy dziecko rozwija zmys\u0142 wzroku, s\u0142uchu, dotyku i r\u00f3wnowagi.Dziecko nawlekaj\u0105c klocki na sznureczek uczy si\u0119 r\u00f3wnie\u017c rozpoznawa\u0107 zwierz\u0105tka.ZESTAW ZAWIERA:- 16 element\u00f3w do nawlekania oraz 2 sznurki.WYMIARY OPAKOWANIA: 28 x 12 x 3 cmWYMIARY SAMOLOTU: ok. 3,5 x 3,5 cmWIEK: od 2 latZabawka jest nowa, zapakowana w kolorowy kartonik.<\/p>\n<h2>Djeco Drewniana Nawlekanka Pojazdy Djeco<\/h2>\n<p>test szatan z si\u00f3dmej klasy, \u0142amig\u0142\u00f3wki dla dzieci do wydruku, test z lektury asiunia, psi patrol zadania do druku, wierszyki na lany poniedzia\u0142ek, asiunia &#8211; test z lektury pdf<\/p>\n<p>yyyyy<\/p>\n<p>&nbsp;<\/p>\n","protected":false},"excerpt":{"rendered":"<p>IDEALNY POMYS\u0141 NA PREZENT!\u0141adne, \u017cywe kolory zach\u0119caj\u0105 do zabawy.Bawi\u0105c si\u0119 dziecko \u0107wiczy motoryk\u0119 paluszk\u00f3w i precyzj\u0119.Wielogodzinna zabawa gwarantowana!Kolorowe, drewniane klocki to wspania\u0142a zabawkarozwijaj\u0105ca koncentracj\u0119, cierpliwo\u015b\u0107 oraz sprawno\u015b\u0107 manualn\u0105.Podczas zabawy dziecko rozwija zmys\u0142 wzroku, s\u0142uchu, dotyku i r\u00f3wnowagi.Dziecko nawlekaj\u0105c klocki na sznureczek uczy si\u0119 r\u00f3wnie\u017c rozpoznawa\u0107 zwierz\u0105tka.ZESTAW ZAWIERA:- 16 element\u00f3w do nawlekania oraz 2 sznurki.WYMIARY OPAKOWANIA: [&hellip;]<\/p>\n","protected":false},"featured_media":5932,"comment_status":"closed","ping_status":"open","template":"","meta":[],"product_cat":[434,537],"product_tag":[740,750,624,846],"class_list":["post-5931","product","type-product","status-publish","has-post-thumbnail","hentry","product_cat-djeco","product_cat-pozostale-zabawki-edukacyjne","product_tag-fajne-prezenty-dla-nastolatkow","product_tag-imie-kostek","product_tag-krotkie-zagadki","product_tag-rysowanki"],"_links":{"self":[{"href":"http:\/\/klubmamgdynia.pl\/index.php\/wp-json\/wp\/v2\/product\/5931","targetHints":{"allow":["GET"]}}],"collection":[{"href":"http:\/\/klubmamgdynia.pl\/index.php\/wp-json\/wp\/v2\/product"}],"about":[{"href":"http:\/\/klubmamgdynia.pl\/index.php\/wp-json\/wp\/v2\/types\/product"}],"replies":[{"embeddable":true,"href":"http:\/\/klubmamgdynia.pl\/index.php\/wp-json\/wp\/v2\/comments?post=5931"}],"wp:featuredmedia":[{"embeddable":true,"href":"http:\/\/klubmamgdynia.pl\/index.php\/wp-json\/wp\/v2\/media\/5932"}],"wp:attachment":[{"href":"http:\/\/klubmamgdynia.pl\/index.php\/wp-json\/wp\/v2\/media?parent=5931"}],"wp:term":[{"taxonomy":"product_cat","embeddable":true,"href":"http:\/\/klubmamgdynia.pl\/index.php\/wp-json\/wp\/v2\/product_cat?post=5931"},{"taxonomy":"product_tag","embeddable":true,"href":"http:\/\/klubmamgdynia.pl\/index.php\/wp-json\/wp\/v2\/product_tag?post=5931"}],"curies":[{"name":"wp","href":"https:\/\/api.w.org\/{rel}","templated":true}]}}