{"id":5947,"date":"2020-03-22T19:46:45","date_gmt":"2020-03-22T18:46:45","guid":{"rendered":"http:\/\/klubmamgdynia.pl\/index.php\/produkt\/midex-tort-urodziny-swieczki-funkcja-nagrywania-dzwiek-zabawka\/"},"modified":"2026-04-07T11:36:28","modified_gmt":"2026-04-07T09:36:28","slug":"midex-tort-urodziny-swieczki-funkcja-nagrywania-dzwiek-zabawka","status":"publish","type":"product","link":"http:\/\/klubmamgdynia.pl\/index.php\/produkt\/midex-tort-urodziny-swieczki-funkcja-nagrywania-dzwiek-zabawka\/","title":{"rendered":"Midex Tort Urodziny \u015awieczki Funkcja Nagrywania D\u017awi\u0119k &#8211; Zabawka"},"content":{"rendered":"<p>ZABAWKA Z FUNKCJ\u0104 NAGRYWANIA TORT URODZINOWYTort urodzinowy dla wszystkich ma\u0142ych solenizant\u00f3w!Zestaw jest w pe\u0142ni interaktywny &#8211; \u015bwieczka \u015bwieci, a po dmuchni\u0119ciu w ni\u0105 ga\u015bnie i emituje efekty d\u017awi\u0119kowe.Zabawka wyposa\u017cona jest r\u00f3wnie\u017c w g\u0142o\u015bnik &#8211; wystarczy wcisn\u0105\u0107 przycisk i nagra\u0107 wiadomo\u015b\u0107, a rozbrzmi ona z g\u0142o\u015bnik\u00f3w.W tym zestawie dzieci znajd\u0105 wszystko co potrzebne do wspania\u0142ej zabawy.Zestaw wykonany z wysokiej jako\u015bci materia\u0142\u00f3w.W zestawie r\u00f3wnie\u017c dodatkowe akcesoria do zabawy.Baterie: 3x AA (brak w zestawie).Wymiary opakowania: 22 x 15 x 23cm.<\/p>\n<h2>Midex Tort Urodziny \u015awieczki Funkcja Nagrywania D\u017awi\u0119k &#8211; Zabawka Midex<\/h2>\n<p>prezenty dla nastolatka, czasdzieci krak\u00f3w, quiz o flagach europy, zagadki dla dzieci 10-12 lat, dzie\u0144 matki w\u0142asnor\u0119czny prezent dla mamy od dziecka, bajki dla niemowl\u0105t, asiunia test, podchwytliwe zagadki i odpowiedzi, kolorowanka spiderman, co kupi\u0107 dziecku na roczek, cytaty korczak, miasto dzieci krak\u00f3w, 1 listopada dzie\u0144 wszystkich \u015bwi\u0119tych kolorowanki, test asiunia joanna papuzi\u0144ska, kuba imie, najlepsze zagadki, labirynt psi patrol, przeczytaj mi wiersz<\/p>\n<p>yyyyy<\/p>\n<p>&nbsp;<\/p>\n","protected":false},"excerpt":{"rendered":"<p>ZABAWKA Z FUNKCJ\u0104 NAGRYWANIA TORT URODZINOWYTort urodzinowy dla wszystkich ma\u0142ych solenizant\u00f3w!Zestaw jest w pe\u0142ni interaktywny &#8211; \u015bwieczka \u015bwieci, a po dmuchni\u0119ciu w ni\u0105 ga\u015bnie i emituje efekty d\u017awi\u0119kowe.Zabawka wyposa\u017cona jest r\u00f3wnie\u017c w g\u0142o\u015bnik &#8211; wystarczy wcisn\u0105\u0107 przycisk i nagra\u0107 wiadomo\u015b\u0107, a rozbrzmi ona z g\u0142o\u015bnik\u00f3w.W tym zestawie dzieci znajd\u0105 wszystko co potrzebne do wspania\u0142ej zabawy.Zestaw [&hellip;]<\/p>\n","protected":false},"featured_media":5948,"comment_status":"closed","ping_status":"open","template":"","meta":[],"product_cat":[53,1091],"product_tag":[834,841,693],"class_list":["post-5947","product","type-product","status-publish","has-post-thumbnail","hentry","product_cat-kaciki-zabaw","product_cat-midex","product_tag-bajka-do-czytania-na-dobranoc","product_tag-quiz-o-flagach","product_tag-zagadki-dla-doroslych"],"_links":{"self":[{"href":"http:\/\/klubmamgdynia.pl\/index.php\/wp-json\/wp\/v2\/product\/5947","targetHints":{"allow":["GET"]}}],"collection":[{"href":"http:\/\/klubmamgdynia.pl\/index.php\/wp-json\/wp\/v2\/product"}],"about":[{"href":"http:\/\/klubmamgdynia.pl\/index.php\/wp-json\/wp\/v2\/types\/product"}],"replies":[{"embeddable":true,"href":"http:\/\/klubmamgdynia.pl\/index.php\/wp-json\/wp\/v2\/comments?post=5947"}],"wp:featuredmedia":[{"embeddable":true,"href":"http:\/\/klubmamgdynia.pl\/index.php\/wp-json\/wp\/v2\/media\/5948"}],"wp:attachment":[{"href":"http:\/\/klubmamgdynia.pl\/index.php\/wp-json\/wp\/v2\/media?parent=5947"}],"wp:term":[{"taxonomy":"product_cat","embeddable":true,"href":"http:\/\/klubmamgdynia.pl\/index.php\/wp-json\/wp\/v2\/product_cat?post=5947"},{"taxonomy":"product_tag","embeddable":true,"href":"http:\/\/klubmamgdynia.pl\/index.php\/wp-json\/wp\/v2\/product_tag?post=5947"}],"curies":[{"name":"wp","href":"https:\/\/api.w.org\/{rel}","templated":true}]}}