{"id":5949,"date":"2020-02-19T01:09:50","date_gmt":"2020-02-19T00:09:50","guid":{"rendered":"http:\/\/klubmamgdynia.pl\/index.php\/produkt\/schemat-pedzelki-op-72szt-rozmiary-1-6\/"},"modified":"2026-04-05T04:33:18","modified_gmt":"2026-04-05T02:33:18","slug":"schemat-pedzelki-op-72szt-rozmiary-1-6","status":"publish","type":"product","link":"http:\/\/klubmamgdynia.pl\/index.php\/produkt\/schemat-pedzelki-op-72szt-rozmiary-1-6\/","title":{"rendered":"Schemat P\u0119dzelki Op. 72Szt. Rozmiary 1-6"},"content":{"rendered":"<p>&#8211; do farb akwarelowych i plakatowych- rozmiar 1-6<\/p>\n<h2>Schemat P\u0119dzelki Op. 72Szt. Rozmiary 1-6 Schemat<\/h2>\n<p>dzie\u0144 pluszowego misia, kolorowanka wakacje, prezent na pierwsze urodziny, imi\u0119 mia, cytaty dla mamy od c\u00f3rki, prezent dla roczniaka, gwiazdka do druku, cytaty o dzieciach i rodzicach, fabian, zagadki logiczne trudne, ferie zimowe 2022 warszawa, miriam imi\u0119, kolorowanka konie, ju\u017c blisko kol\u0119da tekst<\/p>\n<p>yyyyy<\/p>\n<p>&nbsp;<\/p>\n","protected":false},"excerpt":{"rendered":"<p>&#8211; do farb akwarelowych i plakatowych- rozmiar 1-6 Schemat P\u0119dzelki Op. 72Szt. Rozmiary 1-6 Schemat dzie\u0144 pluszowego misia, kolorowanka wakacje, prezent na pierwsze urodziny, imi\u0119 mia, cytaty dla mamy od c\u00f3rki, prezent dla roczniaka, gwiazdka do druku, cytaty o dzieciach i rodzicach, fabian, zagadki logiczne trudne, ferie zimowe 2022 warszawa, miriam imi\u0119, kolorowanka konie, ju\u017c [&hellip;]<\/p>\n","protected":false},"featured_media":5950,"comment_status":"closed","ping_status":"open","template":"","meta":[],"product_cat":[1405,297],"product_tag":[833,775,609,824,701],"class_list":["post-5949","product","type-product","status-publish","has-post-thumbnail","hentry","product_cat-schemat","product_cat-szkolne-artykuly-plastyczne","product_tag-bajki-dla-dzieci-do-czytania","product_tag-kolorowanki-do-druku-pokemon","product_tag-quiz-flagi-europy","product_tag-warszawa-atrakcje-dla-dzieci","product_tag-zgadywanki-dla-dzieci"],"_links":{"self":[{"href":"http:\/\/klubmamgdynia.pl\/index.php\/wp-json\/wp\/v2\/product\/5949","targetHints":{"allow":["GET"]}}],"collection":[{"href":"http:\/\/klubmamgdynia.pl\/index.php\/wp-json\/wp\/v2\/product"}],"about":[{"href":"http:\/\/klubmamgdynia.pl\/index.php\/wp-json\/wp\/v2\/types\/product"}],"replies":[{"embeddable":true,"href":"http:\/\/klubmamgdynia.pl\/index.php\/wp-json\/wp\/v2\/comments?post=5949"}],"wp:featuredmedia":[{"embeddable":true,"href":"http:\/\/klubmamgdynia.pl\/index.php\/wp-json\/wp\/v2\/media\/5950"}],"wp:attachment":[{"href":"http:\/\/klubmamgdynia.pl\/index.php\/wp-json\/wp\/v2\/media?parent=5949"}],"wp:term":[{"taxonomy":"product_cat","embeddable":true,"href":"http:\/\/klubmamgdynia.pl\/index.php\/wp-json\/wp\/v2\/product_cat?post=5949"},{"taxonomy":"product_tag","embeddable":true,"href":"http:\/\/klubmamgdynia.pl\/index.php\/wp-json\/wp\/v2\/product_tag?post=5949"}],"curies":[{"name":"wp","href":"https:\/\/api.w.org\/{rel}","templated":true}]}}