{"id":595,"date":"2019-07-26T19:18:09","date_gmt":"2019-07-26T17:18:09","guid":{"rendered":"http:\/\/klubmamgdynia.pl\/index.php\/produkt\/egmont-pedzace-slimaki\/"},"modified":"2026-04-30T21:24:08","modified_gmt":"2026-04-30T19:24:08","slug":"egmont-pedzace-slimaki","status":"publish","type":"product","link":"http:\/\/klubmamgdynia.pl\/index.php\/produkt\/egmont-pedzace-slimaki\/","title":{"rendered":"Egmont P\u0119dz\u0105ce \u015blimaki"},"content":{"rendered":"<p>\u201eP\u0119dz\u0105ce \u015blimaki\u201d to trzecia gra z przebojowej \u201ep\u0119dz\u0105cej serii\u201d.Po \u017c\u00f3\u0142wiach i je\u017cach przyszed\u0142 czas na \u015blimaki \u2013 tym razem do wy\u015bcigu zosta\u0142o zaproszonych pi\u0119\u0107 mi\u0119czak\u00f3w, kt\u00f3re na jednej nodze b\u0119d\u0105 p\u0119dzi\u0107 na drodze do mety, sprawiaj\u0105c przy tym sporo rado\u015bci graj\u0105cym.Gracze rzucaj\u0105 kolorowymi kostkami i przemieszczaj\u0105 \u015blimaki na planszy. Po drodze staraj\u0105 si\u0119 spycha\u0107 przeciwnik\u00f3w i zdoby\u0107 jak najwi\u0119cej pysznych grzyb\u00f3w. Do samego ko\u0144ca nie wiadomo, kt\u00f3rymi \u015blimakami graj\u0105 przeciwnicy, co gwarantuje wielkie emocje.Ten wy\u015bcig na jednej nodze to dobry spos\u00f3b na sp\u0119dzanie wolnego czasu z dzie\u0107mi. \u015awietn\u0105 zabaw\u0119 gwarantuj\u0105 zar\u00f3wno kolorowe elementy, jak i przebieg gry pe\u0142en niespodzianeki zaskakuj\u0105cych zwrot\u00f3w akcji.Liczba graczy: 2\u20135Wiek graczy: 6\u2013106Autor gry: Reiner KniziaIlustracje: Rolf VogtOpinie graczy:\u201eTo gra dla du\u017cych i ma\u0142ych, bardzo dobra na wsp\u00f3lne rozgrywki, odpowiednia ju\u017c dla dzieci od 6 lat. Dla osoby, kt\u00f3ra przegrywa\u0107 uczy\u0142a si\u0119 na \u201eGrzybobraniu\u201d, \u201eP\u0119dz\u0105ce \u015blimaki\u201d b\u0119d\u0105 ciekawsz\u0105 opcj\u0105 edukacji dzieci w tym zakresie. Nie oznacza to, \u017ce aby ubawi\u0107 si\u0119 przy \u015blimakach, musimy zaanga\u017cowa\u0107 do gry m\u0142odszych cz\u0142onk\u00f3w rodziny. Doro\u015bli gracze b\u0119d\u0105 mogli podczas tego kwadransa czy dw\u00f3ch sprawdzi\u0107, czy potrafi\u0105 kombinowa\u0107 i zachowa\u0107 \u201epoker face\u201d, rozgrzewaj\u0105c si\u0119 jednocze\u015bnie przed bardziej z\u0142o\u017conymi grami.\u201dPrzystanekplanszowka.pl\u201eP\u0119dz\u0105ce \u015blimaki nie s\u0105 tylko prost\u0105 gr\u0105 dla dzieci. Mamy tu kilka naprawd\u0119 sprytnych i przemy\u015blanych mechanizm\u00f3w. Oczywi\u015bcie, dla dzieci b\u0119dzie to r\u00f3wnie\u017c \u015bwietna zabawa. Kostki, du\u017ce drewniane i wytrzyma\u0142e elementy, element wy\u015bcigu\u2026 Zgodnie z pude\u0142kiem, ju\u017c 6-latki dadz\u0105 sobie spokojnie rad\u0119. Wiadomo, nie wszystkie mechanizmy b\u0119d\u0105 dla nich od razu jasne, ale z czasem\u2026 No w\u0142a\u015bnie, \u015alimaki z czasem poznaje si\u0119 lepiej. Przepychanki, wykorzystywanie grzybk\u00f3w\u2026 Nie jest to oczywi\u015bcie zbyt z\u0142o\u017cona strategia, ale wa\u017cne, \u017ce gra ma kilka wymiar\u00f3w. Nie tylko bowiem liczy si\u0119, kto pierwszy\u2026 Z czystym sercem polecam gr\u0119 nie tylko dzieciom i rodzinom. P\u0119dz\u0105ce \u017c\u00f3\u0142wie dawa\u0142y poczucie, \u017ce to od pocz\u0105tku do ko\u0144ca gra dla dzieci. Tu w\u0142a\u015bciwie od pocz\u0105tku czujemy, \u017ce ka\u017cdy ruch mo\u017ce by\u0107 wa\u017cny, \u017ce tu jest troch\u0119 wi\u0119cej kombinowania.\u201dBoardtime.pl<\/p>\n<h2>Egmont P\u0119dz\u0105ce \u015blimaki EGMONT<\/h2>\n<p>zemsta quizy, kolorowanka kotka, dla nastolatk\u00f3w prezenty, obrazki do druku, atrakcje dla dzieci krak\u00f3w, plan lekcji do druku, rysunki do druku, kolorowanki \u015bwi\u0105teczne do druku pdf, wz\u00f3r dyplomu do pobrania, kolorowanki, kolorowanki miasto, psi patrol do druku, wroc\u0142aw atrakcje dla m\u0142odzie\u017cy, andrzejki kolorowanki do druku, list do \u015bw miko\u0142aja &#8212; wz\u00f3r, iwo, imiona dla ch\u0142opc\u00f3w, trudne zagadki wielkanocne, znaki drogowe quiz, jakie prezenty na roczek, lol do druku<\/p>\n<p>yyyyy<\/p>\n<p>&nbsp;<\/p>\n","protected":false},"excerpt":{"rendered":"<p>\u201eP\u0119dz\u0105ce \u015blimaki\u201d to trzecia gra z przebojowej \u201ep\u0119dz\u0105cej serii\u201d.Po \u017c\u00f3\u0142wiach i je\u017cach przyszed\u0142 czas na \u015blimaki \u2013 tym razem do wy\u015bcigu zosta\u0142o zaproszonych pi\u0119\u0107 mi\u0119czak\u00f3w, kt\u00f3re na jednej nodze b\u0119d\u0105 p\u0119dzi\u0107 na drodze do mety, sprawiaj\u0105c przy tym sporo rado\u015bci graj\u0105cym.Gracze rzucaj\u0105 kolorowymi kostkami i przemieszczaj\u0105 \u015blimaki na planszy. Po drodze staraj\u0105 si\u0119 spycha\u0107 przeciwnik\u00f3w [&hellip;]<\/p>\n","protected":false},"featured_media":596,"comment_status":"closed","ping_status":"open","template":"","meta":[],"product_cat":[229,130],"product_tag":[667,624,605,733],"class_list":["post-595","product","type-product","status-publish","has-post-thumbnail","hentry","product_cat-egmont","product_cat-gry-dzieciece","product_tag-kolorowanka-lol","product_tag-krotkie-zagadki","product_tag-milena","product_tag-zarty-na-prima-aprilis"],"_links":{"self":[{"href":"http:\/\/klubmamgdynia.pl\/index.php\/wp-json\/wp\/v2\/product\/595","targetHints":{"allow":["GET"]}}],"collection":[{"href":"http:\/\/klubmamgdynia.pl\/index.php\/wp-json\/wp\/v2\/product"}],"about":[{"href":"http:\/\/klubmamgdynia.pl\/index.php\/wp-json\/wp\/v2\/types\/product"}],"replies":[{"embeddable":true,"href":"http:\/\/klubmamgdynia.pl\/index.php\/wp-json\/wp\/v2\/comments?post=595"}],"wp:featuredmedia":[{"embeddable":true,"href":"http:\/\/klubmamgdynia.pl\/index.php\/wp-json\/wp\/v2\/media\/596"}],"wp:attachment":[{"href":"http:\/\/klubmamgdynia.pl\/index.php\/wp-json\/wp\/v2\/media?parent=595"}],"wp:term":[{"taxonomy":"product_cat","embeddable":true,"href":"http:\/\/klubmamgdynia.pl\/index.php\/wp-json\/wp\/v2\/product_cat?post=595"},{"taxonomy":"product_tag","embeddable":true,"href":"http:\/\/klubmamgdynia.pl\/index.php\/wp-json\/wp\/v2\/product_tag?post=595"}],"curies":[{"name":"wp","href":"https:\/\/api.w.org\/{rel}","templated":true}]}}