{"id":5953,"date":"2014-08-20T20:19:58","date_gmt":"2014-08-20T18:19:58","guid":{"rendered":"http:\/\/klubmamgdynia.pl\/index.php\/produkt\/enfamil-mead-johnson-2-mfgm-zestaw-2x800g\/"},"modified":"2026-04-04T08:09:07","modified_gmt":"2026-04-04T06:09:07","slug":"enfamil-mead-johnson-2-mfgm-zestaw-2x800g","status":"publish","type":"product","link":"http:\/\/klubmamgdynia.pl\/index.php\/produkt\/enfamil-mead-johnson-2-mfgm-zestaw-2x800g\/","title":{"rendered":"Enfamil Mead Johnson 2 Mfgm -Zestaw 2X800G"},"content":{"rendered":"<p>Enfamil 2 MFGM &#8211; ZESTAW 2x800g<\/p>\n<h2>Enfamil Mead Johnson 2 Mfgm -Zestaw 2X800G Enfamil<\/h2>\n<p>malowanki piesek, bajki na dobranoc do czytania, zagadki dla rodziny, kolorowanki dla dziewczynek lol, test na patologi\u0119 z kubusia puchatka, \u015bwi\u0119ta wielkanocne piosenka tekst, imiona \u017ce\u0144skie nietypowe, opowie\u015bci z narnii lew czarownica i stara szafa test do wydruku, piosenki dla dzieci tekst, delfinarium polska, malowanka do druku, z\u0142ote my\u015bli o przyja\u017ani, ch\u0142opcy z placu broni &#8211; test z odpowiedziami, gry z pi\u0142k\u0105, co \u0142apie ale nie rzuca, gaja imi\u0119<\/p>\n<p>yyyyy<\/p>\n<p>&nbsp;<\/p>\n","protected":false},"excerpt":{"rendered":"<p>Enfamil 2 MFGM &#8211; ZESTAW 2x800g Enfamil Mead Johnson 2 Mfgm -Zestaw 2X800G Enfamil malowanki piesek, bajki na dobranoc do czytania, zagadki dla rodziny, kolorowanki dla dziewczynek lol, test na patologi\u0119 z kubusia puchatka, \u015bwi\u0119ta wielkanocne piosenka tekst, imiona \u017ce\u0144skie nietypowe, opowie\u015bci z narnii lew czarownica i stara szafa test do wydruku, piosenki dla dzieci [&hellip;]<\/p>\n","protected":false},"featured_media":5954,"comment_status":"closed","ping_status":"open","template":"","meta":[],"product_cat":[1406,19],"product_tag":[660,683,657,614,824,635],"class_list":["post-5953","product","type-product","status-publish","has-post-thumbnail","hentry","product_cat-enfamil","product_cat-mleka-nastepne","product_tag-bianka","product_tag-karaluchy-pod-poduchy","product_tag-lol-kolorowanka","product_tag-pia","product_tag-warszawa-atrakcje-dla-dzieci","product_tag-znaki-drogowe-do-druku"],"_links":{"self":[{"href":"http:\/\/klubmamgdynia.pl\/index.php\/wp-json\/wp\/v2\/product\/5953","targetHints":{"allow":["GET"]}}],"collection":[{"href":"http:\/\/klubmamgdynia.pl\/index.php\/wp-json\/wp\/v2\/product"}],"about":[{"href":"http:\/\/klubmamgdynia.pl\/index.php\/wp-json\/wp\/v2\/types\/product"}],"replies":[{"embeddable":true,"href":"http:\/\/klubmamgdynia.pl\/index.php\/wp-json\/wp\/v2\/comments?post=5953"}],"wp:featuredmedia":[{"embeddable":true,"href":"http:\/\/klubmamgdynia.pl\/index.php\/wp-json\/wp\/v2\/media\/5954"}],"wp:attachment":[{"href":"http:\/\/klubmamgdynia.pl\/index.php\/wp-json\/wp\/v2\/media?parent=5953"}],"wp:term":[{"taxonomy":"product_cat","embeddable":true,"href":"http:\/\/klubmamgdynia.pl\/index.php\/wp-json\/wp\/v2\/product_cat?post=5953"},{"taxonomy":"product_tag","embeddable":true,"href":"http:\/\/klubmamgdynia.pl\/index.php\/wp-json\/wp\/v2\/product_tag?post=5953"}],"curies":[{"name":"wp","href":"https:\/\/api.w.org\/{rel}","templated":true}]}}