{"id":5967,"date":"2022-08-20T02:50:01","date_gmt":"2022-08-20T00:50:01","guid":{"rendered":"http:\/\/klubmamgdynia.pl\/index.php\/produkt\/coolpack-plecak-szkolny-combo-37228cp-nr-n042\/"},"modified":"2026-04-29T13:24:40","modified_gmt":"2026-04-29T11:24:40","slug":"coolpack-plecak-szkolny-combo-37228cp-nr-n042","status":"publish","type":"product","link":"http:\/\/klubmamgdynia.pl\/index.php\/produkt\/coolpack-plecak-szkolny-combo-37228cp-nr-n042\/","title":{"rendered":"Coolpack Plecak szkolny Combo 37228CP nr N042"},"content":{"rendered":"<p>Plecak Cool Pack firmy Patio jest niezwykle pomys\u0142owym rozwi\u0105zaniem dla ka\u017cdego ucznia, poniewa\u017c jest on przypi\u0119ty zamkiem b\u0142yskawicznym jeden do drugiego. Istnieje mo\u017cliwo\u015b\u0107 odpi\u0119cia ich i u\u017cywania, jako osobnych plecak\u00f3w. Wi\u0119kszy posiada du\u017c\u0105 komor\u0119 oraz kiesze\u0144 z przodu plecaka, zapinane na zamek b\u0142yskawiczny. Dodatkowo plecak posiada dwie kieszenie boczne z siateczki, idealnie nadaj\u0105ce si\u0119 na bidon lub inne drobiazgi. Plecak posiada szerokie, profilowane, podszyte g\u0105bk\u0105 szelki z regulacj\u0105, na kt\u00f3rych dodatkowo dla wi\u0119kszej widoczno\u015bci umieszczono odblaskowe paski. Wyposa\u017cony w wygodn\u0105, materia\u0142ow\u0105 r\u0105czk\u0119 do przenoszenia, r\u00f3wnie\u017c podszyt\u0105 g\u0105bk\u0105. Plecak o wymiarach: 48 x 40 cm.<\/p>\n<h2>Coolpack Plecak szkolny Combo 37228CP nr N042 Coolpack<\/h2>\n<p>warszawa atrakcje dla m\u0142odzie\u017cy, peppa do czytania, pikachu kolorowanka, zagadki rymowane, fabian, zagadki dla ma\u0142ych dzieci, alan znaczenie imienia, praktyczny prezent dla rocznego dziecka, jak narysowa\u0107 psa, darmowy szablon list do miko\u0142aja, wroc\u0142aw atrakcje dla dzieci, felix net i nika oraz gang niewidzialnych ludzi pytania i odpowiedzi<\/p>\n<p>yyyyy<\/p>\n<p>&nbsp;<\/p>\n","protected":false},"excerpt":{"rendered":"<p>Plecak Cool Pack firmy Patio jest niezwykle pomys\u0142owym rozwi\u0105zaniem dla ka\u017cdego ucznia, poniewa\u017c jest on przypi\u0119ty zamkiem b\u0142yskawicznym jeden do drugiego. Istnieje mo\u017cliwo\u015b\u0107 odpi\u0119cia ich i u\u017cywania, jako osobnych plecak\u00f3w. Wi\u0119kszy posiada du\u017c\u0105 komor\u0119 oraz kiesze\u0144 z przodu plecaka, zapinane na zamek b\u0142yskawiczny. Dodatkowo plecak posiada dwie kieszenie boczne z siateczki, idealnie nadaj\u0105ce si\u0119 na [&hellip;]<\/p>\n","protected":false},"featured_media":5968,"comment_status":"closed","ping_status":"open","template":"","meta":[],"product_cat":[1407,329],"product_tag":[671,585,653,805],"class_list":["post-5967","product","type-product","status-publish","has-post-thumbnail","hentry","product_cat-coolpack","product_cat-plecaki-szkolne","product_tag-cicha-noc-po-angielsku-tekst","product_tag-kolorowanki-dla-chlopcow","product_tag-warszawa-dla-dzieci","product_tag-znaczenie-imienia-alan"],"_links":{"self":[{"href":"http:\/\/klubmamgdynia.pl\/index.php\/wp-json\/wp\/v2\/product\/5967","targetHints":{"allow":["GET"]}}],"collection":[{"href":"http:\/\/klubmamgdynia.pl\/index.php\/wp-json\/wp\/v2\/product"}],"about":[{"href":"http:\/\/klubmamgdynia.pl\/index.php\/wp-json\/wp\/v2\/types\/product"}],"replies":[{"embeddable":true,"href":"http:\/\/klubmamgdynia.pl\/index.php\/wp-json\/wp\/v2\/comments?post=5967"}],"wp:featuredmedia":[{"embeddable":true,"href":"http:\/\/klubmamgdynia.pl\/index.php\/wp-json\/wp\/v2\/media\/5968"}],"wp:attachment":[{"href":"http:\/\/klubmamgdynia.pl\/index.php\/wp-json\/wp\/v2\/media?parent=5967"}],"wp:term":[{"taxonomy":"product_cat","embeddable":true,"href":"http:\/\/klubmamgdynia.pl\/index.php\/wp-json\/wp\/v2\/product_cat?post=5967"},{"taxonomy":"product_tag","embeddable":true,"href":"http:\/\/klubmamgdynia.pl\/index.php\/wp-json\/wp\/v2\/product_tag?post=5967"}],"curies":[{"name":"wp","href":"https:\/\/api.w.org\/{rel}","templated":true}]}}

<p>Plecak Cool Pack firmy Patio jest niezwykle pomysłowym rozwiązaniem dla każdego ucznia, ponieważ jest on przypięty zamkiem błyskawicznym jeden do drugiego. Istnieje możliwość odpięcia ich i używania, jako osobnych plecaków. Większy posiada dużą komorę oraz kieszeń z przodu plecaka, zapinane na zamek błyskawiczny. Dodatkowo plecak posiada dwie kieszenie boczne z siateczki, idealnie nadające się na bidon lub inne drobiazgi. Plecak posiada szerokie, profilowane, podszyte gąbką szelki z regulacją, na których dodatkowo dla większej widoczności umieszczono odblaskowe paski. Wyposażony w wygodną, materiałową rączkę do przenoszenia, również podszytą gąbką. Plecak o wymiarach: 48 x 40 cm.</p>
<h2>Coolpack Plecak szkolny Combo 37228CP nr N042 Coolpack</h2>
<p>warszawa atrakcje dla młodzieży, peppa do czytania, pikachu kolorowanka, zagadki rymowane, fabian, zagadki dla małych dzieci, alan znaczenie imienia, praktyczny prezent dla rocznego dziecka, jak narysować psa, darmowy szablon list do mikołaja, wrocław atrakcje dla dzieci, felix net i nika oraz gang niewidzialnych ludzi pytania i odpowiedzi</p>
<p>yyyyy</p>
<p>&nbsp;</p>

<p>Plecak Cool Pack firmy Patio jest niezwykle pomysłowym rozwiązaniem dla każdego ucznia, ponieważ jest on przypięty zamkiem błyskawicznym jeden do drugiego. Istnieje możliwość odpięcia ich i używania, jako osobnych plecaków. Większy posiada dużą komorę oraz kieszeń z przodu plecaka, zapinane na zamek błyskawiczny. Dodatkowo plecak posiada dwie kieszenie boczne z siateczki, idealnie nadające się na [&hellip;]</p>
