{"id":5999,"date":"2024-08-08T02:18:46","date_gmt":"2024-08-08T00:18:46","guid":{"rendered":"http:\/\/klubmamgdynia.pl\/?post_type=product&#038;p=5999"},"modified":"2026-04-25T23:29:52","modified_gmt":"2026-04-25T21:29:52","slug":"fotelik-samochodowy-romer-dualfix-m-i-size-moonlight-blue-0-18kg","status":"publish","type":"product","link":"http:\/\/klubmamgdynia.pl\/index.php\/produkt\/fotelik-samochodowy-romer-dualfix-m-i-size-moonlight-blue-0-18kg\/","title":{"rendered":"Fotelik samochodowy Romer Dualfix M I-Size Moonlight Blue 0-18Kg"},"content":{"rendered":"<p>FOTELIK SAMOCHODOWY ROMER DUALFIX M I-SIZE MOONLIGHT BLUE 0-18KG<\/p>\n<p>DUALFIX M i-SIZE to naturalny nast\u0119pny krok po<br \/>\nka\u017cdym noside\u0142ku dla dzieci \u2013 zaprojektowano go dla pasa\u017cer\u00f3w o wzro\u015bcie od 61<br \/>\ndo 105 cm. Dzi\u0119ki mo\u017cliwo\u015bci obrotu o 360 stopni fotelik mo\u017ce by\u0107 u\u017cywany<br \/>\nzar\u00f3wno przodem, jak i ty\u0142em do kierunku jazdy. Dodatkowo, kiedy obr\u00f3cisz<br \/>\nfotelik o 90 stopni w stron\u0119 otwartych drzwi posadzenie i zapi\u0119cie dziecka w<br \/>\nfoteliku b\u0119dzie dziecinnie proste. DUALFIX M i-SIZE zachwyci Ci\u0119 swoimi wyj\u0105tkowymi<br \/>\nfunkcjami i nagradzanym designem \u2013 by podr\u00f3\u017ce by\u0142y bezpieczne i stylowe.Noside\u0142ko to lekki i mobilny wyb\u00f3r na pierwsze miesi\u0105ce \u017cycia<br \/>\nTwojego dziecka. Kiedy maluch ro\u015bnie, mo\u017cesz zechcie\u0107 u\u017cywa\u0107 fotelika, kt\u00f3ry<br \/>\npozostaje w samochodzie. Wtedy docenisz mo\u017cliwo\u015b\u0107 obrotu o 360 stopni, kt\u00f3ra<br \/>\npozwala na \u0142atwe posadzenie i zapi\u0119cie dziecka w foteliku. Zaprojektowany dla<br \/>\ndzieci o wzro\u015bcie powy\u017cej 61 cm, DUALFIX M i-SIZE pozwala na 12 pozycji<br \/>\nodchylenia \u2013 przodem i ty\u0142em do kierunku jazdy \u2013 i posiada regulowan\u0105 ram\u0119<br \/>\nantyrotacyjn\u0105 dla maksymalnego komfortu a\u017c do 4 roku \u017cycia.                            <\/p>\n<p>Bezpiecze\u0144stwo Twojego dziecka to nasz najwy\u017cszy<br \/>\npriorytet. Dlatego nie idziemy na kompromisy je\u017celi chodzi o ochron\u0119. Nasze<br \/>\nwewn\u0119trzne standardy s\u0105 wy\u017csze ni\u017c te okre\u015blone w normie ECE R129 (i-Size).<br \/>\nDUALFIX M i-SIZE zosta\u0142 wyposa\u017cony w wiele innowacyjnych funkcji<br \/>\nbezpiecze\u0144stwa: na przyk\u0142ad system optymalnej ochrony przed uderzeniem bocznym<br \/>\nSICT inside w postaci specjalnego, stalowego elementu wewn\u0105trz fotelika, albo<br \/>\nnasz opatentowany system Pivot Link ISOFIX. Daj\u0105 one pewno\u015b\u0107, \u017ce Twoje dziecko<br \/>\njest dobrze chronione w ka\u017cdym wypadku, niezale\u017cnie od tego, czy kolizja<br \/>\nnast\u0119puje z przodu, z boku czy z ty\u0142u. To co\u015b, na czym mo\u017cesz polega\u0107.Wierzymy, \u017ce rozw\u00f3j i produkcja produktu powinny odbywa\u0107 si\u0119<br \/>\ntak blisko, jak to mo\u017cliwe. Dlatego nasz DUALFIX M i-SIZE zosta\u0142 opracowany,<br \/>\nzaprojektowany i wyprodukowany w Niemczech. Przeszed\u0142 te\u017c szereg test\u00f3w w<br \/>\nnaszym nowoczesnym, wewn\u0119trznym centrum crash test\u00f3w. Dlatego mo\u017cemy<br \/>\nzagwarantowa\u0107 naszym klientom najlepsz\u0105 mo\u017cliw\u0105 jako\u015b\u0107. Dotyczy to nie tylko<br \/>\nelement\u00f3w fotelika, ale te\u017c tapicerki i materia\u0142\u00f3w, kt\u00f3re r\u00f3wnie\u017c produkowane<br \/>\ns\u0105 w Europie. Wszystko to by mie\u0107 pewno\u015b\u0107, \u017ce Twoje dziecko jest zawsze<br \/>\nbezpieczne na drodze.<\/p>\n<p>CECHY PRODUKTU:Szybko zdejmowane obicieDzieci potrafi\u0105 naba\u0142agani\u0107 podczas podr\u00f3\u017cy. Wylane picie,<br \/>\nokruchy po jedzeniu i nie rzadko skutki choroby lokomocyjnej na foteliku.<br \/>\nDlatego zaprojektowali\u015bmy obicie nadaj\u0105ce si\u0119 do prania w pralce. Mo\u017cna \u0142atwo<br \/>\nje zdj\u0105\u0107 bez usuwania pas\u00f3w. Czysto\u015b\u0107 i \u0142ad wr\u00f3c\u0105 w mgnieniu oka i ju\u017c mo\u017cesz<br \/>\nrusza\u0107 w dalsz\u0105 drog\u0119.360 stopni obrotu pozwala na \u0142atwe obracanie fotelika z<br \/>\npozycji ty\u0142em do kierunku jazdy do pozycji przodem do kierunku jazdy i z<br \/>\npowrotem bez konieczno\u015bci wymontowywania fotelika z samochodu. Dodatkowo,<br \/>\nfotelik mo\u017ce by\u0107 obr\u00f3cony do otwartych drzwi zaparkowanego samochodu, co<br \/>\npozwala na \u0142atwe umieszczanie i zapinanie dziecka w foteliku. Potem wystarczy<br \/>\nobr\u00f3ci\u0107 fotelik z powrotem do wybranej pozycji a\u017c us\u0142yszysz klikni\u0119cie, z kt\u00f3rym<br \/>\nfotelik wraca na odpowiedni\u0105 pozycj\u0119. Mo\u017cesz rusza\u0107 w drog\u0119!Rama antyrotacyjna nie tylko pomaga zapobiega\u0107 przesuwaniu<br \/>\nfotelika podczas uderzenia, ale mo\u017ce by\u0107 regulowana o ca\u0142e 8 stopni. Pozwala to<br \/>\nna \u0142atwe dopasowanie ramy do oparcia fotela samochodu i daje dziecku 10% wi\u0119cej<br \/>\nmiejsca na nogi.Zintegrowany system SICT inside zapewnia Twojemu dziecku<br \/>\nwyj\u0105tkow\u0105 ochron\u0119 w przypadku kolizji bocznej. Technologia SICT inside redukuje<br \/>\nsi\u0142y uderzenia poprzez zmniejszenie odleg\u0142o\u015bci mi\u0119dzy wn\u0119trzem samochodu i<br \/>\nfotelikiem i poch\u0142oni\u0119cie energii, zanim ta dotrze do dziecka. Nie musisz<br \/>\nniczego regulowa\u0107 i dostosowywa\u0107 \u2013 system SICT inside zadzia\u0142a, kiedy b\u0119dziesz<br \/>\ngo potrzebowa\u0107.<\/p>\n<p>Wo\u017cenie dzieci ty\u0142em do kierunku jazdy zapewnia<br \/>\nnajlepsz\u0105 ochron\u0119 na wypadek uderzenia czo\u0142owego \u2013 najcz\u0119stszego rodzaju<br \/>\nkolizji, do jakich dochodzi na drogach. Podczas kolizji czo\u0142owej z fotelikiem<br \/>\nskierowanym ty\u0142em do kierunku jazdy si\u0142y uderzenia skupione s\u0105 na tyle<br \/>\nfotelika, podczas gdy pozosta\u0142a energia rozprowadzana jest r\u00f3wnomiernie w<br \/>\nobszarach g\u0142owy, szyi i g\u00f3rnych partii cia\u0142a. Podczas u\u017cywania fotelika<br \/>\nzwr\u00f3conego przodem do kierunku jazdy energia uderzenia rozprowadzana jest w<br \/>\nr\u00f3\u017cnych obszarach struktury fotelika i jego mocowania, co potencjalnie mo\u017ce<br \/>\nsprawi\u0107, \u017ce wi\u0119cej energii skupi si\u0119 na ciele dziecka. Rekomendujemy<br \/>\npodr\u00f3\u017cowanie z dzie\u0107mi w fotelikach umieszczonych ty\u0142em do kierunku jazdy tak<br \/>\nd\u0142ugo, jak to mo\u017cliwe.Wygoda Twojego dziecka podczas podr\u00f3\u017cy jest bardzo wa\u017cna.<br \/>\nDlatego zaprojektowali\u015bmy fotelik tak, by umo\u017cliwi\u0107 mu wiele pozycji nachylenia<br \/>\nzar\u00f3wno kiedy jest umieszczony przodem, jak i ty\u0142em do kierunku jazdy. Mo\u017cesz<br \/>\n\u0142atwo regulowa\u0107 nachylenie tak, by Twoje dziecko mog\u0142o podr\u00f3\u017cowa\u0107 wygodnie i<br \/>\nkomfortowo.Zag\u0142\u00f3wek w kszta\u0142cie litery V zosta\u0142 zaprojektowany tak, by<br \/>\nmie\u0107 pod kontrol\u0105 ruchy g\u0142owy Twojego dziecka. Zapewnia optymaln\u0105 ochron\u0119 na<br \/>\nwypadek uderzenia bocznego jednocze\u015bnie dbaj\u0105c o wygod\u0119 podczas jazdy.<br \/>\nDodatkowo, zag\u0142\u00f3wek i pasy mog\u0105 by\u0107 \u0142atwo regulowane z przodu, by dostosowa\u0107<br \/>\nsi\u0119 do wzrostu Twojego dziecka.<\/p>\n<h2>Fotelik samochodowy Romer Dualfix M I-Size Moonlight Blue 0-18Kg Britax &amp; Romer<\/h2>\n<p>jak zrobi\u0107 du\u017ce jajo wielkanocne, znaki drogowe quiz, kolorowanki zwierz\u0119ta, o\u015brodki wczasowe nad morzem dla rodzin z dzie\u0107mi, bajka dla dzieci do czytania, malowanki, maska kota do druku, bajka o biedronce, jak narysowa\u0107 oko, wzory dyplom\u00f3w dyplomy do druku, sentencje o rodzinie, babcia z dziadkiem to jest to tekst, miko\u0142ajek quiz, michalina<\/p>\n<p>yyyyy<\/p>\n<p>&nbsp;<\/p>\n","protected":false},"excerpt":{"rendered":"<p>FOTELIK SAMOCHODOWY ROMER DUALFIX M I-SIZE MOONLIGHT BLUE 0-18KG DUALFIX M i-SIZE to naturalny nast\u0119pny krok po ka\u017cdym noside\u0142ku dla dzieci \u2013 zaprojektowano go dla pasa\u017cer\u00f3w o wzro\u015bcie od 61 do 105 cm. Dzi\u0119ki mo\u017cliwo\u015bci obrotu o 360 stopni fotelik mo\u017ce by\u0107 u\u017cywany zar\u00f3wno przodem, jak i ty\u0142em do kierunku jazdy. Dodatkowo, kiedy obr\u00f3cisz fotelik [&hellip;]<\/p>\n","protected":false},"featured_media":6000,"comment_status":"closed","ping_status":"open","template":"","meta":[],"product_cat":[116,32],"product_tag":[676,707,771,869],"class_list":["post-5999","product","type-product","status-publish","has-post-thumbnail","hentry","product_cat-britax-romer","product_cat-foteliki-samochodowe","product_tag-bursztynek","product_tag-karty-pracy-dla-dzieci-z-ukrainy","product_tag-stolice-europy-quiz","product_tag-zagadki-na-logike"],"_links":{"self":[{"href":"http:\/\/klubmamgdynia.pl\/index.php\/wp-json\/wp\/v2\/product\/5999","targetHints":{"allow":["GET"]}}],"collection":[{"href":"http:\/\/klubmamgdynia.pl\/index.php\/wp-json\/wp\/v2\/product"}],"about":[{"href":"http:\/\/klubmamgdynia.pl\/index.php\/wp-json\/wp\/v2\/types\/product"}],"replies":[{"embeddable":true,"href":"http:\/\/klubmamgdynia.pl\/index.php\/wp-json\/wp\/v2\/comments?post=5999"}],"wp:featuredmedia":[{"embeddable":true,"href":"http:\/\/klubmamgdynia.pl\/index.php\/wp-json\/wp\/v2\/media\/6000"}],"wp:attachment":[{"href":"http:\/\/klubmamgdynia.pl\/index.php\/wp-json\/wp\/v2\/media?parent=5999"}],"wp:term":[{"taxonomy":"product_cat","embeddable":true,"href":"http:\/\/klubmamgdynia.pl\/index.php\/wp-json\/wp\/v2\/product_cat?post=5999"},{"taxonomy":"product_tag","embeddable":true,"href":"http:\/\/klubmamgdynia.pl\/index.php\/wp-json\/wp\/v2\/product_tag?post=5999"}],"curies":[{"name":"wp","href":"https:\/\/api.w.org\/{rel}","templated":true}]}}