{"id":60,"date":"2012-02-17T15:55:47","date_gmt":"2012-02-17T14:55:47","guid":{"rendered":"http:\/\/klubmamgdynia.pl\/index.php\/produkt\/character-options-ltd-teletubisie-maskotka-interaktywna-mowiacy-dipsy-5921\/"},"modified":"2026-04-04T01:27:37","modified_gmt":"2026-04-03T23:27:37","slug":"character-options-ltd-teletubisie-maskotka-interaktywna-mowiacy-dipsy-5921","status":"publish","type":"product","link":"http:\/\/klubmamgdynia.pl\/index.php\/produkt\/character-options-ltd-teletubisie-maskotka-interaktywna-mowiacy-dipsy-5921\/","title":{"rendered":"Character Options Ltd Teletubisie Maskotka Interaktywna M\u00f3wi\u0105cy Dipsy 5921"},"content":{"rendered":"<p>Teletubisie &#8211; Maskotka interaktywna &#8211; M\u00f3wi\u0105cy Dipsy &#8211; 05921 Dipsy ma zielone futerko i prost\u0105 antenk\u0119. Chcia\u0142by by\u0107 ju\u017c tak du\u017cy jak Tinky Winky, ale p\u00f3ki co pociesza si\u0119 my\u015bl\u0105, \u017ce wci\u0105\u017c jest wi\u0119kszy ni\u017c Po! Maskotka, wyprodukowana na licencji bajki, wygl\u0105da dok\u0142adnie tak samo jak telewizyjny bohater. Co wi\u0119cej, jest to przytulanka interaktywna \u2013 naci\u015bnij brzuszek Teletubisia i us\u0142ysz jego charakterystyczne zawo\u0142ania, weso\u0142e okrzyki i frazy z serialu. Maskotka jest mi\u0119kka i pluszowa, za wyj\u0105tkiem plastikowej g\u0142owy. Wersja j\u0119zykowa zabawki: angielska. Wymiary zabawki: ok. 26cm x 16cm x 9cm Producent: Character Options Numer katalogowy: 05921 Seria: Teletubisie Sugerowany wiek dziecka: 0+ Wymiary maskotki: 26cm (wysoko\u015b\u0107) x 16cm x 9cm<\/p>\n<h2>Character Options Ltd Teletubisie Maskotka Interaktywna M\u00f3wi\u0105cy Dipsy 5921 Character Options<\/h2>\n<p>\u015bwinka peppa do czytania, co na roczek dla ch\u0142opca, maska kota, alfabet kolorowanki, maska kota, zabawka dla rocznej dziewczynki, nietypowe imiona damskie, zagadki dla dzieci do druku, kolorowanki do druku dla doros\u0142ych, ferie warszawa 2022, lilianna, atrakcje dla dzieci mazowieckie, zabawy dla 10 latk\u00f3w, jaki prezent na roczek, bajka o biedronce<\/p>\n<p>yyyyy<\/p>\n<p>&nbsp;<\/p>\n","protected":false},"excerpt":{"rendered":"<p>Teletubisie &#8211; Maskotka interaktywna &#8211; M\u00f3wi\u0105cy Dipsy &#8211; 05921 Dipsy ma zielone futerko i prost\u0105 antenk\u0119. Chcia\u0142by by\u0107 ju\u017c tak du\u017cy jak Tinky Winky, ale p\u00f3ki co pociesza si\u0119 my\u015bl\u0105, \u017ce wci\u0105\u017c jest wi\u0119kszy ni\u017c Po! Maskotka, wyprodukowana na licencji bajki, wygl\u0105da dok\u0142adnie tak samo jak telewizyjny bohater. Co wi\u0119cej, jest to przytulanka interaktywna \u2013 [&hellip;]<\/p>\n","protected":false},"featured_media":61,"comment_status":"closed","ping_status":"open","template":"","meta":[],"product_cat":[45,39],"product_tag":[865,648,693,698],"class_list":["post-60","product","type-product","status-publish","has-post-thumbnail","hentry","product_cat-character-options","product_cat-zabawki-interaktywne","product_tag-cytaty-o-dzieciach","product_tag-dobrej-nocy-i-sza","product_tag-zagadki-dla-doroslych","product_tag-zagadki-dla-przedszkolakow"],"_links":{"self":[{"href":"http:\/\/klubmamgdynia.pl\/index.php\/wp-json\/wp\/v2\/product\/60","targetHints":{"allow":["GET"]}}],"collection":[{"href":"http:\/\/klubmamgdynia.pl\/index.php\/wp-json\/wp\/v2\/product"}],"about":[{"href":"http:\/\/klubmamgdynia.pl\/index.php\/wp-json\/wp\/v2\/types\/product"}],"replies":[{"embeddable":true,"href":"http:\/\/klubmamgdynia.pl\/index.php\/wp-json\/wp\/v2\/comments?post=60"}],"wp:featuredmedia":[{"embeddable":true,"href":"http:\/\/klubmamgdynia.pl\/index.php\/wp-json\/wp\/v2\/media\/61"}],"wp:attachment":[{"href":"http:\/\/klubmamgdynia.pl\/index.php\/wp-json\/wp\/v2\/media?parent=60"}],"wp:term":[{"taxonomy":"product_cat","embeddable":true,"href":"http:\/\/klubmamgdynia.pl\/index.php\/wp-json\/wp\/v2\/product_cat?post=60"},{"taxonomy":"product_tag","embeddable":true,"href":"http:\/\/klubmamgdynia.pl\/index.php\/wp-json\/wp\/v2\/product_tag?post=60"}],"curies":[{"name":"wp","href":"https:\/\/api.w.org\/{rel}","templated":true}]}}