{"id":6011,"date":"2020-12-04T16:05:26","date_gmt":"2020-12-04T15:05:26","guid":{"rendered":"http:\/\/klubmamgdynia.pl\/index.php\/produkt\/juco-zestaw-klinujacy-do-mlotka-3-4kg-i-siekiery-04kg-99462\/"},"modified":"2026-04-29T04:59:59","modified_gmt":"2026-04-29T02:59:59","slug":"juco-zestaw-klinujacy-do-mlotka-3-4kg-i-siekiery-04kg-99462","status":"publish","type":"product","link":"http:\/\/klubmamgdynia.pl\/index.php\/produkt\/juco-zestaw-klinujacy-do-mlotka-3-4kg-i-siekiery-04kg-99462\/","title":{"rendered":"Juco Zestaw Klinuj\u0105cy Do M\u0142otka 3-4Kg I Siekiery 0,4Kg 99462"},"content":{"rendered":"<p>Zestaw naprawczy s\u0142u\u017c\u0105cy do osadzania metalowej cz\u0119\u015bci roboczej m\u0142otk\u00f3w 3-4 kg i siekier 0,4 kg na drewnianym stylisku. Pozwala na trwa\u0142e i solidne po\u0142\u0105czenie g\u0142owicy narz\u0119dzia z trzonkiem, dzi\u0119ki rozparciu trzonka i usztywnieniu mocowania. Zestaw zawiera komplet sk\u0142adaj\u0105cy si\u0119 z drewnianego klina i metalowego wieloklina.Przeznaczenie \/ zastosowaniePrzydatne dla ogrodnik\u00f3w, rzemie\u015blnik\u00f3w i majsterkowicz\u00f3w do napraw narz\u0119dzi.<\/p>\n<h2>Juco Zestaw Klinuj\u0105cy Do M\u0142otka 3-4Kg I Siekiery 0,4Kg 99462 Juco<\/h2>\n<p>kolorowanki na dzie\u0144 niepodleg\u0142o\u015bci do wydruku, maski do druku kolorowe, zagadki \u015bmieszne, halloween 2021 dla dzieci, buziak gify na dobranoc smieszne, bajka na dobranoc, lamiglowki slowne, zagadki wielkanocne dla dzieci<\/p>\n<p>yyyyy<\/p>\n<p>&nbsp;<\/p>\n","protected":false},"excerpt":{"rendered":"<p>Zestaw naprawczy s\u0142u\u017c\u0105cy do osadzania metalowej cz\u0119\u015bci roboczej m\u0142otk\u00f3w 3-4 kg i siekier 0,4 kg na drewnianym stylisku. Pozwala na trwa\u0142e i solidne po\u0142\u0105czenie g\u0142owicy narz\u0119dzia z trzonkiem, dzi\u0119ki rozparciu trzonka i usztywnieniu mocowania. Zestaw zawiera komplet sk\u0142adaj\u0105cy si\u0119 z drewnianego klina i metalowego wieloklina.Przeznaczenie \/ zastosowaniePrzydatne dla ogrodnik\u00f3w, rzemie\u015blnik\u00f3w i majsterkowicz\u00f3w do napraw narz\u0119dzi. [&hellip;]<\/p>\n","protected":false},"featured_media":6012,"comment_status":"closed","ping_status":"open","template":"","meta":[],"product_cat":[1410,1411],"product_tag":[766,795,835,616],"class_list":["post-6011","product","type-product","status-publish","has-post-thumbnail","hentry","product_cat-juco","product_cat-pozostale-narzedzia-reczne-do-ogrodu","product_tag-kira","product_tag-mini-zoo-warszawa","product_tag-radosc-dziecka-cytaty","product_tag-test-mikolajek-25-pytan"],"_links":{"self":[{"href":"http:\/\/klubmamgdynia.pl\/index.php\/wp-json\/wp\/v2\/product\/6011","targetHints":{"allow":["GET"]}}],"collection":[{"href":"http:\/\/klubmamgdynia.pl\/index.php\/wp-json\/wp\/v2\/product"}],"about":[{"href":"http:\/\/klubmamgdynia.pl\/index.php\/wp-json\/wp\/v2\/types\/product"}],"replies":[{"embeddable":true,"href":"http:\/\/klubmamgdynia.pl\/index.php\/wp-json\/wp\/v2\/comments?post=6011"}],"wp:featuredmedia":[{"embeddable":true,"href":"http:\/\/klubmamgdynia.pl\/index.php\/wp-json\/wp\/v2\/media\/6012"}],"wp:attachment":[{"href":"http:\/\/klubmamgdynia.pl\/index.php\/wp-json\/wp\/v2\/media?parent=6011"}],"wp:term":[{"taxonomy":"product_cat","embeddable":true,"href":"http:\/\/klubmamgdynia.pl\/index.php\/wp-json\/wp\/v2\/product_cat?post=6011"},{"taxonomy":"product_tag","embeddable":true,"href":"http:\/\/klubmamgdynia.pl\/index.php\/wp-json\/wp\/v2\/product_tag?post=6011"}],"curies":[{"name":"wp","href":"https:\/\/api.w.org\/{rel}","templated":true}]}}