{"id":6023,"date":"2012-12-25T21:10:32","date_gmt":"2012-12-25T20:10:32","guid":{"rendered":"http:\/\/klubmamgdynia.pl\/index.php\/produkt\/grafika-puzzle-3000el-slodycze\/"},"modified":"2026-04-29T17:01:58","modified_gmt":"2026-04-29T15:01:58","slug":"grafika-puzzle-3000el-slodycze","status":"publish","type":"product","link":"http:\/\/klubmamgdynia.pl\/index.php\/produkt\/grafika-puzzle-3000el-slodycze\/","title":{"rendered":"Grafika Puzzle 3000El. S\u0142odycze"},"content":{"rendered":"<p>Puzzle francuskiej firmy &#8222;Grafika&#8221; sk\u0142adaj\u0105ce si\u0119 z 3000 element\u00f3w.EAN: 3663384029844<\/p>\n<h2>Grafika Puzzle 3000El. S\u0142odycze Grafika<\/h2>\n<p>lol kolorowanki do druku, prezenty dla 7 latka, wycinanki do druku, atrakcje warszawa dla dzieci, wr\u00f3\u017cby andrzejkowe dla dzieci online, wroc\u0142aw dla dzieci<\/p>\n<p>yyyyy<\/p>\n<p>&nbsp;<\/p>\n","protected":false},"excerpt":{"rendered":"<p>Puzzle francuskiej firmy &#8222;Grafika&#8221; sk\u0142adaj\u0105ce si\u0119 z 3000 element\u00f3w.EAN: 3663384029844 Grafika Puzzle 3000El. S\u0142odycze Grafika lol kolorowanki do druku, prezenty dla 7 latka, wycinanki do druku, atrakcje warszawa dla dzieci, wr\u00f3\u017cby andrzejkowe dla dzieci online, wroc\u0142aw dla dzieci yyyyy &nbsp;<\/p>\n","protected":false},"featured_media":6024,"comment_status":"closed","ping_status":"open","template":"","meta":[],"product_cat":[1209,90],"product_tag":[865,644,690,806,692,576],"class_list":["post-6023","product","type-product","status-publish","has-post-thumbnail","hentry","product_cat-grafika","product_cat-puzzle","product_tag-cytaty-o-dzieciach","product_tag-mia","product_tag-pieski-male-dwa-tekst","product_tag-prezent-dla-dziecka-na-roczek","product_tag-prezenty-na-roczek","product_tag-trudne-zagadki"],"_links":{"self":[{"href":"http:\/\/klubmamgdynia.pl\/index.php\/wp-json\/wp\/v2\/product\/6023","targetHints":{"allow":["GET"]}}],"collection":[{"href":"http:\/\/klubmamgdynia.pl\/index.php\/wp-json\/wp\/v2\/product"}],"about":[{"href":"http:\/\/klubmamgdynia.pl\/index.php\/wp-json\/wp\/v2\/types\/product"}],"replies":[{"embeddable":true,"href":"http:\/\/klubmamgdynia.pl\/index.php\/wp-json\/wp\/v2\/comments?post=6023"}],"wp:featuredmedia":[{"embeddable":true,"href":"http:\/\/klubmamgdynia.pl\/index.php\/wp-json\/wp\/v2\/media\/6024"}],"wp:attachment":[{"href":"http:\/\/klubmamgdynia.pl\/index.php\/wp-json\/wp\/v2\/media?parent=6023"}],"wp:term":[{"taxonomy":"product_cat","embeddable":true,"href":"http:\/\/klubmamgdynia.pl\/index.php\/wp-json\/wp\/v2\/product_cat?post=6023"},{"taxonomy":"product_tag","embeddable":true,"href":"http:\/\/klubmamgdynia.pl\/index.php\/wp-json\/wp\/v2\/product_tag?post=6023"}],"curies":[{"name":"wp","href":"https:\/\/api.w.org\/{rel}","templated":true}]}}