{"id":6053,"date":"2023-10-31T07:29:38","date_gmt":"2023-10-31T06:29:38","guid":{"rendered":"http:\/\/klubmamgdynia.pl\/?post_type=product&#038;p=6053"},"modified":"2026-04-29T18:42:58","modified_gmt":"2026-04-29T16:42:58","slug":"casdon-zestaw-do-sprzatania-henry-deluxe-z-odkurzaczem-i-mopem-674-zabawka","status":"publish","type":"product","link":"http:\/\/klubmamgdynia.pl\/index.php\/produkt\/casdon-zestaw-do-sprzatania-henry-deluxe-z-odkurzaczem-i-mopem-674-zabawka\/","title":{"rendered":"Casdon Zestaw Do Sprz\u0105tania Henry Deluxe Z Odkurzaczem I Mopem 674 &#8211; Zabawka"},"content":{"rendered":"<p>Casdon Zestaw Do Sprz\u0105tania Henry Deluxe Z Odkurzaczem I Mopem 674<\/p>\n<p>Zestaw<br \/>\ndo sprz\u0105tania pod postaci\u0105 ekskluzywnego w\u00f3zka! W wyposa\u017ceniu znajdziemy<br \/>\nwszystkie najpotrzebniejsze sprz\u0119ty niezb\u0119dne do utrzymania czysto\u015bci w pokoju<br \/>\nmalucha : spryskiwacz, butelk\u0119, miot\u0142\u0119, mopa, szufelk\u0119, zmiotk\u0119, wiaderko oraz<br \/>\nma\u0142y odkurzacz r\u0119czny, co gwarantuje dok\u0142adne oraz przyjemne sprz\u0105tanie.<br \/>\nU\u015bmiech naszego Brytyjczyka jeszcze bardziej umili Twojemu dziecku wsp\u00f3lnie<br \/>\nsp\u0119dzone chwile. Zabawka jest odwzorowaniem pe\u0142nowymiarowego produktu.                            <\/p>\n<p>U\u015bmiechni\u0119te<br \/>\nzestaw do sprz\u0105tania Henry dla dzieci wywo\u0142a rado\u015b\u0107 u Twojego dziecka. W\u00f3zek<br \/>\nHenry do sprz\u0105tania dla dzieci z akcesoriami:wiaderko<br \/>\ni mop,zmiotka<br \/>\ni szufelka nbsp,miot\u0142a<br \/>\nnbsp,butelka<br \/>\ni spryskiwacz nbsp,r\u0119czny<br \/>\nodkurzacz na baterie nbsp.Wymiary<br \/>\n32 x 60 cm<\/p>\n<h2>Casdon Zestaw Do Sprz\u0105tania Henry Deluxe Z Odkurzaczem I Mopem 674 &#8211; Zabawka Casdon<\/h2>\n<p>kolorowanka harry potter, zosia samosia, test asiunia, dobrej nocy i sza, minecraft kolorowanki, dyplom do druku, testy na znaki drogowe, przeczytaj mi wiersz, imi\u0119 kuba, zagadki logiczne na inteligencj\u0119 dla doros\u0142ych, literki do druku<\/p>\n<p>yyyyy<\/p>\n<p>&nbsp;<\/p>\n","protected":false},"excerpt":{"rendered":"<p>Casdon Zestaw Do Sprz\u0105tania Henry Deluxe Z Odkurzaczem I Mopem 674 Zestaw do sprz\u0105tania pod postaci\u0105 ekskluzywnego w\u00f3zka! W wyposa\u017ceniu znajdziemy wszystkie najpotrzebniejsze sprz\u0119ty niezb\u0119dne do utrzymania czysto\u015bci w pokoju malucha : spryskiwacz, butelk\u0119, miot\u0142\u0119, mopa, szufelk\u0119, zmiotk\u0119, wiaderko oraz ma\u0142y odkurzacz r\u0119czny, co gwarantuje dok\u0142adne oraz przyjemne sprz\u0105tanie. U\u015bmiech naszego Brytyjczyka jeszcze bardziej umili [&hellip;]<\/p>\n","protected":false},"featured_media":6054,"comment_status":"closed","ping_status":"open","template":"","meta":[],"product_cat":[1097,53],"product_tag":[583,842,835,604,767],"class_list":["post-6053","product","type-product","status-publish","has-post-thumbnail","hentry","product_cat-casdon","product_cat-kaciki-zabaw","product_tag-kolysanki-dla-dzieci-tekst","product_tag-plac-zabaw-poznan","product_tag-radosc-dziecka-cytaty","product_tag-zagadki-trudne","product_tag-zaproszenia-urodzinowe-do-druku"],"_links":{"self":[{"href":"http:\/\/klubmamgdynia.pl\/index.php\/wp-json\/wp\/v2\/product\/6053","targetHints":{"allow":["GET"]}}],"collection":[{"href":"http:\/\/klubmamgdynia.pl\/index.php\/wp-json\/wp\/v2\/product"}],"about":[{"href":"http:\/\/klubmamgdynia.pl\/index.php\/wp-json\/wp\/v2\/types\/product"}],"replies":[{"embeddable":true,"href":"http:\/\/klubmamgdynia.pl\/index.php\/wp-json\/wp\/v2\/comments?post=6053"}],"wp:featuredmedia":[{"embeddable":true,"href":"http:\/\/klubmamgdynia.pl\/index.php\/wp-json\/wp\/v2\/media\/6054"}],"wp:attachment":[{"href":"http:\/\/klubmamgdynia.pl\/index.php\/wp-json\/wp\/v2\/media?parent=6053"}],"wp:term":[{"taxonomy":"product_cat","embeddable":true,"href":"http:\/\/klubmamgdynia.pl\/index.php\/wp-json\/wp\/v2\/product_cat?post=6053"},{"taxonomy":"product_tag","embeddable":true,"href":"http:\/\/klubmamgdynia.pl\/index.php\/wp-json\/wp\/v2\/product_tag?post=6053"}],"curies":[{"name":"wp","href":"https:\/\/api.w.org\/{rel}","templated":true}]}}