{"id":6067,"date":"2017-04-06T20:47:53","date_gmt":"2017-04-06T18:47:53","guid":{"rendered":"http:\/\/klubmamgdynia.pl\/index.php\/produkt\/paso-plecak-original-collection-wielokomorowy-czarny\/"},"modified":"2026-05-17T22:56:14","modified_gmt":"2026-05-17T20:56:14","slug":"paso-plecak-original-collection-wielokomorowy-czarny","status":"publish","type":"product","link":"http:\/\/klubmamgdynia.pl\/index.php\/produkt\/paso-plecak-original-collection-wielokomorowy-czarny\/","title":{"rendered":"Paso Plecak Original Collection Wielokomorowy Czarny"},"content":{"rendered":"<p>Plecak jest czarny. Zosta\u0142 wykonany z najwy\u017cszej jako\u015bci materia\u0142\u00f3w. Jest lekki, ma usztywniane plecy zapewniaj\u0105c komfort i poprawn\u0105 postaw\u0119. Wyposa\u017cony zosta\u0142 w regulowane szelki, dzi\u0119ki czemu dopasowanie go do wzrostu dziecka b\u0119dzie niezwykle proste.<\/p>\n<h2>Paso Plecak Original Collection Wielokomorowy Czarny Paso<\/h2>\n<p>zagadki dla dzieci 6-7 lat online, plac zabaw warszawa, quizy za darmo, szopka do druku, zadania dla 7 latka do druku, pan twardowski na ksi\u0119\u017cycu wiersz, flagi europy quiz, kwiaty polne nazwy i zdj\u0119cia, dziecko cytaty, kuba imi\u0119<\/p>\n<p>yyyyy<\/p>\n<p>&nbsp;<\/p>\n","protected":false},"excerpt":{"rendered":"<p>Plecak jest czarny. Zosta\u0142 wykonany z najwy\u017cszej jako\u015bci materia\u0142\u00f3w. Jest lekki, ma usztywniane plecy zapewniaj\u0105c komfort i poprawn\u0105 postaw\u0119. Wyposa\u017cony zosta\u0142 w regulowane szelki, dzi\u0119ki czemu dopasowanie go do wzrostu dziecka b\u0119dzie niezwykle proste. Paso Plecak Original Collection Wielokomorowy Czarny Paso zagadki dla dzieci 6-7 lat online, plac zabaw warszawa, quizy za darmo, szopka do [&hellip;]<\/p>\n","protected":false},"featured_media":6068,"comment_status":"closed","ping_status":"open","template":"","meta":[],"product_cat":[1420,329],"product_tag":[833,650,691,867],"class_list":["post-6067","product","type-product","status-publish","has-post-thumbnail","hentry","product_cat-paso","product_cat-plecaki-szkolne","product_tag-bajki-dla-dzieci-do-czytania","product_tag-choinka-z-bibuly","product_tag-gabriel","product_tag-kolorowanki-dla-dziewczynek"],"_links":{"self":[{"href":"http:\/\/klubmamgdynia.pl\/index.php\/wp-json\/wp\/v2\/product\/6067","targetHints":{"allow":["GET"]}}],"collection":[{"href":"http:\/\/klubmamgdynia.pl\/index.php\/wp-json\/wp\/v2\/product"}],"about":[{"href":"http:\/\/klubmamgdynia.pl\/index.php\/wp-json\/wp\/v2\/types\/product"}],"replies":[{"embeddable":true,"href":"http:\/\/klubmamgdynia.pl\/index.php\/wp-json\/wp\/v2\/comments?post=6067"}],"wp:featuredmedia":[{"embeddable":true,"href":"http:\/\/klubmamgdynia.pl\/index.php\/wp-json\/wp\/v2\/media\/6068"}],"wp:attachment":[{"href":"http:\/\/klubmamgdynia.pl\/index.php\/wp-json\/wp\/v2\/media?parent=6067"}],"wp:term":[{"taxonomy":"product_cat","embeddable":true,"href":"http:\/\/klubmamgdynia.pl\/index.php\/wp-json\/wp\/v2\/product_cat?post=6067"},{"taxonomy":"product_tag","embeddable":true,"href":"http:\/\/klubmamgdynia.pl\/index.php\/wp-json\/wp\/v2\/product_tag?post=6067"}],"curies":[{"name":"wp","href":"https:\/\/api.w.org\/{rel}","templated":true}]}}