{"id":607,"date":"2023-03-22T07:48:54","date_gmt":"2023-03-22T06:48:54","guid":{"rendered":"http:\/\/klubmamgdynia.pl\/?post_type=product&#038;p=607"},"modified":"2026-04-26T17:11:36","modified_gmt":"2026-04-26T15:11:36","slug":"ravensburger-spieleverlag-ravensburger-tiptoi-spiel-00119-heute-gehen-wir-einkaufen-lernspiel-fur-kinder-ab-3-jahren-wersja-niemiecka","status":"publish","type":"product","link":"http:\/\/klubmamgdynia.pl\/index.php\/produkt\/ravensburger-spieleverlag-ravensburger-tiptoi-spiel-00119-heute-gehen-wir-einkaufen-lernspiel-fur-kinder-ab-3-jahren-wersja-niemiecka\/","title":{"rendered":"Ravensburger Spieleverlag Ravensburger tiptoi Spiel 00119 &#8211; Heute gehen wir Einkaufen &#8211; Lernspiel f\u00fcr Kinder ab 3 Jahren (wersja niemiecka)"},"content":{"rendered":"<p>Auf dem Weg zum Markt erfahren die kleinen Igel, woher ihr Essen kommt. Finden 1 bis 3 Kinder die passenden Zutaten f\u00fcr ihr Lieblingsgericht? Schnell noch bezahlen und alles in den Rucksack packen. Im Spiel werden spielerisch Alltagswissen und Konzentration gef\u00f6rdert. Bekannte und neue Kinderlieder lassen Kinder ab 3 Jahren in die Welt eintauchen. tiptoi-Stift nicht enthalten. Muss separat erworben werden.<\/p>\n<h2>Ravensburger Spieleverlag Ravensburger tiptoi Spiel 00119 &#8211; Heute gehen wir Einkaufen &#8211; Lernspiel f\u00fcr Kinder ab 3 Jahren (wersja niemiecka) Ravensburger<\/h2>\n<p>zagadki dla dzieci 10-12 lat, domowe syropy na zim\u0119, niespotykane imiona \u017ce\u0144skie, kinderbal przepisy<\/p>\n<p>yyyyy<\/p>\n<p>&nbsp;<\/p>\n","protected":false},"excerpt":{"rendered":"<p>Auf dem Weg zum Markt erfahren die kleinen Igel, woher ihr Essen kommt. Finden 1 bis 3 Kinder die passenden Zutaten f\u00fcr ihr Lieblingsgericht? Schnell noch bezahlen und alles in den Rucksack packen. Im Spiel werden spielerisch Alltagswissen und Konzentration gef\u00f6rdert. Bekannte und neue Kinderlieder lassen Kinder ab 3 Jahren in die Welt eintauchen. tiptoi-Stift [&hellip;]<\/p>\n","protected":false},"featured_media":608,"comment_status":"closed","ping_status":"open","template":"","meta":[],"product_cat":[130,207],"product_tag":[765,731,630,616],"class_list":["post-607","product","type-product","status-publish","has-post-thumbnail","hentry","product_cat-gry-dzieciece","product_cat-ravensburger","product_tag-atrakcje-dla-dzieci-warszawa","product_tag-maly-ksiaze-cytaty","product_tag-podchwytliwe-zagadki-z-odpowiedziami","product_tag-test-mikolajek-25-pytan"],"_links":{"self":[{"href":"http:\/\/klubmamgdynia.pl\/index.php\/wp-json\/wp\/v2\/product\/607","targetHints":{"allow":["GET"]}}],"collection":[{"href":"http:\/\/klubmamgdynia.pl\/index.php\/wp-json\/wp\/v2\/product"}],"about":[{"href":"http:\/\/klubmamgdynia.pl\/index.php\/wp-json\/wp\/v2\/types\/product"}],"replies":[{"embeddable":true,"href":"http:\/\/klubmamgdynia.pl\/index.php\/wp-json\/wp\/v2\/comments?post=607"}],"wp:featuredmedia":[{"embeddable":true,"href":"http:\/\/klubmamgdynia.pl\/index.php\/wp-json\/wp\/v2\/media\/608"}],"wp:attachment":[{"href":"http:\/\/klubmamgdynia.pl\/index.php\/wp-json\/wp\/v2\/media?parent=607"}],"wp:term":[{"taxonomy":"product_cat","embeddable":true,"href":"http:\/\/klubmamgdynia.pl\/index.php\/wp-json\/wp\/v2\/product_cat?post=607"},{"taxonomy":"product_tag","embeddable":true,"href":"http:\/\/klubmamgdynia.pl\/index.php\/wp-json\/wp\/v2\/product_tag?post=607"}],"curies":[{"name":"wp","href":"https:\/\/api.w.org\/{rel}","templated":true}]}}