{"id":6079,"date":"2013-05-11T10:20:35","date_gmt":"2013-05-11T08:20:35","guid":{"rendered":"http:\/\/klubmamgdynia.pl\/index.php\/produkt\/fiskars-wyrywacz-do-chwastow-xact-139950\/"},"modified":"2026-05-17T23:01:05","modified_gmt":"2026-05-17T21:01:05","slug":"fiskars-wyrywacz-do-chwastow-xact-139950","status":"publish","type":"product","link":"http:\/\/klubmamgdynia.pl\/index.php\/produkt\/fiskars-wyrywacz-do-chwastow-xact-139950\/","title":{"rendered":"Fiskars Wyrywacz Do Chwast\u00f3w Xact (139950)"},"content":{"rendered":"<p>Fiskars Wyrywacz Do Chwast\u00f3w Xact (139950)<\/p>\n<p>FISKARS Xact\u2122 wyrywacz do chwast\u00f3w\u00a0Wyrywacz do chwast\u00f3w Fiskars to innowacyjne narz\u0119dzie przeznaczone do usuwania chwast\u00f3w z trawnika bez u\u017cywania chemikali\u00f3w i schylania si\u0119. Narz\u0119dzie wykonano z aluminium i poliamidu wzmocnionego w\u0142\u00f3knem szklanym. G\u0142\u0119boko si\u0119gaj\u0105ce pazury wyrywacza wykonano z wysokow\u0119glowej stali. U\u017cyte rozwi\u0105zania konstrukcyjne pozwalaj\u0105 na czyst\u0105 i skuteczn\u0105 prac\u0119, bez nadwyr\u0119\u017cania mi\u0119\u015bni plec\u00f3w.Usuwa ro\u015blin\u0119 razem z d\u0142ugim korzeniem bez u\u017cycia chemikali\u00f3w\u0141atwy w u\u017cyciu.System uwalniania wyrywanych chwast\u00f3w zapewnia czyst\u0105 prac\u0119G\u0142\u0119boko si\u0119gaj\u0105ce pazury ze stali nierdzewnej chwytaj\u0105 korze\u0144 z czterech stronKomfortowa pozycja pracy.Szeroko\u015b\u0107: 30 mmD\u0142ugo\u015b\u0107: 1000 mmWysoko\u015b\u0107: 1000 mmWaga: 950 gKod EAN: 6411501399502<\/p>\n<h2>Fiskars Wyrywacz Do Chwast\u00f3w Xact (139950) Fiskars<\/h2>\n<p>quizy dla dzieci z bajek, quiz o bo\u017cym narodzeniu, \u017carty \u017carty na prima aprilis, opis do zdj\u0119cia dziecka na fb, dobrej nocy, prezent dla jedenastolatki, justyna imi\u0119, zagadki dla dzieci z odpowiedziami, star wars kolorowanka, zabawy dla 6 latk\u00f3w, warszawa atrakcje dla dzieci, kwiecie\u0144 plecie\u0144 wiersz, tupcio chrupcio bajka do czytania, pan twardowski na ksi\u0119\u017cycu wiersz, kiekrz, antystresowe mandale do druku, pomysly na prezent na roczek, trudne zagadki logiczne z odpowiedziami<\/p>\n<p>yyyyy<\/p>\n<p>&nbsp;<\/p>\n","protected":false},"excerpt":{"rendered":"<p>Fiskars Wyrywacz Do Chwast\u00f3w Xact (139950) FISKARS Xact\u2122 wyrywacz do chwast\u00f3w\u00a0Wyrywacz do chwast\u00f3w Fiskars to innowacyjne narz\u0119dzie przeznaczone do usuwania chwast\u00f3w z trawnika bez u\u017cywania chemikali\u00f3w i schylania si\u0119. Narz\u0119dzie wykonano z aluminium i poliamidu wzmocnionego w\u0142\u00f3knem szklanym. G\u0142\u0119boko si\u0119gaj\u0105ce pazury wyrywacza wykonano z wysokow\u0119glowej stali. U\u017cyte rozwi\u0105zania konstrukcyjne pozwalaj\u0105 na czyst\u0105 i skuteczn\u0105 prac\u0119, [&hellip;]<\/p>\n","protected":false},"featured_media":6080,"comment_status":"closed","ping_status":"open","template":"","meta":[],"product_cat":[1051,1411],"product_tag":[765,705,621,760],"class_list":["post-6079","product","type-product","status-publish","has-post-thumbnail","hentry","product_cat-fiskars","product_cat-pozostale-narzedzia-reczne-do-ogrodu","product_tag-atrakcje-dla-dzieci-warszawa","product_tag-prezent-na-roczek-dla-chlopca","product_tag-prezenty-roczek","product_tag-zagadka-matematyczna"],"_links":{"self":[{"href":"http:\/\/klubmamgdynia.pl\/index.php\/wp-json\/wp\/v2\/product\/6079","targetHints":{"allow":["GET"]}}],"collection":[{"href":"http:\/\/klubmamgdynia.pl\/index.php\/wp-json\/wp\/v2\/product"}],"about":[{"href":"http:\/\/klubmamgdynia.pl\/index.php\/wp-json\/wp\/v2\/types\/product"}],"replies":[{"embeddable":true,"href":"http:\/\/klubmamgdynia.pl\/index.php\/wp-json\/wp\/v2\/comments?post=6079"}],"wp:featuredmedia":[{"embeddable":true,"href":"http:\/\/klubmamgdynia.pl\/index.php\/wp-json\/wp\/v2\/media\/6080"}],"wp:attachment":[{"href":"http:\/\/klubmamgdynia.pl\/index.php\/wp-json\/wp\/v2\/media?parent=6079"}],"wp:term":[{"taxonomy":"product_cat","embeddable":true,"href":"http:\/\/klubmamgdynia.pl\/index.php\/wp-json\/wp\/v2\/product_cat?post=6079"},{"taxonomy":"product_tag","embeddable":true,"href":"http:\/\/klubmamgdynia.pl\/index.php\/wp-json\/wp\/v2\/product_tag?post=6079"}],"curies":[{"name":"wp","href":"https:\/\/api.w.org\/{rel}","templated":true}]}}