{"id":6119,"date":"2025-09-15T15:34:39","date_gmt":"2025-09-15T13:34:39","guid":{"rendered":"http:\/\/klubmamgdynia.pl\/?post_type=product&#038;p=6119"},"modified":"2026-04-30T16:22:57","modified_gmt":"2026-04-30T14:22:57","slug":"blackdecker-odkurzacz-ogrodowy-gw3031bp-qs","status":"publish","type":"product","link":"http:\/\/klubmamgdynia.pl\/index.php\/produkt\/blackdecker-odkurzacz-ogrodowy-gw3031bp-qs\/","title":{"rendered":"Black&amp;Decker Odkurzacz ogrodowy (GW3031BP-QS)"},"content":{"rendered":"<p>GW3031BP-QSElektryczny odkurzacz ogrodowy o mocy 3000 W z funkcjami ssania, wydmuchu i rozdrabniania z plecakiem na odpadki 72 L                            <\/p>\n<p>GALERIA PRODUKTU                            <\/p>\n<p>W\u0141A\u015aCIWO\u015aCI                            <\/p>\n<p>Nowy, trwalszy metalowy wentylator zwi\u0119ksza przep\u0142yw powietrza i mo\u017cliwo\u015bci mulczowania, jednocze\u015bnie redukuj\u0105c poziom ha\u0142asu.40% wi\u0119ksza pr\u0119dko\u015b\u0107 uderzenia (w por\u00f3wnaniu z poprzednikiem) Pr\u0119dko\u015b\u0107 nadmuchu 418 km\/h pozwala sprosta\u0107 najtrudniejszym pracom zwi\u0105zanym z porz\u0105dkowaniem ogrodu.O 30% wi\u0119ksza moc ssania (w por\u00f3wnaniu z poprzednikiem) do szybkiego usuwania nawet najbardziej uporczywych, mokrych resztek ogrodowych.                            <\/p>\n<p>Pokr\u0119t\u0142o o zmiennej pr\u0119dko\u015bci pozwala dopasowa\u0107 moc do zadania.Rozdrabniacz wysokoudarowy zmniejsza obj\u0119to\u015b\u0107 odpad\u00f3w z 16 do 1, przyspieszaj\u0105c kompostowanie i u\u0142atwiaj\u0105c usuwanie odpad\u00f3w.Lekka konstrukcja zapewniaj\u0105ca optymalny komfort i zwrotno\u015b\u0107 podczas u\u017cytkowania.Torba o pojemno\u015bci 72 l minimalizuje konieczno\u015b\u0107 cz\u0119stego opr\u00f3\u017cniania.                            <\/p>\n<p>ZAWIERA                            <\/p>\n<p>2 ruryPlecak na li\u015bcieGrabie &#8211; mocowane do ruryOpakowanie kartonoweKarta gwarancyjnaInstrukcja obs\u0142ugi w j\u0119zyku polskim                            <\/p>\n<p>WSPARCIE                            <\/p>\n<p>2 LATA GWARANCJIJeste\u015bmy pewni jako\u015bci naszych produkt\u00f3w i naprawimy bez op\u0142at wszelkie usterki wynikaj\u0105ce z wadliwych materia\u0142\u00f3w lub wykonania w ramach okre\u015blonej gwarancji.                            <\/p>\n<p>SERWISPodejmujemy szeroko zakrojone dzia\u0142ania, aby zapewni\u0107, \u017ce wszystkie nasze produkty s\u0105 wykonane zgodnie z najwy\u017cszymi standardami i spe\u0142niaj\u0105 wszystkie odpowiednie przepisy.                            <\/p>\n<p>POZNAJ CA\u0141\u0104 GAM\u0118 ODKURZACZY I DMUCHAW DO LI\u015aCI BLACK+DECKER:                            <\/p>\n<p>            Black&amp;Decker z serii Power Command (GWC1820PC-QW)<\/p>\n<p>                        od<br \/>\n                            380,86<br \/>\n                            z\u0142<\/p>\n<p>                    Zobacz<\/p>\n<p>            Black&amp;Decker Odkurzacz i dmuchawa ogrodowa (BEBLV290-QS)<\/p>\n<p>                        od<br \/>\n                            392,00<br \/>\n                            z\u0142<\/p>\n<p>                    Zobacz<\/p>\n<p>            Black&amp;Decker Dmuchawa ogrodowa (BCBL200L25-QW)<\/p>\n<p>                        od<br \/>\n                            435,00<br \/>\n                            z\u0142<\/p>\n<p>                    Zobacz<\/p>\n<p>            Black&amp;Decker Dmuchawa do li\u015bci (BCBL200B-XJ)<\/p>\n<p>                        od<br \/>\n                            254,00<br \/>\n                            z\u0142<\/p>\n<p>                    Zobacz<\/p>\n<p>            Black&amp;Decker BEBLV260-QS<\/p>\n<p>                        od<br \/>\n                            328,69<br \/>\n                            z\u0142<\/p>\n<p>                    Zobacz<\/p>\n<p>            Black&amp;Decker Odkurzacz ogrodowy (GW3031BP-QS)<\/p>\n<p>                        od<br \/>\n                            399,00<br \/>\n                            z\u0142<\/p>\n<p>                    Zobacz<\/p>\n<p>            Black&amp;Decker (GW3030-QS)<\/p>\n<p>                        od<br \/>\n                            383,75<br \/>\n                            z\u0142<\/p>\n<p>                    Zobacz<\/p>\n<p>            Black&amp;Decker (BEBLV301-QS)<\/p>\n<p>                        od<br \/>\n                            444,71<br \/>\n                            z\u0142<\/p>\n<p>                    Zobacz<\/p>\n<p>            Black&amp;Decker Dmuchawa do li\u015bci (BEBLV300-QS)<\/p>\n<p>                        od<br \/>\n                            396,00<br \/>\n                            z\u0142<\/p>\n<p>                    Zobacz<\/p>\n<p>            Black&amp;Decker BEBL185-QS<\/p>\n<p>                        od<br \/>\n                            224,00<br \/>\n                            z\u0142<\/p>\n<p>                    Zobacz<\/p>\n<h2>Black&amp;Decker Odkurzacz ogrodowy (GW3031BP-QS) Black&amp;Decker<\/h2>\n<p>my little pony kolorowanki, peppa do czytania, poczytaj mi wiersz, zagadki dla dzieci o zwierz\u0119tach, jak narysowa\u0107 nos, pomys\u0142 na prezent dla 15 latki, domowe syropy na zim\u0119, test z lektury felix net i nika oraz gang niewidzialnych ludzi, quizy \u015bwi\u0105teczne bo\u017ce narodzenie, ja\u015bmina, testy z lektury tajemniczy ogr\u00f3d, jeziora blisko warszawy, bajki na dobranoc dla dzieci, skye kolorowanka, quizy flagi, zabawy ruchowe dla dzieci, opisy o rodzinie, quiz bo\u017ce narodzenie, walentynka kolorowanka, cytaty o przyja\u017ani<\/p>\n<p>yyyyy<\/p>\n<p>&nbsp;<\/p>\n","protected":false},"excerpt":{"rendered":"<p>GW3031BP-QSElektryczny odkurzacz ogrodowy o mocy 3000 W z funkcjami ssania, wydmuchu i rozdrabniania z plecakiem na odpadki 72 L GALERIA PRODUKTU W\u0141A\u015aCIWO\u015aCI Nowy, trwalszy metalowy wentylator zwi\u0119ksza przep\u0142yw powietrza i mo\u017cliwo\u015bci mulczowania, jednocze\u015bnie redukuj\u0105c poziom ha\u0142asu.40% wi\u0119ksza pr\u0119dko\u015b\u0107 uderzenia (w por\u00f3wnaniu z poprzednikiem) Pr\u0119dko\u015b\u0107 nadmuchu 418 km\/h pozwala sprosta\u0107 najtrudniejszym pracom zwi\u0105zanym z porz\u0105dkowaniem ogrodu.O [&hellip;]<\/p>\n","protected":false},"featured_media":6120,"comment_status":"closed","ping_status":"open","template":"","meta":[],"product_cat":[937,1427],"product_tag":[819,644,655,582],"class_list":["post-6119","product","type-product","status-publish","has-post-thumbnail","hentry","product_cat-blackdecker","product_cat-dmuchawy-i-odkurzacze-do-lisci","product_tag-co-kupic-nastolatce-na-swieta","product_tag-mia","product_tag-najlepsze-zagadki","product_tag-nauka-pisania-literek-do-wydruku-pdf"],"_links":{"self":[{"href":"http:\/\/klubmamgdynia.pl\/index.php\/wp-json\/wp\/v2\/product\/6119","targetHints":{"allow":["GET"]}}],"collection":[{"href":"http:\/\/klubmamgdynia.pl\/index.php\/wp-json\/wp\/v2\/product"}],"about":[{"href":"http:\/\/klubmamgdynia.pl\/index.php\/wp-json\/wp\/v2\/types\/product"}],"replies":[{"embeddable":true,"href":"http:\/\/klubmamgdynia.pl\/index.php\/wp-json\/wp\/v2\/comments?post=6119"}],"wp:featuredmedia":[{"embeddable":true,"href":"http:\/\/klubmamgdynia.pl\/index.php\/wp-json\/wp\/v2\/media\/6120"}],"wp:attachment":[{"href":"http:\/\/klubmamgdynia.pl\/index.php\/wp-json\/wp\/v2\/media?parent=6119"}],"wp:term":[{"taxonomy":"product_cat","embeddable":true,"href":"http:\/\/klubmamgdynia.pl\/index.php\/wp-json\/wp\/v2\/product_cat?post=6119"},{"taxonomy":"product_tag","embeddable":true,"href":"http:\/\/klubmamgdynia.pl\/index.php\/wp-json\/wp\/v2\/product_tag?post=6119"}],"curies":[{"name":"wp","href":"https:\/\/api.w.org\/{rel}","templated":true}]}}