{"id":6121,"date":"2020-04-20T14:39:49","date_gmt":"2020-04-20T12:39:49","guid":{"rendered":"http:\/\/klubmamgdynia.pl\/index.php\/produkt\/fiskars-odchwaszczacz-quikfit-139970\/"},"modified":"2026-04-29T22:16:45","modified_gmt":"2026-04-29T20:16:45","slug":"fiskars-odchwaszczacz-quikfit-139970","status":"publish","type":"product","link":"http:\/\/klubmamgdynia.pl\/index.php\/produkt\/fiskars-odchwaszczacz-quikfit-139970\/","title":{"rendered":"Fiskars &#8211; Odchwaszczacz QuikFit 139970"},"content":{"rendered":"<p>Fiskars &#8211; Odchwaszczacz QuikFit 139970<\/p>\n<p>OpisFiskars QuikFit\u2122 to pe\u0142na gama narz\u0119dzi, mocowanych na aluminiowym trzonku, pozwalaj\u0105cych wykonywa\u0107 szereg prac ogrodniczych.System Fiskars QuikFit\u2122 z wymiennymi g\u0142owicami pozwala na wydajn\u0105 prac\u0119 i u\u0142atwia utrzymanie porz\u0105dku w\u015br\u00f3d narz\u0119dzi ogrodniczych. To wszechstronne rozwi\u0105zanie jest \u0142atwe w u\u017cyciu, zabiera niewiele miejsca i pozwala wykona\u0107 nawet najtrudniejsze ogrodnicze zadanie.Szeroki wachlarz wymiennych g\u0142owic pozwala dobra\u0107 odpowiednie narz\u0119dzie do danej czynno\u015bci.- Do pielenia &#8211; pozwala przygotowa\u0107 gleb\u0119 poprzez przeci\u0105ganie narz\u0119dzia do przodu i do ty\u0142u- G\u0142owica ze stali w\u0119glowej                            <\/p>\n<p>Parametry techniczneProducent: FiskarsSzeroko\u015b\u0107: 155 mmWysoko\u015b\u0107: 35 mmD\u0142ugo\u015b\u0107: 250 mmWaga: 358 g<\/p>\n<h2>Fiskars &#8211; Odchwaszczacz QuikFit 139970 Fiskars<\/h2>\n<p>janusz korczak cytaty, zagadki o lesie, na roczek dla ch\u0142opca, hello kitty kolorowanka, quiz o samochodach, prezent dla nastolatk\u00f3w, szlaczki literopodobne do wydruku, kolorowanki do druku super zings, zagadki, konkurencje sportowe dla dzieci, kolorowanki ninjago, krak\u00f3w atrakcje dla dzieci, quiz konie, karty pracy do druku litery, bajki dla dzieci na dobranoc, samoch\u00f3d kolorowanka do druku, malowanki dla dziewczynek, kolorowanki minionki, bajka krecik, prezent dla dwunastolatka<\/p>\n<p>yyyyy<\/p>\n<p>&nbsp;<\/p>\n","protected":false},"excerpt":{"rendered":"<p>Fiskars &#8211; Odchwaszczacz QuikFit 139970 OpisFiskars QuikFit\u2122 to pe\u0142na gama narz\u0119dzi, mocowanych na aluminiowym trzonku, pozwalaj\u0105cych wykonywa\u0107 szereg prac ogrodniczych.System Fiskars QuikFit\u2122 z wymiennymi g\u0142owicami pozwala na wydajn\u0105 prac\u0119 i u\u0142atwia utrzymanie porz\u0105dku w\u015br\u00f3d narz\u0119dzi ogrodniczych. To wszechstronne rozwi\u0105zanie jest \u0142atwe w u\u017cyciu, zabiera niewiele miejsca i pozwala wykona\u0107 nawet najtrudniejsze ogrodnicze zadanie.Szeroki wachlarz wymiennych [&hellip;]<\/p>\n","protected":false},"featured_media":6122,"comment_status":"closed","ping_status":"open","template":"","meta":[],"product_cat":[1051,1411],"product_tag":[808,697,647,679],"class_list":["post-6121","product","type-product","status-publish","has-post-thumbnail","hentry","product_cat-fiskars","product_cat-pozostale-narzedzia-reczne-do-ogrodu","product_tag-imie-mia","product_tag-krotkie-bajki-do-czytania","product_tag-warszawa-z-dzieckiem","product_tag-zabawki-na-roczek-dla-dziewczynki"],"_links":{"self":[{"href":"http:\/\/klubmamgdynia.pl\/index.php\/wp-json\/wp\/v2\/product\/6121","targetHints":{"allow":["GET"]}}],"collection":[{"href":"http:\/\/klubmamgdynia.pl\/index.php\/wp-json\/wp\/v2\/product"}],"about":[{"href":"http:\/\/klubmamgdynia.pl\/index.php\/wp-json\/wp\/v2\/types\/product"}],"replies":[{"embeddable":true,"href":"http:\/\/klubmamgdynia.pl\/index.php\/wp-json\/wp\/v2\/comments?post=6121"}],"wp:featuredmedia":[{"embeddable":true,"href":"http:\/\/klubmamgdynia.pl\/index.php\/wp-json\/wp\/v2\/media\/6122"}],"wp:attachment":[{"href":"http:\/\/klubmamgdynia.pl\/index.php\/wp-json\/wp\/v2\/media?parent=6121"}],"wp:term":[{"taxonomy":"product_cat","embeddable":true,"href":"http:\/\/klubmamgdynia.pl\/index.php\/wp-json\/wp\/v2\/product_cat?post=6121"},{"taxonomy":"product_tag","embeddable":true,"href":"http:\/\/klubmamgdynia.pl\/index.php\/wp-json\/wp\/v2\/product_tag?post=6121"}],"curies":[{"name":"wp","href":"https:\/\/api.w.org\/{rel}","templated":true}]}}