{"id":6149,"date":"2023-07-02T22:54:31","date_gmt":"2023-07-02T20:54:31","guid":{"rendered":"http:\/\/klubmamgdynia.pl\/?post_type=product&#038;p=6149"},"modified":"2026-05-17T22:31:10","modified_gmt":"2026-05-17T20:31:10","slug":"klein-fire-service-zestaw-strazaka-8950-zabawka","status":"publish","type":"product","link":"http:\/\/klubmamgdynia.pl\/index.php\/produkt\/klein-fire-service-zestaw-strazaka-8950-zabawka\/","title":{"rendered":"Klein Fire Service Zestaw Stra\u017caka 8950 &#8211; Zabawka"},"content":{"rendered":"<p>zestaw Stra\u017caka &#8211; maska chroni\u0105ca przed dymem (atrapa) &#8211; ga\u015bnica z funkcj\u0105 spryskiwacza (na wod\u0119) &#8211; megafon &#8211; latarka na bateri\u0119 &#8211; telefon kom\u00f3rkowy &#8211; gwizdek &#8211; odznaka imienna<\/p>\n<h2>Klein Fire Service Zestaw Stra\u017caka 8950 &#8211; Zabawka Klein<\/h2>\n<p>prezenty urodzinowe dla nastolatk\u00f3w, zagadki, lol kolorowanka, samochwa\u0142a, plac zamkowy<\/p>\n<p>yyyyy<\/p>\n<p>&nbsp;<\/p>\n","protected":false},"excerpt":{"rendered":"<p>zestaw Stra\u017caka &#8211; maska chroni\u0105ca przed dymem (atrapa) &#8211; ga\u015bnica z funkcj\u0105 spryskiwacza (na wod\u0119) &#8211; megafon &#8211; latarka na bateri\u0119 &#8211; telefon kom\u00f3rkowy &#8211; gwizdek &#8211; odznaka imienna Klein Fire Service Zestaw Stra\u017caka 8950 &#8211; Zabawka Klein prezenty urodzinowe dla nastolatk\u00f3w, zagadki, lol kolorowanka, samochwa\u0142a, plac zamkowy yyyyy &nbsp;<\/p>\n","protected":false},"featured_media":6150,"comment_status":"closed","ping_status":"open","template":"","meta":[],"product_cat":[53,52],"product_tag":[583,637,764,726,868],"class_list":["post-6149","product","type-product","status-publish","has-post-thumbnail","hentry","product_cat-kaciki-zabaw","product_cat-klein","product_tag-kolysanki-dla-dzieci-tekst","product_tag-niech-zyja-wakacje-tekst","product_tag-prezenty-na-roczek-dla-dziewczynki","product_tag-quiz-zemsta","product_tag-quizy-dla-dzieci"],"_links":{"self":[{"href":"http:\/\/klubmamgdynia.pl\/index.php\/wp-json\/wp\/v2\/product\/6149","targetHints":{"allow":["GET"]}}],"collection":[{"href":"http:\/\/klubmamgdynia.pl\/index.php\/wp-json\/wp\/v2\/product"}],"about":[{"href":"http:\/\/klubmamgdynia.pl\/index.php\/wp-json\/wp\/v2\/types\/product"}],"replies":[{"embeddable":true,"href":"http:\/\/klubmamgdynia.pl\/index.php\/wp-json\/wp\/v2\/comments?post=6149"}],"wp:featuredmedia":[{"embeddable":true,"href":"http:\/\/klubmamgdynia.pl\/index.php\/wp-json\/wp\/v2\/media\/6150"}],"wp:attachment":[{"href":"http:\/\/klubmamgdynia.pl\/index.php\/wp-json\/wp\/v2\/media?parent=6149"}],"wp:term":[{"taxonomy":"product_cat","embeddable":true,"href":"http:\/\/klubmamgdynia.pl\/index.php\/wp-json\/wp\/v2\/product_cat?post=6149"},{"taxonomy":"product_tag","embeddable":true,"href":"http:\/\/klubmamgdynia.pl\/index.php\/wp-json\/wp\/v2\/product_tag?post=6149"}],"curies":[{"name":"wp","href":"https:\/\/api.w.org\/{rel}","templated":true}]}}