{"id":6157,"date":"2023-01-05T13:06:11","date_gmt":"2023-01-05T12:06:11","guid":{"rendered":"http:\/\/klubmamgdynia.pl\/?post_type=product&#038;p=6157"},"modified":"2026-04-04T18:04:16","modified_gmt":"2026-04-04T16:04:16","slug":"mata-dywan-koc-na-podloge-dzungla-108x58","status":"publish","type":"product","link":"http:\/\/klubmamgdynia.pl\/index.php\/produkt\/mata-dywan-koc-na-podloge-dzungla-108x58\/","title":{"rendered":"Mata Dywan Koc Na Pod\u0142og\u0119 D\u017cungla 108X58"},"content":{"rendered":"<h2>Mata Dywan Koc Na Pod\u0142og\u0119 D\u017cungla 108X58 Lean Toys<\/h2>\n<p>cytat o przyja\u017ani, podchwytliwe zagadki z odpowiedziami, kr\u00f3tkie bajki dla dzieci, kolorowanki dla ch\u0142opc\u00f3w, cytat na dzie\u0144 mamy, g\u0142upie zagadki, atrakcje wroc\u0142aw i okolice, niech \u017cyj\u0105 wakacje tekst, zabawy dla 6 latk\u00f3w, proste dekoracje bo\u017conarodzeniowe dla dzieci<\/p>\n<p>yyyyy<\/p>\n<p>&nbsp;<\/p>\n","protected":false},"excerpt":{"rendered":"<p>Mata Dywan Koc Na Pod\u0142og\u0119 D\u017cungla 108X58 Lean Toys cytat o przyja\u017ani, podchwytliwe zagadki z odpowiedziami, kr\u00f3tkie bajki dla dzieci, kolorowanki dla ch\u0142opc\u00f3w, cytat na dzie\u0144 mamy, g\u0142upie zagadki, atrakcje wroc\u0142aw i okolice, niech \u017cyj\u0105 wakacje tekst, zabawy dla 6 latk\u00f3w, proste dekoracje bo\u017conarodzeniowe dla dzieci yyyyy &nbsp;<\/p>\n","protected":false},"featured_media":6158,"comment_status":"closed","ping_status":"open","template":"","meta":[],"product_cat":[1006,73],"product_tag":[775,639,742,796],"class_list":["post-6157","product","type-product","status-publish","has-post-thumbnail","hentry","product_cat-koce-i-narzuty-dzieciece","product_cat-lean-toys","product_tag-kolorowanki-do-druku-pokemon","product_tag-nela-imie","product_tag-piosenki-dla-dzieci-tekst","product_tag-zagatki"],"_links":{"self":[{"href":"http:\/\/klubmamgdynia.pl\/index.php\/wp-json\/wp\/v2\/product\/6157","targetHints":{"allow":["GET"]}}],"collection":[{"href":"http:\/\/klubmamgdynia.pl\/index.php\/wp-json\/wp\/v2\/product"}],"about":[{"href":"http:\/\/klubmamgdynia.pl\/index.php\/wp-json\/wp\/v2\/types\/product"}],"replies":[{"embeddable":true,"href":"http:\/\/klubmamgdynia.pl\/index.php\/wp-json\/wp\/v2\/comments?post=6157"}],"wp:featuredmedia":[{"embeddable":true,"href":"http:\/\/klubmamgdynia.pl\/index.php\/wp-json\/wp\/v2\/media\/6158"}],"wp:attachment":[{"href":"http:\/\/klubmamgdynia.pl\/index.php\/wp-json\/wp\/v2\/media?parent=6157"}],"wp:term":[{"taxonomy":"product_cat","embeddable":true,"href":"http:\/\/klubmamgdynia.pl\/index.php\/wp-json\/wp\/v2\/product_cat?post=6157"},{"taxonomy":"product_tag","embeddable":true,"href":"http:\/\/klubmamgdynia.pl\/index.php\/wp-json\/wp\/v2\/product_tag?post=6157"}],"curies":[{"name":"wp","href":"https:\/\/api.w.org\/{rel}","templated":true}]}}