{"id":6183,"date":"2012-11-19T22:06:59","date_gmt":"2012-11-19T21:06:59","guid":{"rendered":"http:\/\/klubmamgdynia.pl\/index.php\/produkt\/maped-fartuszek-do-malowania-early-age\/"},"modified":"2026-04-07T07:35:40","modified_gmt":"2026-04-07T05:35:40","slug":"maped-fartuszek-do-malowania-early-age","status":"publish","type":"product","link":"http:\/\/klubmamgdynia.pl\/index.php\/produkt\/maped-fartuszek-do-malowania-early-age\/","title":{"rendered":"Maped Fartuszek Do Malowania Early Age"},"content":{"rendered":"<p>Fartuszek ochronny z serii Early Age, niezb\u0119dny podczas pierwszych aktywno\u015bci najm\u0142odszych artyst\u00f3w. Przeznaczony dla dzieci w wieku od 18 miesi\u0105ca \u017cycia do 5 lat. Odpowiedni dla wzrostu od 82 do 110 cm. \u0141atwy do za\u0142o\u017cenia. Zapinany na 3 rzepy na plecach. Mi\u0119kkie, d\u0142ugie r\u0119kawy wykonane z poliestru nie kr\u0119puj\u0105 ruch\u00f3w dziecka. Front i plecy wykonane z bezpiecznego , przyjaznego \u015brodowisku tworzywa PEVA. Wodoodporny, \u0142atwy do wyczyszczenia\/wyprania. Fartuszek zapakowany w saszet\u0119 z zamkni\u0119ciem typu zip. J.S.: 1 saszetka<\/p>\n<h2>Maped Fartuszek Do Malowania Early Age Maped<\/h2>\n<p>mini zoo mazowieckie, cytaty na dzie\u0144 nauczyciela, roszpunka kolorowanka, kontynenty dla dzieci do druku, znaczenie imienia gabriel, tekst kolysanek, prezent dla nastolatki, swinka peppa do czytania, szablon choinki do wydruku, impreza halloween 2021 dla dzieci, kolorowanki do druku kotki, irma, m\u0105dre cytaty dla dzieci, kwiaty polne nazwy i zdj\u0119cia, kolorowanka lody, zagadki, jacek, imi\u0119 mia, ada imie, eksperyment dla dzieci wulkan<\/p>\n<p>yyyyy<\/p>\n<p>&nbsp;<\/p>\n","protected":false},"excerpt":{"rendered":"<p>Fartuszek ochronny z serii Early Age, niezb\u0119dny podczas pierwszych aktywno\u015bci najm\u0142odszych artyst\u00f3w. Przeznaczony dla dzieci w wieku od 18 miesi\u0105ca \u017cycia do 5 lat. Odpowiedni dla wzrostu od 82 do 110 cm. \u0141atwy do za\u0142o\u017cenia. Zapinany na 3 rzepy na plecach. Mi\u0119kkie, d\u0142ugie r\u0119kawy wykonane z poliestru nie kr\u0119puj\u0105 ruch\u00f3w dziecka. Front i plecy wykonane [&hellip;]<\/p>\n","protected":false},"featured_media":6184,"comment_status":"closed","ping_status":"open","template":"","meta":[],"product_cat":[1435,297],"product_tag":[839,734,718,769,778],"class_list":["post-6183","product","type-product","status-publish","has-post-thumbnail","hentry","product_cat-maped","product_cat-szkolne-artykuly-plastyczne","product_tag-bajki-na-dobranoc-do-czytania","product_tag-milan-imie","product_tag-prezent-na-roczek-dla-chrzesniaka","product_tag-psi-patrol-do-czytania","product_tag-zabawki-na-roczek-dla-chlopca"],"_links":{"self":[{"href":"http:\/\/klubmamgdynia.pl\/index.php\/wp-json\/wp\/v2\/product\/6183","targetHints":{"allow":["GET"]}}],"collection":[{"href":"http:\/\/klubmamgdynia.pl\/index.php\/wp-json\/wp\/v2\/product"}],"about":[{"href":"http:\/\/klubmamgdynia.pl\/index.php\/wp-json\/wp\/v2\/types\/product"}],"replies":[{"embeddable":true,"href":"http:\/\/klubmamgdynia.pl\/index.php\/wp-json\/wp\/v2\/comments?post=6183"}],"wp:featuredmedia":[{"embeddable":true,"href":"http:\/\/klubmamgdynia.pl\/index.php\/wp-json\/wp\/v2\/media\/6184"}],"wp:attachment":[{"href":"http:\/\/klubmamgdynia.pl\/index.php\/wp-json\/wp\/v2\/media?parent=6183"}],"wp:term":[{"taxonomy":"product_cat","embeddable":true,"href":"http:\/\/klubmamgdynia.pl\/index.php\/wp-json\/wp\/v2\/product_cat?post=6183"},{"taxonomy":"product_tag","embeddable":true,"href":"http:\/\/klubmamgdynia.pl\/index.php\/wp-json\/wp\/v2\/product_tag?post=6183"}],"curies":[{"name":"wp","href":"https:\/\/api.w.org\/{rel}","templated":true}]}}