{"id":6201,"date":"2022-06-19T10:56:56","date_gmt":"2022-06-19T08:56:56","guid":{"rendered":"http:\/\/klubmamgdynia.pl\/index.php\/produkt\/trifox-ukladanka-ksiazeczka-magnetyczna\/"},"modified":"2026-05-17T23:00:53","modified_gmt":"2026-05-17T21:00:53","slug":"trifox-ukladanka-ksiazeczka-magnetyczna","status":"publish","type":"product","link":"http:\/\/klubmamgdynia.pl\/index.php\/produkt\/trifox-ukladanka-ksiazeczka-magnetyczna\/","title":{"rendered":"Trifox Uk\u0142adanka Ksi\u0105\u017ceczka Magnetyczna"},"content":{"rendered":"<p>Uk\u0142adanka ksi\u0105\u017ceczka magnetyczna&#8230;<\/p>\n<h2>Trifox Uk\u0142adanka Ksi\u0105\u017ceczka Magnetyczna Trifox<\/h2>\n<p>test detektyw pozytywka, maska kota do druku, logiczne zagadki, kryspinow, pokemony do druku, zagadki o wio\u015bnie dla dzieci, okolice wroc\u0142awia, zagadki o zwierz\u0119tach, \u015bw przemys\u0142aw, walentynka dla c\u00f3rki, laurka kolorowanki na dzie\u0144 mamy, prezent na pierwsze urodziny, zagadki matematyczne na logik\u0119, zdrowe dania dla dzieci, platformy edukacyjne dla dzieci, testy z lektury opowie\u015bci z narnii lew czarownica i stara szafa<\/p>\n<p>yyyyy<\/p>\n<p>&nbsp;<\/p>\n","protected":false},"excerpt":{"rendered":"<p>Uk\u0142adanka ksi\u0105\u017ceczka magnetyczna&#8230; Trifox Uk\u0142adanka Ksi\u0105\u017ceczka Magnetyczna Trifox test detektyw pozytywka, maska kota do druku, logiczne zagadki, kryspinow, pokemony do druku, zagadki o wio\u015bnie dla dzieci, okolice wroc\u0142awia, zagadki o zwierz\u0119tach, \u015bw przemys\u0142aw, walentynka dla c\u00f3rki, laurka kolorowanki na dzie\u0144 mamy, prezent na pierwsze urodziny, zagadki matematyczne na logik\u0119, zdrowe dania dla dzieci, platformy edukacyjne [&hellip;]<\/p>\n","protected":false},"featured_media":6202,"comment_status":"closed","ping_status":"open","template":"","meta":[],"product_cat":[308,39],"product_tag":[611,650,797],"class_list":["post-6201","product","type-product","status-publish","has-post-thumbnail","hentry","product_cat-trifox","product_cat-zabawki-interaktywne","product_tag-bajki-do-czytania-psi-patrol","product_tag-choinka-z-bibuly","product_tag-kiekrz"],"_links":{"self":[{"href":"http:\/\/klubmamgdynia.pl\/index.php\/wp-json\/wp\/v2\/product\/6201","targetHints":{"allow":["GET"]}}],"collection":[{"href":"http:\/\/klubmamgdynia.pl\/index.php\/wp-json\/wp\/v2\/product"}],"about":[{"href":"http:\/\/klubmamgdynia.pl\/index.php\/wp-json\/wp\/v2\/types\/product"}],"replies":[{"embeddable":true,"href":"http:\/\/klubmamgdynia.pl\/index.php\/wp-json\/wp\/v2\/comments?post=6201"}],"wp:featuredmedia":[{"embeddable":true,"href":"http:\/\/klubmamgdynia.pl\/index.php\/wp-json\/wp\/v2\/media\/6202"}],"wp:attachment":[{"href":"http:\/\/klubmamgdynia.pl\/index.php\/wp-json\/wp\/v2\/media?parent=6201"}],"wp:term":[{"taxonomy":"product_cat","embeddable":true,"href":"http:\/\/klubmamgdynia.pl\/index.php\/wp-json\/wp\/v2\/product_cat?post=6201"},{"taxonomy":"product_tag","embeddable":true,"href":"http:\/\/klubmamgdynia.pl\/index.php\/wp-json\/wp\/v2\/product_tag?post=6201"}],"curies":[{"name":"wp","href":"https:\/\/api.w.org\/{rel}","templated":true}]}}