{"id":6205,"date":"2013-08-10T23:20:13","date_gmt":"2013-08-10T21:20:13","guid":{"rendered":"http:\/\/klubmamgdynia.pl\/index.php\/produkt\/super-toys-audi-q5-pelna-opcja-s305\/"},"modified":"2026-04-22T07:21:18","modified_gmt":"2026-04-22T05:21:18","slug":"super-toys-audi-q5-pelna-opcja-s305","status":"publish","type":"product","link":"http:\/\/klubmamgdynia.pl\/index.php\/produkt\/super-toys-audi-q5-pelna-opcja-s305\/","title":{"rendered":"Super-Toys Audi Q5- Pe\u0142na Opcja\/S305"},"content":{"rendered":"<p>Absolutna nowo\u015b\u0107 !!!!!!Auto kt\u00f3re w\u0142a\u015bnie w tej wersji robi wra\u017cenie.AUDI Q5S-305W WERSJI Z RADIEM FM I BLUETOOTH- super jako\u015b\u0107 wykonania.Auto z otwieranymi drzwiami, mi\u0119kkimi ko\u0142ami i mi\u0119kkim siedzeniem z pasami.Nap\u0119dzany dwoma silnikami 45 W &#8222;STRONG 2&#8243;Amortyzatory k\u00f3\u0142, sterowanie pojazdem za pomoc\u0105 pilota .Panel posiada wej\u015bcie na USB, bluetooth &#8211; mo\u017cliwo\u015b\u0107 po\u0142\u0105czenia z telefonem,wska\u017anik na\u0142adowania akumulatora.Wgrane s\u0105 w nim utwory oraz dodatkowe zapowiedzi, pojazd m\u00f3wi do dziecka.Pilot 2.4 Ghz z hamulcem i trzema pr\u0119dko\u015bciami jazdyOpis przedmiotu:Kolor czarny:Opis na podstawie wybranego koloru:Mi\u0119kkie ko\u0142a EVA:R\u0105czka i k\u00f3\u0142ka do holowania:Mi\u0119kkie siedzenie z pasami:Kierownica:Nowoczesny panel z Radiem FM, USB i BluetoothemFilm:Opis przedmiotu:AUTO AUDI Q5 zasilane na 1&#215;12 V z nap\u0119dem na 2 ko\u0142a zachwyci nie jednego przysz\u0142ego kierowc\u0119. Jest to wyj\u0105tkowe auto &#8211; pe\u0142en luksus -Ciekawym elementem jest o\u015bwietlenie pojazdu &#8211; \u015bwiec\u0105ce \u015bwiat\u0142a przednie i tylneAuto posiada amortyzatory kt\u00f3re zapewniaj\u0105 m\u0142odemu kierowcy pe\u0142en komfort jazdy podczas jazdy w terenie. Du\u017ce mi\u0119kkie ko\u0142a EVA i mi\u0119kkie siedzenie z i pasami.Panel z wej\u015bciem na USB oraz mo\u017cliwo\u015bci\u0105 pod\u0142\u0105czenia telefonu za pomoc\u0105 bluetootha. W panelu wgrane melodie i opowie\u015bci.Dodatkow\u0105 atrakcj\u0105 jest mo\u017cliwo\u015b\u0107 pod\u0142\u0105czenia pod\u0142\u0105czenia urz\u0105dzenia zewn\u0119trznego np. do s\u0142uchania ulubionej muzyki.Wska\u017anik na\u0142adowania akumulator LED daj\u0105 pe\u0142en komfort u\u017cytkowania pojazdu &#8211; wiemy na jak d\u0142ugo mamy jeszcze &#8221; paliwa&#8221; ( napi\u0119cia w akumulatorach wska\u017anik znajduje si\u0119 obok slotu na karty).Zdalne sterowania pojazdem system ESW 2.4 GhzRodzice maj\u0105 pe\u0142n\u0105 kontrol\u0119 nad jazd\u0105 Pociechy &#8211; w ka\u017cdej chwili mog\u0105 zareagowa\u0107 pilotem na jazd\u0119 swojego Dziecka ( w innych modelach jest mo\u017cliwa jazda na zdalnym sterowaniu tylko po prze\u0142\u0105czeniu w\u0142\u0105cznika R\/C, tutaj takiego prze\u0142\u0105cznika nie ma). Dzi\u0119ki w\u0142a\u015bnie takiemu rozwi\u0105zaniu kiedy Rodzice widz\u0105 \u017ce dziecko jedzie w z\u0142ym kierunku mog\u0105 natychmiast zareagowa\u0107 pilotem &#8211; zmieni\u0107 kierunek jazdy lub w tej wersji natychmiast zatrzyma\u0107 pojazd &#8211; funkcja STOP w pilocie. Dodatkowo z pilota jest mo\u017cliwe ustawienie 1 z 3 pr\u0119dko\u015bci jazdy.Zdecydowanie jest to jedno z najbezpieczniejszych i najlepszych rozwi\u0105za\u0144 w pojazdach na akumulator.Auto posiada:silnik: 2 sztuki x 12 V 45W akumulator 1x12V 7 Ah nowoczesny paneld\u017awignia bieg\u00f3w &#8211; zmiana kierunku jazdytrzy pr\u0119dko\u015bci jazdy regulacja za pomoc\u0105 pilotaw\u0142\u0105cznik\/wy\u0142\u0105cznik o\u015bwietleniaauto posiada elektryczny hamulec, dzia\u0142aj\u0105cy po zdj\u0119ciu nogi z peda\u0142u gazu, hamuje samoczynnie oraz hamulec w pilocieauto posiada d\u017awi\u0119ki &#8211; klakson oraz z odg\u0142os uruchamiania pojazdu i pracy silnika &#8211; po w\u0142\u0105czeniu pojazduatutem s\u0105 du\u017ce mi\u0119kkie ko\u0142a EVA NOWO\u015a\u0106mi\u0119kkie siedzenie z pasamiSymbol katalogowy modelu:S-305-CZARNYTyp, marka:AUDI Q5Ilo\u015b\u0107 miejsc:Pojazd 1 osobowyParametry techniczne:Karoseria:PLASTIKOWA &#8211; SUPER JAKO\u015a\u0106Silniki nap\u0119dowe:2x 45 W, 12V STRONG2Zasilanie:Akumulator 1 x 12V 7 Ah, AGM\u0141adowarka:230V 50\/60 Hz 12V 1000 mAPilot zdalnego sterowania:Tak, 2.4 Ghz z hamulcem bezzak\u0142\u00f3ceniowySystem wolnego startu ESW &#8211; NOWO\u015a\u0106 &#8211; zapewnia wolny start i wolne hamowanieIlo\u015b\u0107 bieg\u00f3w:Jazda z pilota &#8211; 3 pr\u0119dko\u015bci do przodu i do ty\u0142u &#8211; z pilota Jazda manualna &#8211; 3 pr\u0119dko\u015bci, sterowanie z pilota Wyposa\u017cenie pojazdu:Mi\u0119kkie siedzenie:Tak+ bezpieczne pasy,Ko\u0142a:Mi\u0119kkie EVAOtwierane drzwi:Tak , z blokad\u0105\u015awiec\u0105ce ko\u0142aNieR\u0105czka do holowania i k\u00f3\u0142ka:TakEfekty d\u017awi\u0119kowe:Klakson, d\u017awi\u0119ki uruchamiania pojazdu d\u017awi\u0119ki i piosenki z paneluwej\u015bcie na USBbluetooth,radio FMKluczyki:Nie, pojazd uruchamiany w\u0142\u0105cznikiem na nowoczesnym paneluAmortyzatory:Tak, ty\u0142Panel:Panel d\u017awi\u0119kowy do s\u0142uchania muzyki, wska\u017anik na\u0142adowania akumulatora BLUETOOTH,RADIO FMregulacja g\u0142o\u015bno\u015bci mo\u017cliwo\u015b\u0107 pod\u0142\u0105czenia USB i telefonu kom\u00f3rkowego lewarek zmiany kierunku jazdyz panelu obs\u0142ugujemy pr\u0119dko\u015b\u0107, \u015bwiat\u0142a &#8211; tryb migania\/wy\u0142\u0105czenia\/ lub \u015bwieceniaWymiary pojazdu, jazda, obci\u0105\u017cenie i funkcje dodatkowe:Wymiary pojazdu:d\u0142ugo\u015b\u0107 ok. 120 cm szeroko\u015b\u0107 ok.: 75 cm wysoko\u015b\u0107 do kierownicy ok.: 55 cm wysoko\u015b\u0107 do siedzenia ok.:55 cmwysoko\u015b\u0107 drzwi ok.: 52 cm szeroko\u015b\u0107 siedziska ok.: 40 cm odleg\u0142o\u015b\u0107 siedziska od peda\u0142u gazu ok.: 68 cm,ko\u0142o prz\u00f3d: \u015brednica ok.: 25 cm szeroko\u015b\u0107 ok.: 9 cm ko\u0142a ty\u0142 \u015brednica ok.: 25 cm szeroko\u015b\u0107: ok. 9 cm prze\u015bwit od pod\u0142o\u017ca do przodu ok.: 11 cm Max.obci\u0105\u017cenie pojazdu:30 kgWaga pojazdu:19 kgWymiar opakowania:126 cm x 65 cm x 47 cmWaga z opakowaniem:24 kgPr\u0119dko\u015b\u0107 i jazda:do 5 km\/h3 pr\u0119dko\u015bci jazdy od 2-3 km\/h,4-5 km\/h 5-6 km\/h regulacja pr\u0119dko\u015b\u0107 z pilotape\u0142na kontrola nad pojazdem przez Rodzicafunkcja hamulca w pilocieEfekty \u015bwietlne:Tak &#8211; \u015bwiat\u0142a prz\u00f3d,ty\u0142pod\u015bwietlana deska, panel,Sk\u0142adane lusterka:TakHamowanie:Pojazd hamuje po zdj\u0119ciu nogi z gazu, lub za pomoc\u0105 przycisku STOP na pilocieCzas \u0142adowania:8 do 12 godzin,zasilacza nie nale\u017cy pozostawia\u0107 w \u017ar\u00f3dle zasilania, gdy pojazd nie jest \u0142adowanyCzas jazdy:do 2 godzin jazdy, w zale\u017cno\u015bci od warunk\u00f3w zewn\u0119trznych i obci\u0105\u017cenia **Czas jazdy zale\u017cy od czynnik\u00f3w zewn\u0119trznych.Dodatkowe funkcje:mi\u0119kkie ko\u0142ami\u0119kkie siedzenie,nowoczesny panelRADIO FMBLUETOOTHGwarancja:Pisemna 12 miesi\u0119cyWysy\u0142ka i monta\u017c:Pojazd do samodzielnego monta\u017cu, wysy\u0142any w oryginalnym kartonie &#8211; czas monta\u017cu ok. 20 do 30 minut *Czas monta\u017cu zale\u017cy od umiej\u0119tno\u015bci osoby montuj\u0105cej.Tablica rejestracyjna:Prz\u00f3d: 13,5 cm x 3,5 cmTy\u0142: 16 cm x 4 cmGwarancja :12 miesi\u0119cyZnak zgodno\u015bci i certyfikaty:Ostrze\u017cenia:1. Monta\u017c musi by\u0107 wykonany przez osob\u0119 doros\u0142\u0105.2. Jazda zawsze musi odbywa\u0107 si\u0119 pod nadzorem osoby doros\u0142ej nie nale\u017cy je\u017adzi\u0107 po drogach publicznych ( w ruchu publicznym) w pobli\u017cu miejsc niebezpiecznych, mo\u017ce to skutkowa\u0107 wypadkiem.3. Nale\u017cy stosowa\u0107 wyposa\u017cenie ochronne typu kask, ochraniacze na kolana, ochraniacze na \u0142okcie.4. Przeznaczenie od: 3 do 6 lat.<\/p>\n<h2>Super-Toys Audi Q5- Pe\u0142na Opcja\/S305 Super-Toys<\/h2>\n<p>flagi europy quiz, maski na twarz dla dzieci do wydruku, antystresowe mandale do druku, maski karnawa\u0142owe do druku, zabawka na roczek dla dziewczynki, miriam imi\u0119, opisy do zdj z dzieckiem, kolorowanka dla dzieci, \u0142amig\u0142\u00f3wki dla dzieci do wydruku<\/p>\n<p>yyyyy<\/p>\n<p>&nbsp;<\/p>\n","protected":false},"excerpt":{"rendered":"<p>Absolutna nowo\u015b\u0107 !!!!!!Auto kt\u00f3re w\u0142a\u015bnie w tej wersji robi wra\u017cenie.AUDI Q5S-305W WERSJI Z RADIEM FM I BLUETOOTH- super jako\u015b\u0107 wykonania.Auto z otwieranymi drzwiami, mi\u0119kkimi ko\u0142ami i mi\u0119kkim siedzeniem z pasami.Nap\u0119dzany dwoma silnikami 45 W &#8222;STRONG 2&#8243;Amortyzatory k\u00f3\u0142, sterowanie pojazdem za pomoc\u0105 pilota .Panel posiada wej\u015bcie na USB, bluetooth &#8211; mo\u017cliwo\u015b\u0107 po\u0142\u0105czenia z telefonem,wska\u017anik na\u0142adowania akumulatora.Wgrane [&hellip;]<\/p>\n","protected":false},"featured_media":6206,"comment_status":"closed","ping_status":"open","template":"","meta":[],"product_cat":[24,51],"product_tag":[669,692,636],"class_list":["post-6205","product","type-product","status-publish","has-post-thumbnail","hentry","product_cat-samochody-dla-dzieci","product_cat-super-toys","product_tag-kolorowanki","product_tag-prezenty-na-roczek","product_tag-teksty-kolysanek"],"_links":{"self":[{"href":"http:\/\/klubmamgdynia.pl\/index.php\/wp-json\/wp\/v2\/product\/6205","targetHints":{"allow":["GET"]}}],"collection":[{"href":"http:\/\/klubmamgdynia.pl\/index.php\/wp-json\/wp\/v2\/product"}],"about":[{"href":"http:\/\/klubmamgdynia.pl\/index.php\/wp-json\/wp\/v2\/types\/product"}],"replies":[{"embeddable":true,"href":"http:\/\/klubmamgdynia.pl\/index.php\/wp-json\/wp\/v2\/comments?post=6205"}],"wp:featuredmedia":[{"embeddable":true,"href":"http:\/\/klubmamgdynia.pl\/index.php\/wp-json\/wp\/v2\/media\/6206"}],"wp:attachment":[{"href":"http:\/\/klubmamgdynia.pl\/index.php\/wp-json\/wp\/v2\/media?parent=6205"}],"wp:term":[{"taxonomy":"product_cat","embeddable":true,"href":"http:\/\/klubmamgdynia.pl\/index.php\/wp-json\/wp\/v2\/product_cat?post=6205"},{"taxonomy":"product_tag","embeddable":true,"href":"http:\/\/klubmamgdynia.pl\/index.php\/wp-json\/wp\/v2\/product_tag?post=6205"}],"curies":[{"name":"wp","href":"https:\/\/api.w.org\/{rel}","templated":true}]}}