{"id":6209,"date":"2025-04-05T10:20:44","date_gmt":"2025-04-05T08:20:44","guid":{"rendered":"http:\/\/klubmamgdynia.pl\/?post_type=product&#038;p=6209"},"modified":"2026-04-29T09:12:28","modified_gmt":"2026-04-29T07:12:28","slug":"adar-zestaw-wojsko-501874","status":"publish","type":"product","link":"http:\/\/klubmamgdynia.pl\/index.php\/produkt\/adar-zestaw-wojsko-501874\/","title":{"rendered":"Adar Zestaw wojsko 501874"},"content":{"rendered":"<p>Zestaw \u017co\u0142nierzyk\u00f3w z pojazdami, w tubie;Wymiary: 26x14x14cm&#8230;<\/p>\n<h2>Adar Zestaw wojsko 501874 Adar<\/h2>\n<p>zagadki matematyczne dla przedszkolak\u00f3w, babciu droga babciu tekst, lukrecja imi\u0119, pa\u0144stwa europy i ich stolice quiz, quiz psi patrol, wzory zaprosze\u0144 zaproszenie na urodziny do druku pdf, tajemniczy ogr\u00f3d test z odpowiedziami, test z lektury pies kt\u00f3ry je\u017adzi\u0142 kolej\u0105, romantyczna bajka na dobranoc, zosia samosia wiersz, stare piosenki dla dzieci teksty, wr\u00f3\u017cby andrzejkowe online dla dzieci, zadania logiczne, pytania wielkanocne, macierzy\u0144stwo cytaty, adriana znaczenie imienia, atrakcje warszawa dla dzieci, kolorowanki \u015bwi\u0119to niepodleg\u0142o\u015bci do druku<\/p>\n<p>yyyyy<\/p>\n<p>&nbsp;<\/p>\n","protected":false},"excerpt":{"rendered":"<p>Zestaw \u017co\u0142nierzyk\u00f3w z pojazdami, w tubie;Wymiary: 26x14x14cm&#8230; Adar Zestaw wojsko 501874 Adar zagadki matematyczne dla przedszkolak\u00f3w, babciu droga babciu tekst, lukrecja imi\u0119, pa\u0144stwa europy i ich stolice quiz, quiz psi patrol, wzory zaprosze\u0144 zaproszenie na urodziny do druku pdf, tajemniczy ogr\u00f3d test z odpowiedziami, test z lektury pies kt\u00f3ry je\u017adzi\u0142 kolej\u0105, romantyczna bajka na dobranoc, [&hellip;]<\/p>\n","protected":false},"featured_media":6210,"comment_status":"closed","ping_status":"open","template":"","meta":[],"product_cat":[175,95],"product_tag":[650,744,813,600],"class_list":["post-6209","product","type-product","status-publish","has-post-thumbnail","hentry","product_cat-adar","product_cat-figurki-makiety-i-zestawy","product_tag-choinka-z-bibuly","product_tag-kolorowanki-swiateczne-do-wydruku","product_tag-krotkie-zagadki-matematyczne-z-odpowiedziami","product_tag-zaproszenia-na-urodziny-do-druku"],"_links":{"self":[{"href":"http:\/\/klubmamgdynia.pl\/index.php\/wp-json\/wp\/v2\/product\/6209","targetHints":{"allow":["GET"]}}],"collection":[{"href":"http:\/\/klubmamgdynia.pl\/index.php\/wp-json\/wp\/v2\/product"}],"about":[{"href":"http:\/\/klubmamgdynia.pl\/index.php\/wp-json\/wp\/v2\/types\/product"}],"replies":[{"embeddable":true,"href":"http:\/\/klubmamgdynia.pl\/index.php\/wp-json\/wp\/v2\/comments?post=6209"}],"wp:featuredmedia":[{"embeddable":true,"href":"http:\/\/klubmamgdynia.pl\/index.php\/wp-json\/wp\/v2\/media\/6210"}],"wp:attachment":[{"href":"http:\/\/klubmamgdynia.pl\/index.php\/wp-json\/wp\/v2\/media?parent=6209"}],"wp:term":[{"taxonomy":"product_cat","embeddable":true,"href":"http:\/\/klubmamgdynia.pl\/index.php\/wp-json\/wp\/v2\/product_cat?post=6209"},{"taxonomy":"product_tag","embeddable":true,"href":"http:\/\/klubmamgdynia.pl\/index.php\/wp-json\/wp\/v2\/product_tag?post=6209"}],"curies":[{"name":"wp","href":"https:\/\/api.w.org\/{rel}","templated":true}]}}