{"id":6213,"date":"2013-10-11T08:46:25","date_gmt":"2013-10-11T06:46:25","guid":{"rendered":"http:\/\/klubmamgdynia.pl\/index.php\/produkt\/bayer-chic-bayer-chic-2000-wozek-sklepowy-melange-lilac-zabawka\/"},"modified":"2026-04-22T22:08:34","modified_gmt":"2026-04-22T20:08:34","slug":"bayer-chic-bayer-chic-2000-wozek-sklepowy-melange-lilac-zabawka","status":"publish","type":"product","link":"http:\/\/klubmamgdynia.pl\/index.php\/produkt\/bayer-chic-bayer-chic-2000-wozek-sklepowy-melange-lilac-zabawka\/","title":{"rendered":"Bayer-Chic Bayer Chic 2000 W\u00f3zek Sklepowy Melange Lilac &#8211; Zabawka"},"content":{"rendered":"<p>Szczeg\u00f3\u0142y produktu: Wiek: od 3 lat Modern w\u00f3zek sklepowy z wyjmowanym koszem na zakupy wysoko\u015b\u0107 popychacza ok. 60 cm Kosz na zakupy ok. 31 x 24 cm Sk\u0142adany uchwyt Wymiary i waga: Wymiary (d\u0142ugo\u015b\u0107 x szeroko\u015b\u0107 x wysoko\u015b\u0107): 46 x 31 x 60 cm Waga: 1,2 kg Materia\u0142 i piel\u0119gnacja: Materia\u0142: stal, poliester, plastik, MDF<\/p>\n<h2>Bayer-Chic Bayer Chic 2000 W\u00f3zek Sklepowy Melange Lilac &#8211; Zabawka <\/h2>\n<p>bajka o miko\u0142aju do czytania, kolorowanki lol do druku, pomys\u0142y na pakowanie prezent\u00f3w, pch\u0142y na noc, desery dla dzieci, \u0142\u00f3d\u017a atrakcje dla dzieci, \u015bmieszne zagadki z odpowiedziami, justyna imi\u0119, bajka o dinozaurach do czytania, bajki dla chlopcow<\/p>\n<p>yyyyy<\/p>\n<p>&nbsp;<\/p>\n","protected":false},"excerpt":{"rendered":"<p>Szczeg\u00f3\u0142y produktu: Wiek: od 3 lat Modern w\u00f3zek sklepowy z wyjmowanym koszem na zakupy wysoko\u015b\u0107 popychacza ok. 60 cm Kosz na zakupy ok. 31 x 24 cm Sk\u0142adany uchwyt Wymiary i waga: Wymiary (d\u0142ugo\u015b\u0107 x szeroko\u015b\u0107 x wysoko\u015b\u0107): 46 x 31 x 60 cm Waga: 1,2 kg Materia\u0142 i piel\u0119gnacja: Materia\u0142: stal, poliester, plastik, MDF [&hellip;]<\/p>\n","protected":false},"featured_media":6214,"comment_status":"closed","ping_status":"open","template":"","meta":[],"product_cat":[53],"product_tag":[654,764,799],"class_list":["post-6213","product","type-product","status-publish","has-post-thumbnail","hentry","product_cat-kaciki-zabaw","product_tag-krotkie-bajki-dla-dzieci-do-czytania","product_tag-prezenty-na-roczek-dla-dziewczynki","product_tag-zagadka-logiczna"],"_links":{"self":[{"href":"http:\/\/klubmamgdynia.pl\/index.php\/wp-json\/wp\/v2\/product\/6213","targetHints":{"allow":["GET"]}}],"collection":[{"href":"http:\/\/klubmamgdynia.pl\/index.php\/wp-json\/wp\/v2\/product"}],"about":[{"href":"http:\/\/klubmamgdynia.pl\/index.php\/wp-json\/wp\/v2\/types\/product"}],"replies":[{"embeddable":true,"href":"http:\/\/klubmamgdynia.pl\/index.php\/wp-json\/wp\/v2\/comments?post=6213"}],"wp:featuredmedia":[{"embeddable":true,"href":"http:\/\/klubmamgdynia.pl\/index.php\/wp-json\/wp\/v2\/media\/6214"}],"wp:attachment":[{"href":"http:\/\/klubmamgdynia.pl\/index.php\/wp-json\/wp\/v2\/media?parent=6213"}],"wp:term":[{"taxonomy":"product_cat","embeddable":true,"href":"http:\/\/klubmamgdynia.pl\/index.php\/wp-json\/wp\/v2\/product_cat?post=6213"},{"taxonomy":"product_tag","embeddable":true,"href":"http:\/\/klubmamgdynia.pl\/index.php\/wp-json\/wp\/v2\/product_tag?post=6213"}],"curies":[{"name":"wp","href":"https:\/\/api.w.org\/{rel}","templated":true}]}}