{"id":6223,"date":"2014-07-24T22:13:58","date_gmt":"2014-07-24T20:13:58","guid":{"rendered":"http:\/\/klubmamgdynia.pl\/index.php\/produkt\/midex-food-truck-mobilna-lodziarnia-kuchnia-na-kolach-zabawka\/"},"modified":"2026-05-17T22:50:51","modified_gmt":"2026-05-17T20:50:51","slug":"midex-food-truck-mobilna-lodziarnia-kuchnia-na-kolach-zabawka","status":"publish","type":"product","link":"http:\/\/klubmamgdynia.pl\/index.php\/produkt\/midex-food-truck-mobilna-lodziarnia-kuchnia-na-kolach-zabawka\/","title":{"rendered":"Midex Food Truck Mobilna Lodziarnia Kuchnia Na Ko\u0142ach &#8211; Zabawka"},"content":{"rendered":"<p>CUKIERNIA LODZIARNIA NA K\u00d3\u0141KACHRestauracja na k\u00f3\u0142kach pozwoli Ci przygotowa\u0107 ulubione napoje oraz potrawy w ka\u017cdym miejscu.Zestaw sk\u0142ada si\u0119 z mobilnej lodziarni oraz mn\u00f3stwa akcesori\u00f3w niezb\u0119dnych do zabawy.Zabawka zajmie malucha na wiele godzin i dostarczy mu du\u017co rado\u015bci i dobrej zabawyWymiary opakowania: 26 x 8,5 x 16cm.<\/p>\n<h2>Midex Food Truck Mobilna Lodziarnia Kuchnia Na Ko\u0142ach &#8211; Zabawka Midex<\/h2>\n<p>maly kotek kotek kolorowanka, kolorowanki lol do druku, wierszyki o marzannie, star wars kolorowanki, samolot z papieru, jak si\u0119 rysuje kota, quizy dla dzieci o zwierz\u0119tach, znaki drogowe do druku, jak narysowa\u0107 kr\u00f3lika, prezenty na roczek dla ch\u0142opca, bajki na dobranoc psi patrol, \u015bmieszne \u0142ama\u0144ce j\u0119zykowe, wzruszaj\u0105c\u0105 piosenka dla taty, kolorowanki konie z je\u017ad\u017acem, kolorowanki antystresowe, gda\u0144sk atrakcje dla m\u0142odzie\u017cy<\/p>\n<p>yyyyy<\/p>\n<p>&nbsp;<\/p>\n","protected":false},"excerpt":{"rendered":"<p>CUKIERNIA LODZIARNIA NA K\u00d3\u0141KACHRestauracja na k\u00f3\u0142kach pozwoli Ci przygotowa\u0107 ulubione napoje oraz potrawy w ka\u017cdym miejscu.Zestaw sk\u0142ada si\u0119 z mobilnej lodziarni oraz mn\u00f3stwa akcesori\u00f3w niezb\u0119dnych do zabawy.Zabawka zajmie malucha na wiele godzin i dostarczy mu du\u017co rado\u015bci i dobrej zabawyWymiary opakowania: 26 x 8,5 x 16cm. Midex Food Truck Mobilna Lodziarnia Kuchnia Na Ko\u0142ach &#8211; [&hellip;]<\/p>\n","protected":false},"featured_media":6224,"comment_status":"closed","ping_status":"open","template":"","meta":[],"product_cat":[53,1091],"product_tag":[859,763,586],"class_list":["post-6223","product","type-product","status-publish","has-post-thumbnail","hentry","product_cat-kaciki-zabaw","product_cat-midex","product_tag-dobranoc-pchly-na-noc","product_tag-fabian","product_tag-smieszne-zagadki"],"_links":{"self":[{"href":"http:\/\/klubmamgdynia.pl\/index.php\/wp-json\/wp\/v2\/product\/6223","targetHints":{"allow":["GET"]}}],"collection":[{"href":"http:\/\/klubmamgdynia.pl\/index.php\/wp-json\/wp\/v2\/product"}],"about":[{"href":"http:\/\/klubmamgdynia.pl\/index.php\/wp-json\/wp\/v2\/types\/product"}],"replies":[{"embeddable":true,"href":"http:\/\/klubmamgdynia.pl\/index.php\/wp-json\/wp\/v2\/comments?post=6223"}],"wp:featuredmedia":[{"embeddable":true,"href":"http:\/\/klubmamgdynia.pl\/index.php\/wp-json\/wp\/v2\/media\/6224"}],"wp:attachment":[{"href":"http:\/\/klubmamgdynia.pl\/index.php\/wp-json\/wp\/v2\/media?parent=6223"}],"wp:term":[{"taxonomy":"product_cat","embeddable":true,"href":"http:\/\/klubmamgdynia.pl\/index.php\/wp-json\/wp\/v2\/product_cat?post=6223"},{"taxonomy":"product_tag","embeddable":true,"href":"http:\/\/klubmamgdynia.pl\/index.php\/wp-json\/wp\/v2\/product_tag?post=6223"}],"curies":[{"name":"wp","href":"https:\/\/api.w.org\/{rel}","templated":true}]}}