{"id":6235,"date":"2019-02-22T17:18:14","date_gmt":"2019-02-22T16:18:14","guid":{"rendered":"http:\/\/klubmamgdynia.pl\/index.php\/produkt\/pilch-goralek-rowerek-biegowy\/"},"modified":"2026-04-25T11:41:15","modified_gmt":"2026-04-25T09:41:15","slug":"pilch-goralek-rowerek-biegowy","status":"publish","type":"product","link":"http:\/\/klubmamgdynia.pl\/index.php\/produkt\/pilch-goralek-rowerek-biegowy\/","title":{"rendered":"Pilch G\u00f3ralek Rowerek Biegowy"},"content":{"rendered":"<p>Drewniany rowerek biegowy Pilch G\u00f3ralek Charakterystyka: Solidna drewniana rama wykonana ze sklejki o grubo\u015bci 10 mm, wygodne siedzisko o p\u0142ynnej regulacji wysoko\u015bci na 14 cm, ograniczony skr\u0119t kierownicy, 2 ko\u0142a o \u015brednicy 28 cm, waga g\u00f3ralka to 2,8 kg, maksymalne obci\u0105\u017cenie do 20 kg, Minimalna wysoko\u015b\u0107 siode\u0142ka od pod\u0142o\u017ca 29 cm, Maksymalna wysoko\u015b\u0107 siode\u0142ka od pod\u0142o\u017ca 43 cm. Polskie znaki towarowe \u2013 numer zg\u0142oszenia \u2013 z-370763Certyfikaty:G\u00f3ralek posiada znak Bezpiecze\u0144stwa &#8222;B&#8221;<\/p>\n<h2>Pilch G\u00f3ralek Rowerek Biegowy Pilch<\/h2>\n<p>minionki kolorowanka, kolorowanki lego ninjago, quiz dynastia mizio\u0142k\u00f3w, szablony postacie do szopki do druku, zagadki z odpowiedziami, karty pracy po ukrai\u0144sku, literki do pisania, zagadki o zwierzetach, wulkan z sody, loga samochod\u00f3w, kolorowanka europa, aniela znaczenie imienia, halloween warszawa 2021 dzieci, warszawa z dzieckiem, kolorowanka piesek do druku, quiz kajko i kokosz szko\u0142a latania, wierszyk o wakacjach, prezent na roczek dla ch\u0142opca, kiedy dzieci chodza na halloween<\/p>\n<p>yyyyy<\/p>\n<p>&nbsp;<\/p>\n","protected":false},"excerpt":{"rendered":"<p>Drewniany rowerek biegowy Pilch G\u00f3ralek Charakterystyka: Solidna drewniana rama wykonana ze sklejki o grubo\u015bci 10 mm, wygodne siedzisko o p\u0142ynnej regulacji wysoko\u015bci na 14 cm, ograniczony skr\u0119t kierownicy, 2 ko\u0142a o \u015brednicy 28 cm, waga g\u00f3ralka to 2,8 kg, maksymalne obci\u0105\u017cenie do 20 kg, Minimalna wysoko\u015b\u0107 siode\u0142ka od pod\u0142o\u017ca 29 cm, Maksymalna wysoko\u015b\u0107 siode\u0142ka od [&hellip;]<\/p>\n","protected":false},"featured_media":6236,"comment_status":"closed","ping_status":"open","template":"","meta":[],"product_cat":[1442,453],"product_tag":[825,729,726,623],"class_list":["post-6235","product","type-product","status-publish","has-post-thumbnail","hentry","product_cat-pilch","product_cat-rowerki-biegowe","product_tag-bajka-na-dobranoc-do-czytania","product_tag-madre-bajki-dla-dzieci-do-czytania","product_tag-quiz-zemsta","product_tag-zagadki-logiczne-smieszne"],"_links":{"self":[{"href":"http:\/\/klubmamgdynia.pl\/index.php\/wp-json\/wp\/v2\/product\/6235","targetHints":{"allow":["GET"]}}],"collection":[{"href":"http:\/\/klubmamgdynia.pl\/index.php\/wp-json\/wp\/v2\/product"}],"about":[{"href":"http:\/\/klubmamgdynia.pl\/index.php\/wp-json\/wp\/v2\/types\/product"}],"replies":[{"embeddable":true,"href":"http:\/\/klubmamgdynia.pl\/index.php\/wp-json\/wp\/v2\/comments?post=6235"}],"wp:featuredmedia":[{"embeddable":true,"href":"http:\/\/klubmamgdynia.pl\/index.php\/wp-json\/wp\/v2\/media\/6236"}],"wp:attachment":[{"href":"http:\/\/klubmamgdynia.pl\/index.php\/wp-json\/wp\/v2\/media?parent=6235"}],"wp:term":[{"taxonomy":"product_cat","embeddable":true,"href":"http:\/\/klubmamgdynia.pl\/index.php\/wp-json\/wp\/v2\/product_cat?post=6235"},{"taxonomy":"product_tag","embeddable":true,"href":"http:\/\/klubmamgdynia.pl\/index.php\/wp-json\/wp\/v2\/product_tag?post=6235"}],"curies":[{"name":"wp","href":"https:\/\/api.w.org\/{rel}","templated":true}]}}