{"id":6241,"date":"2017-06-18T23:08:59","date_gmt":"2017-06-18T21:08:59","guid":{"rendered":"http:\/\/klubmamgdynia.pl\/index.php\/produkt\/trifox-pilka-miekka-materialowa-z-dzwonkiem\/"},"modified":"2026-04-22T10:56:57","modified_gmt":"2026-04-22T08:56:57","slug":"trifox-pilka-miekka-materialowa-z-dzwonkiem","status":"publish","type":"product","link":"http:\/\/klubmamgdynia.pl\/index.php\/produkt\/trifox-pilka-miekka-materialowa-z-dzwonkiem\/","title":{"rendered":"Trifox Pi\u0142ka Mi\u0119kka Materia\u0142owa Z Dzwonkiem"},"content":{"rendered":"<p>Pi\u0142ka mi\u0119kka materia\u0142owa z dzwonkiemWymiary: 10cm&#8230;<\/p>\n<h2>Trifox Pi\u0142ka Mi\u0119kka Materia\u0142owa Z Dzwonkiem Trifox<\/h2>\n<p>o b\u0142\u0119dne dyktando, zagadki na inteligencje, prezent roczek, anastazja imi\u0119, kanapki halloween, imi\u0119 r\u00f3\u017ca, pokemon kolorowanki, bezpieczne kosmetyki do makija\u017cu dla dzieci, wzory zaprosze\u0144 zaproszenie na urodziny szablon do druku, zagadki typu co to jest, kajko i kokosz test z lektury, quiz o bo\u017cym narodzeniu, kolorowanki minecraft, najrzadsze imiona w polsce, kolorowanka pokemon, bajki dla niemowlakow, cytaty o wychowaniu i nauczaniu<\/p>\n<p>yyyyy<\/p>\n<p>&nbsp;<\/p>\n","protected":false},"excerpt":{"rendered":"<p>Pi\u0142ka mi\u0119kka materia\u0142owa z dzwonkiemWymiary: 10cm&#8230; Trifox Pi\u0142ka Mi\u0119kka Materia\u0142owa Z Dzwonkiem Trifox o b\u0142\u0119dne dyktando, zagadki na inteligencje, prezent roczek, anastazja imi\u0119, kanapki halloween, imi\u0119 r\u00f3\u017ca, pokemon kolorowanki, bezpieczne kosmetyki do makija\u017cu dla dzieci, wzory zaprosze\u0144 zaproszenie na urodziny szablon do druku, zagadki typu co to jest, kajko i kokosz test z lektury, quiz [&hellip;]<\/p>\n","protected":false},"featured_media":6242,"comment_status":"closed","ping_status":"open","template":"","meta":[],"product_cat":[293,308],"product_tag":[695,616,809,712],"class_list":["post-6241","product","type-product","status-publish","has-post-thumbnail","hentry","product_cat-pilki-dla-dzieci","product_cat-trifox","product_tag-rzadkie-imiona-zenskie","product_tag-test-mikolajek-25-pytan","product_tag-zagadki","product_tag-zagadki-o-zwierzetach"],"_links":{"self":[{"href":"http:\/\/klubmamgdynia.pl\/index.php\/wp-json\/wp\/v2\/product\/6241","targetHints":{"allow":["GET"]}}],"collection":[{"href":"http:\/\/klubmamgdynia.pl\/index.php\/wp-json\/wp\/v2\/product"}],"about":[{"href":"http:\/\/klubmamgdynia.pl\/index.php\/wp-json\/wp\/v2\/types\/product"}],"replies":[{"embeddable":true,"href":"http:\/\/klubmamgdynia.pl\/index.php\/wp-json\/wp\/v2\/comments?post=6241"}],"wp:featuredmedia":[{"embeddable":true,"href":"http:\/\/klubmamgdynia.pl\/index.php\/wp-json\/wp\/v2\/media\/6242"}],"wp:attachment":[{"href":"http:\/\/klubmamgdynia.pl\/index.php\/wp-json\/wp\/v2\/media?parent=6241"}],"wp:term":[{"taxonomy":"product_cat","embeddable":true,"href":"http:\/\/klubmamgdynia.pl\/index.php\/wp-json\/wp\/v2\/product_cat?post=6241"},{"taxonomy":"product_tag","embeddable":true,"href":"http:\/\/klubmamgdynia.pl\/index.php\/wp-json\/wp\/v2\/product_tag?post=6241"}],"curies":[{"name":"wp","href":"https:\/\/api.w.org\/{rel}","templated":true}]}}