{"id":6245,"date":"2014-05-10T18:40:51","date_gmt":"2014-05-10T16:40:51","guid":{"rendered":"http:\/\/klubmamgdynia.pl\/index.php\/produkt\/vtech-grzechotka-owocowa-gasieniczka-60104\/"},"modified":"2026-04-26T03:44:55","modified_gmt":"2026-04-26T01:44:55","slug":"vtech-grzechotka-owocowa-gasieniczka-60104","status":"publish","type":"product","link":"http:\/\/klubmamgdynia.pl\/index.php\/produkt\/vtech-grzechotka-owocowa-gasieniczka-60104\/","title":{"rendered":"VTech Grzechotka Owocowa G\u0105sieniczka 60104"},"content":{"rendered":"<p>VTech Grzechotka Owocowa G\u0105sieniczka 60104Owocowa G\u0105sieniczka to edukacyjna i muzyczna grzechotka dla dzieci w wieku od 6 do 24 miesi\u0119cy.Warto\u015bci edukacyjne:\u0106wiczenie skupienia u najm\u0142odszych dzieci.Wprowadzenie w \u015bwiat pierwszych liter i cyfr.Rozw\u00f3j koordynacji wzrokowo-ruchowej.Nauka samodzielnej obs\u0142ugi prostej zabawki.                            <\/p>\n<p>            VTech Grzechotka Owocowa G\u0105sieniczka 60104<\/p>\n<p>                        od<br \/>\n                            55,93<br \/>\n                            z\u0142<\/p>\n<p>                    Zobacz<\/p>\n<h2>VTech Grzechotka Owocowa G\u0105sieniczka 60104 VTech<\/h2>\n<p>pytania wielkanocne, zabawki na roczek dla dziewczynki, quizy \u015bwi\u0105teczne bo\u017ce narodzenie, opis do zdj\u0119cia dziecka, z\u0142ote my\u015bli pedagogiczne, zabawy na bal karnawa\u0142owy w przedszkolu, nadia imi\u0119, opisy o rodzinie, bajki do czytania, malowanie kamieni, znaczenie imiona dawid, jagna, kotek kolorowanka do druku, karty pracy dla uczni\u00f3w z ukrainy, imie iwo, quiz bo\u017ce narodzenie, kolorowanka my little pony, test opowie\u015bci z narnii lew czarownica i stara szafa do druku, gaja imi\u0119, natan imi\u0119<\/p>\n<p>yyyyy<\/p>\n<p>&nbsp;<\/p>\n","protected":false},"excerpt":{"rendered":"<p>VTech Grzechotka Owocowa G\u0105sieniczka 60104Owocowa G\u0105sieniczka to edukacyjna i muzyczna grzechotka dla dzieci w wieku od 6 do 24 miesi\u0119cy.Warto\u015bci edukacyjne:\u0106wiczenie skupienia u najm\u0142odszych dzieci.Wprowadzenie w \u015bwiat pierwszych liter i cyfr.Rozw\u00f3j koordynacji wzrokowo-ruchowej.Nauka samodzielnej obs\u0142ugi prostej zabawki. VTech Grzechotka Owocowa G\u0105sieniczka 60104 od 55,93 z\u0142 Zobacz VTech Grzechotka Owocowa G\u0105sieniczka 60104 VTech pytania wielkanocne, zabawki [&hellip;]<\/p>\n","protected":false},"featured_media":6246,"comment_status":"closed","ping_status":"open","template":"","meta":[],"product_cat":[63,1203],"product_tag":[845,837,598,859,614,701],"class_list":["post-6245","product","type-product","status-publish","has-post-thumbnail","hentry","product_cat-grzechotki-i-gryzaki","product_cat-vtech","product_tag-ach-spij-kochanie-tekst","product_tag-cicha-noc-po-angielsku","product_tag-co-na-roczek-dla-dziewczynki","product_tag-dobranoc-pchly-na-noc","product_tag-pia","product_tag-zgadywanki-dla-dzieci"],"_links":{"self":[{"href":"http:\/\/klubmamgdynia.pl\/index.php\/wp-json\/wp\/v2\/product\/6245","targetHints":{"allow":["GET"]}}],"collection":[{"href":"http:\/\/klubmamgdynia.pl\/index.php\/wp-json\/wp\/v2\/product"}],"about":[{"href":"http:\/\/klubmamgdynia.pl\/index.php\/wp-json\/wp\/v2\/types\/product"}],"replies":[{"embeddable":true,"href":"http:\/\/klubmamgdynia.pl\/index.php\/wp-json\/wp\/v2\/comments?post=6245"}],"wp:featuredmedia":[{"embeddable":true,"href":"http:\/\/klubmamgdynia.pl\/index.php\/wp-json\/wp\/v2\/media\/6246"}],"wp:attachment":[{"href":"http:\/\/klubmamgdynia.pl\/index.php\/wp-json\/wp\/v2\/media?parent=6245"}],"wp:term":[{"taxonomy":"product_cat","embeddable":true,"href":"http:\/\/klubmamgdynia.pl\/index.php\/wp-json\/wp\/v2\/product_cat?post=6245"},{"taxonomy":"product_tag","embeddable":true,"href":"http:\/\/klubmamgdynia.pl\/index.php\/wp-json\/wp\/v2\/product_tag?post=6245"}],"curies":[{"name":"wp","href":"https:\/\/api.w.org\/{rel}","templated":true}]}}