{"id":6259,"date":"2022-03-31T06:48:47","date_gmt":"2022-03-31T04:48:47","guid":{"rendered":"http:\/\/klubmamgdynia.pl\/index.php\/produkt\/madej-pantofle-631-24-brazowe-lico\/"},"modified":"2026-04-08T20:13:11","modified_gmt":"2026-04-08T18:13:11","slug":"madej-pantofle-631-24-brazowe-lico","status":"publish","type":"product","link":"http:\/\/klubmamgdynia.pl\/index.php\/produkt\/madej-pantofle-631-24-brazowe-lico\/","title":{"rendered":"Madej Pantofle 631\/24 Br\u0105zowe Lico"},"content":{"rendered":"<p>Eleganckie pantofle marki Madej:- cholewka wykonana zosta\u0142a ze sk\u00f3ry naturalnej licowej- wn\u0119trze pokryte zosta\u0142o sk\u00f3r\u0105 naturaln\u0105 aby zapewni\u0107 komfort podczas u\u017cytkowania- obcas o wys. 2 cm zapewnia stabilizacj\u0119 i nadaje elegancji- sznurowana cholewka zapewnia dopasowanie obuwia do t\u0119go\u015bci stopy- br\u0105zowy kolor oraz elegancki fason tworz\u0105 efekt, kt\u00f3ry zadowoli ka\u017cd\u0105 kobiet\u0119!<\/p>\n<h2>Madej Pantofle 631\/24 Br\u0105zowe Lico Madej<\/h2>\n<p>kolorowanki do wydruku, kanapki halloween, karty pracy po ukrai\u0144sku, rysowanki, quizy flagi, bianka, po \u0142\u0105ce biega lato tekst, prezenty dla m\u0142odzie\u017cy, aneta, zagadki logiczne \u015bmieszne, kolorowanka lego ninjago<\/p>\n<p>yyyyy<\/p>\n<p>&nbsp;<\/p>\n","protected":false},"excerpt":{"rendered":"<p>Eleganckie pantofle marki Madej:- cholewka wykonana zosta\u0142a ze sk\u00f3ry naturalnej licowej- wn\u0119trze pokryte zosta\u0142o sk\u00f3r\u0105 naturaln\u0105 aby zapewni\u0107 komfort podczas u\u017cytkowania- obcas o wys. 2 cm zapewnia stabilizacj\u0119 i nadaje elegancji- sznurowana cholewka zapewnia dopasowanie obuwia do t\u0119go\u015bci stopy- br\u0105zowy kolor oraz elegancki fason tworz\u0105 efekt, kt\u00f3ry zadowoli ka\u017cd\u0105 kobiet\u0119! Madej Pantofle 631\/24 Br\u0105zowe Lico [&hellip;]<\/p>\n","protected":false},"featured_media":6260,"comment_status":"closed","ping_status":"open","template":"","meta":[],"product_cat":[70,1446],"product_tag":[617,734,795,601],"class_list":["post-6259","product","type-product","status-publish","has-post-thumbnail","hentry","product_cat-madej","product_cat-polbuty-meskie","product_tag-keyword","product_tag-milan-imie","product_tag-mini-zoo-warszawa","product_tag-zagadki-co-to-jest"],"_links":{"self":[{"href":"http:\/\/klubmamgdynia.pl\/index.php\/wp-json\/wp\/v2\/product\/6259","targetHints":{"allow":["GET"]}}],"collection":[{"href":"http:\/\/klubmamgdynia.pl\/index.php\/wp-json\/wp\/v2\/product"}],"about":[{"href":"http:\/\/klubmamgdynia.pl\/index.php\/wp-json\/wp\/v2\/types\/product"}],"replies":[{"embeddable":true,"href":"http:\/\/klubmamgdynia.pl\/index.php\/wp-json\/wp\/v2\/comments?post=6259"}],"wp:featuredmedia":[{"embeddable":true,"href":"http:\/\/klubmamgdynia.pl\/index.php\/wp-json\/wp\/v2\/media\/6260"}],"wp:attachment":[{"href":"http:\/\/klubmamgdynia.pl\/index.php\/wp-json\/wp\/v2\/media?parent=6259"}],"wp:term":[{"taxonomy":"product_cat","embeddable":true,"href":"http:\/\/klubmamgdynia.pl\/index.php\/wp-json\/wp\/v2\/product_cat?post=6259"},{"taxonomy":"product_tag","embeddable":true,"href":"http:\/\/klubmamgdynia.pl\/index.php\/wp-json\/wp\/v2\/product_tag?post=6259"}],"curies":[{"name":"wp","href":"https:\/\/api.w.org\/{rel}","templated":true}]}}