{"id":6291,"date":"2024-01-12T11:06:55","date_gmt":"2024-01-12T10:06:55","guid":{"rendered":"http:\/\/klubmamgdynia.pl\/?post_type=product&#038;p=6291"},"modified":"2026-04-18T21:17:40","modified_gmt":"2026-04-18T19:17:40","slug":"rotho-babydesign-rotho-baby-design-grzebien-i-szczotka-z-naturalnego-wlosia-blekit-nieba","status":"publish","type":"product","link":"http:\/\/klubmamgdynia.pl\/index.php\/produkt\/rotho-babydesign-rotho-baby-design-grzebien-i-szczotka-z-naturalnego-wlosia-blekit-nieba\/","title":{"rendered":"Rotho Babydesign Rotho Baby Design Grzebie\u0144 I Szczotka Z Naturalnego W\u0142osia, B\u0142\u0119kit Nieba"},"content":{"rendered":"<p>Szczotka z wyj\u0105tkowo mi\u0119kkim naturalnym w\u0142osiem i grzebie\u0144 z zaokr\u0105glonymi ko\u0144c\u00f3wkami s\u0105 idealne do piel\u0119gnacji w\u0142os\u00f3w Twojego dziecka. Delikatny dla wra\u017cliwej sk\u00f3ry g\u0142owy i delikatnych w\u0142os\u00f3w dziecka. Szczotka wykonana jest z mi\u0119kkiego, hipoalergicznego i antystatycznego naturalnego w\u0142osia, a grzebie\u0144 ma zaokr\u0105glone rogi, aby delikatnie piel\u0119gnowa\u0107 wra\u017cliw\u0105 sk\u00f3r\u0119 g\u0142owy i delikatne w\u0142osy Twojego malucha. U\u0142atwia to delikatne usuwanie osadu na g\u0142owie i czapeczki ko\u0142yski. Ponadto oba zosta\u0142y przetestowane pod k\u0105tem bezpiecze\u0144stwa chemicznego i s\u0105 wykonane z trwa\u0142ego i solidnego materia\u0142u. W\u0142a\u015bciwe przygotowanie Po\u015bwi\u0119\u0107 czas na opiek\u0119 nad dzieckiem i upewnij si\u0119, \u017ce jeste\u015b spokojna i zrelaksowana. Pomieszczenie i twoje r\u0119ce powinny by\u0107 ciep\u0142e. Przyjemne o\u015bwietlenie i cicha muzyka w tle sprzyjaj\u0105 dobremu samopoczuciu. M\u00f3w do swojego malucha i utrzymuj z nim kontakt wzrokowy podczas szczotkowania i czesania &#8211; to tworzy pe\u0142n\u0105 mi\u0142o\u015bci i intymn\u0105 atmosfer\u0119 dla Ciebie i Twojego dziecka. Szczeg\u00f3\u0142y produktu: Kolor: b\u0142\u0119kit nieba Wykonane z wysokiej jako\u015bci tworzywa sztucznego Wyj\u0105tkowo mi\u0119kkie w\u0142osie naturalne Made in Germany Uwaga: Przed pierwszym u\u017cyciem wyczy\u015b\u0107 grzebie\u0144 i szczotk\u0119 \u0142agodnym myd\u0142em pod bie\u017c\u0105c\u0105 wod\u0105. Materia\u0142 w pe\u0142ni nadaje si\u0119 do recyklingu i jest zgodny z<\/p>\n<h2>Rotho Babydesign Rotho Baby Design Grzebie\u0144 I Szczotka Z Naturalnego W\u0142osia, B\u0142\u0119kit Nieba Rotho Babydesign<\/h2>\n<p>co robi\u0107 z dzieckiem w warszawie, kolorowanki kotki, kr\u00f3tkie zagadki matematyczne z odpowiedziami, proste dekoracje bo\u017conarodzeniowe dla dzieci, oliwier, wroc\u0142aw atrakcje dla m\u0142odzie\u017cy, nietypowe imiona damskie, prezent dla trzynastolatki, najpi\u0119kniejsze cytaty cytaty dla mamy, minecraft kolorowanki, gra kulki, co kupi\u0107 ch\u0142opcu na roczek, imi\u0119 kostek<\/p>\n<p>yyyyy<\/p>\n<p>&nbsp;<\/p>\n","protected":false},"excerpt":{"rendered":"<p>Szczotka z wyj\u0105tkowo mi\u0119kkim naturalnym w\u0142osiem i grzebie\u0144 z zaokr\u0105glonymi ko\u0144c\u00f3wkami s\u0105 idealne do piel\u0119gnacji w\u0142os\u00f3w Twojego dziecka. Delikatny dla wra\u017cliwej sk\u00f3ry g\u0142owy i delikatnych w\u0142os\u00f3w dziecka. Szczotka wykonana jest z mi\u0119kkiego, hipoalergicznego i antystatycznego naturalnego w\u0142osia, a grzebie\u0144 ma zaokr\u0105glone rogi, aby delikatnie piel\u0119gnowa\u0107 wra\u017cliw\u0105 sk\u00f3r\u0119 g\u0142owy i delikatne w\u0142osy Twojego malucha. U\u0142atwia to [&hellip;]<\/p>\n","protected":false},"featured_media":6292,"comment_status":"closed","ping_status":"open","template":"","meta":[],"product_cat":[901,1080],"product_tag":[719,618,850,608],"class_list":["post-6291","product","type-product","status-publish","has-post-thumbnail","hentry","product_cat-pozostale-akcesoria-do-pielegnacji-dzieci","product_cat-rotho-babydesign","product_tag-dziecko-cytaty-zlote-mysli","product_tag-lato-lato-lato-czeka-tekst","product_tag-wroclaw-atrakcje-dla-dzieci","product_tag-zagadki-i-odpowiedzi"],"_links":{"self":[{"href":"http:\/\/klubmamgdynia.pl\/index.php\/wp-json\/wp\/v2\/product\/6291","targetHints":{"allow":["GET"]}}],"collection":[{"href":"http:\/\/klubmamgdynia.pl\/index.php\/wp-json\/wp\/v2\/product"}],"about":[{"href":"http:\/\/klubmamgdynia.pl\/index.php\/wp-json\/wp\/v2\/types\/product"}],"replies":[{"embeddable":true,"href":"http:\/\/klubmamgdynia.pl\/index.php\/wp-json\/wp\/v2\/comments?post=6291"}],"wp:featuredmedia":[{"embeddable":true,"href":"http:\/\/klubmamgdynia.pl\/index.php\/wp-json\/wp\/v2\/media\/6292"}],"wp:attachment":[{"href":"http:\/\/klubmamgdynia.pl\/index.php\/wp-json\/wp\/v2\/media?parent=6291"}],"wp:term":[{"taxonomy":"product_cat","embeddable":true,"href":"http:\/\/klubmamgdynia.pl\/index.php\/wp-json\/wp\/v2\/product_cat?post=6291"},{"taxonomy":"product_tag","embeddable":true,"href":"http:\/\/klubmamgdynia.pl\/index.php\/wp-json\/wp\/v2\/product_tag?post=6291"}],"curies":[{"name":"wp","href":"https:\/\/api.w.org\/{rel}","templated":true}]}}