{"id":631,"date":"2012-10-20T00:24:39","date_gmt":"2012-10-19T22:24:39","guid":{"rendered":"http:\/\/klubmamgdynia.pl\/index.php\/produkt\/lanacare-hypoalergiczny-krem-pielegnacyjny-dla-mam-karmiacych-na-popekane-i-suche-brodawki-40-ml\/"},"modified":"2026-05-17T22:39:24","modified_gmt":"2026-05-17T20:39:24","slug":"lanacare-hypoalergiczny-krem-pielegnacyjny-dla-mam-karmiacych-na-popekane-i-suche-brodawki-40-ml","status":"publish","type":"product","link":"http:\/\/klubmamgdynia.pl\/index.php\/produkt\/lanacare-hypoalergiczny-krem-pielegnacyjny-dla-mam-karmiacych-na-popekane-i-suche-brodawki-40-ml\/","title":{"rendered":"LanaCare Hypoalergiczny krem piel\u0119gnacyjny dla mam karmi\u0105cych na pop\u0119kane i suche brodawki 40 ml"},"content":{"rendered":"<p>W\u0142a\u015bciwo\u015bci:Krem pomaga z\u0142agodzi\u0107 b\u00f3l, sw\u0119dzenie piersi. Wspaniale dzia\u0142a na such\u0105, podra\u017cnion\u0105 sk\u00f3r\u0119. Produkt jest bezpieczny, w 100% hypoalergiczny. Nie zawiera dodatk\u00f3w chemicznych ani perfum. Nie ma potrzeby usuwania kremu z sutk\u00f3w przed karmieniem.Sk\u0142adniki:Lanolin, Caprylic\/Caprice Trigliceride.Spos\u00f3b u\u017cycia:Na\u0142\u00f3\u017c krem na oczyszczon\u0105 sk\u00f3r\u0119.Opakowanie: 40 ml<\/p>\n<h2>LanaCare Hypoalergiczny krem piel\u0119gnacyjny dla mam karmi\u0105cych na pop\u0119kane i suche brodawki 40 ml <\/h2>\n<p>pomys\u0142 na prezent dla nastolatki, co kupi\u0107 nastolatce na urodziny, \u017carty prima aprilis, prezent dla nastolatk\u00f3w 2021, wiosna zagadki s\u0142owne, prezent na roczek<\/p>\n<p>yyyyy<\/p>\n<p>&nbsp;<\/p>\n","protected":false},"excerpt":{"rendered":"<p>W\u0142a\u015bciwo\u015bci:Krem pomaga z\u0142agodzi\u0107 b\u00f3l, sw\u0119dzenie piersi. Wspaniale dzia\u0142a na such\u0105, podra\u017cnion\u0105 sk\u00f3r\u0119. Produkt jest bezpieczny, w 100% hypoalergiczny. Nie zawiera dodatk\u00f3w chemicznych ani perfum. Nie ma potrzeby usuwania kremu z sutk\u00f3w przed karmieniem.Sk\u0142adniki:Lanolin, Caprylic\/Caprice Trigliceride.Spos\u00f3b u\u017cycia:Na\u0142\u00f3\u017c krem na oczyszczon\u0105 sk\u00f3r\u0119.Opakowanie: 40 ml LanaCare Hypoalergiczny krem piel\u0119gnacyjny dla mam karmi\u0105cych na pop\u0119kane i suche brodawki 40 [&hellip;]<\/p>\n","protected":false},"featured_media":632,"comment_status":"closed","ping_status":"open","template":"","meta":[],"product_cat":[238],"product_tag":[645,856,625,576,796],"class_list":["post-631","product","type-product","status-publish","has-post-thumbnail","hentry","product_cat-oslonki-na-piersi","product_tag-latwe-zagadki","product_tag-prezent-dla-16-latki","product_tag-trojmiasto-atrakcje-dla-dzieci","product_tag-trudne-zagadki","product_tag-zagatki"],"_links":{"self":[{"href":"http:\/\/klubmamgdynia.pl\/index.php\/wp-json\/wp\/v2\/product\/631","targetHints":{"allow":["GET"]}}],"collection":[{"href":"http:\/\/klubmamgdynia.pl\/index.php\/wp-json\/wp\/v2\/product"}],"about":[{"href":"http:\/\/klubmamgdynia.pl\/index.php\/wp-json\/wp\/v2\/types\/product"}],"replies":[{"embeddable":true,"href":"http:\/\/klubmamgdynia.pl\/index.php\/wp-json\/wp\/v2\/comments?post=631"}],"wp:featuredmedia":[{"embeddable":true,"href":"http:\/\/klubmamgdynia.pl\/index.php\/wp-json\/wp\/v2\/media\/632"}],"wp:attachment":[{"href":"http:\/\/klubmamgdynia.pl\/index.php\/wp-json\/wp\/v2\/media?parent=631"}],"wp:term":[{"taxonomy":"product_cat","embeddable":true,"href":"http:\/\/klubmamgdynia.pl\/index.php\/wp-json\/wp\/v2\/product_cat?post=631"},{"taxonomy":"product_tag","embeddable":true,"href":"http:\/\/klubmamgdynia.pl\/index.php\/wp-json\/wp\/v2\/product_tag?post=631"}],"curies":[{"name":"wp","href":"https:\/\/api.w.org\/{rel}","templated":true}]}}