{"id":6331,"date":"2014-01-19T11:13:38","date_gmt":"2014-01-19T10:13:38","guid":{"rendered":"http:\/\/klubmamgdynia.pl\/index.php\/produkt\/playshoes-spodnie-przeciwdeszczowe-405427-d-granatowy-regular-fit\/"},"modified":"2026-05-17T22:58:16","modified_gmt":"2026-05-17T20:58:16","slug":"playshoes-spodnie-przeciwdeszczowe-405427-d-granatowy-regular-fit","status":"publish","type":"product","link":"http:\/\/klubmamgdynia.pl\/index.php\/produkt\/playshoes-spodnie-przeciwdeszczowe-405427-d-granatowy-regular-fit\/","title":{"rendered":"Playshoes Spodnie przeciwdeszczowe 405427 D Granatowy Regular Fit"},"content":{"rendered":"<p>Playshoes Spodnie przeciwdeszczowe 405427 D Granatowy Regular Fit<\/p>\n<h2>Playshoes Spodnie przeciwdeszczowe 405427 D Granatowy Regular Fit Playshoes<\/h2>\n<p>wiktor, zagadki dla 5 latka, zabawy ruchowe dla dzieci, wierszyk o choince, menu urodzinowe dla dzieci w wieku 8 10 lat, s\u0142oneczko, dekorowanie kanapek dla dzieci, pomysl na prezent na roczek, ciekawe miejsca w warszawie dla m\u0142odzie\u017cy, zagadki o zwierz\u0119tach le\u015bnych dla dzieci, zagadki o zwierz\u0119tach<\/p>\n<p>yyyyy<\/p>\n<p>&nbsp;<\/p>\n","protected":false},"excerpt":{"rendered":"<p>Playshoes Spodnie przeciwdeszczowe 405427 D Granatowy Regular Fit Playshoes Spodnie przeciwdeszczowe 405427 D Granatowy Regular Fit Playshoes wiktor, zagadki dla 5 latka, zabawy ruchowe dla dzieci, wierszyk o choince, menu urodzinowe dla dzieci w wieku 8 10 lat, s\u0142oneczko, dekorowanie kanapek dla dzieci, pomysl na prezent na roczek, ciekawe miejsca w warszawie dla m\u0142odzie\u017cy, zagadki [&hellip;]<\/p>\n","protected":false},"featured_media":6332,"comment_status":"closed","ping_status":"open","template":"","meta":[],"product_cat":[1447,1458],"product_tag":[854,618,804,762,850],"class_list":["post-6331","product","type-product","status-publish","has-post-thumbnail","hentry","product_cat-playshoes","product_cat-spodnie-dzieciece","product_tag-cytaty-rodzina","product_tag-lato-lato-lato-czeka-tekst","product_tag-ryz-z-owocami","product_tag-trudne-zagadki-dla-dzieci","product_tag-wroclaw-atrakcje-dla-dzieci"],"_links":{"self":[{"href":"http:\/\/klubmamgdynia.pl\/index.php\/wp-json\/wp\/v2\/product\/6331","targetHints":{"allow":["GET"]}}],"collection":[{"href":"http:\/\/klubmamgdynia.pl\/index.php\/wp-json\/wp\/v2\/product"}],"about":[{"href":"http:\/\/klubmamgdynia.pl\/index.php\/wp-json\/wp\/v2\/types\/product"}],"replies":[{"embeddable":true,"href":"http:\/\/klubmamgdynia.pl\/index.php\/wp-json\/wp\/v2\/comments?post=6331"}],"wp:featuredmedia":[{"embeddable":true,"href":"http:\/\/klubmamgdynia.pl\/index.php\/wp-json\/wp\/v2\/media\/6332"}],"wp:attachment":[{"href":"http:\/\/klubmamgdynia.pl\/index.php\/wp-json\/wp\/v2\/media?parent=6331"}],"wp:term":[{"taxonomy":"product_cat","embeddable":true,"href":"http:\/\/klubmamgdynia.pl\/index.php\/wp-json\/wp\/v2\/product_cat?post=6331"},{"taxonomy":"product_tag","embeddable":true,"href":"http:\/\/klubmamgdynia.pl\/index.php\/wp-json\/wp\/v2\/product_tag?post=6331"}],"curies":[{"name":"wp","href":"https:\/\/api.w.org\/{rel}","templated":true}]}}