{"id":6335,"date":"2022-11-07T06:32:20","date_gmt":"2022-11-07T05:32:20","guid":{"rendered":"http:\/\/klubmamgdynia.pl\/?post_type=product&#038;p=6335"},"modified":"2026-04-04T02:04:11","modified_gmt":"2026-04-04T00:04:11","slug":"barbie-lalka-gwiazda-pop-dvf50-fxn98","status":"publish","type":"product","link":"http:\/\/klubmamgdynia.pl\/index.php\/produkt\/barbie-lalka-gwiazda-pop-dvf50-fxn98\/","title":{"rendered":"Barbie Lalka Gwiazda Pop DVF50 FXN98"},"content":{"rendered":"<p>Odkrywaj r\u00f3\u017cnorodne \u015bcie\u017cki kariery z Barbie!Daj si\u0119 ponie\u015b\u0107 marzeniom i wypr\u00f3buj r\u00f3\u017cne \u015bcie\u017cki kariery z Barbie! Lalka Barbie uwielbia ambitne wyzwania, a te profesjonalistki mierz\u0105 bardzo wysoko. Ka\u017cda lalka ma dopasowany do charakteru jej profesji str\u00f3j, a specjalne akcesoria pomog\u0105 w opowiadaniu historii. Myjka i stetoskop przydadz\u0105 si\u0119 piel\u0119gniarce, natomiast czapka kucharska i babeczka s\u0105 niezb\u0119dne dla mistrzyni wypiek\u00f3w. Rozpocznij karier\u0119 naukow\u0105 lub medyczn\u0105. Mo\u017cesz wybra\u0107 okulistk\u0119, pani\u0105 weterynarz lub naukowca. Sprawd\u017a si\u0119 na scenie jako gwiazda popu, b\u0105d\u017a odpowiedzialna jak ratowniczka lub si\u0119gnij po z\u0142oto jako \u0142y\u017cwiarka. Mo\u017cesz te\u017c os\u0142odzi\u0107 innym \u017cycie jako mistrzyni wypiek\u00f3w lub spr\u00f3bowa\u0107 pracy na roli jako farmerka.                            <\/p>\n<p>Lalka Barbie Kariera Gwiazda PopPom\u00f3\u017c swojemu dziecku wypr\u00f3bowa\u0107 r\u00f3\u017cne \u015bcie\u017cki kariery z Barbie. Teraz dziewczynka mo\u017ce pokaza\u0107 sw\u00f3j talent muzyczny razem z Barbie Gwiazd\u0105 Pop. Ta lalka ubrana jest w srebrny top oraz modn\u0105 holograficzn\u0105 sp\u00f3dniczk\u0119. Na nogach ma jasnofioletowe buty. W zestawie znajduje si\u0119 r\u00f3wnie\u017c mikrofon na stojaku, kt\u00f3ry pobudzi dzieci\u0119c\u0105 wyobra\u017ani\u0119 do opowiadania jeszcze wi\u0119kszej liczby historii. Zabaw\u0119 wzbogac\u0105 tak\u017ce r\u00f3\u017cne sylwetki, odcienie sk\u00f3ry, kolor\u00f3w oczu i fryzur lalek z serii Kariera (inne lalki sprzedawane oddzielnie).                            <\/p>\n<p>Barbie &#8211; mo\u017cesz by\u0107, kim chceszWyj\u0105tkowe lalki Barbie z linii Kariera od 60 lat inspiruj\u0105 dzieci do realizowania ambitnych marze\u0144! Barbie sprawdzi\u0142a si\u0119 ju\u017c w ponad 200 zawodach i kontynuuje swoj\u0105 niezwyk\u0142\u0105 przygod\u0119. Ten specjalny asortyment upami\u0119tnia najbardziej znane zawody wykonywane przez Barbie w jej 60-letniej karierze. Ka\u017cda lalka wyposa\u017cona jest w tematyczny str\u00f3j i ma akcesorium, kt\u00f3re pomaga jej osi\u0105gn\u0105\u0107 sukces w danej pracy.<\/p>\n<h2>Barbie Lalka Gwiazda Pop DVF50 FXN98 Barbie<\/h2>\n<p>lato lato lato czeka tekst, kolorowanki dla dziewczynek, test z lektury kajko i kokosz, zagadki na myslenie, zagadki typu co to jest, m\u0105dre prezenty dla 7 latki, kolorowe kredki tekst, zagadki o wiosnie, imie iwo, karty pracy do druku za darmo, wroc\u0142aw i okolice atrakcje, kolorowanki, miriam imie, miasto dzieci krak\u00f3w, kolorowanki \u015bwi\u0105teczne do wydruku, super zings do druku<\/p>\n<p>yyyyy<\/p>\n<p>&nbsp;<\/p>\n","protected":false},"excerpt":{"rendered":"<p>Odkrywaj r\u00f3\u017cnorodne \u015bcie\u017cki kariery z Barbie!Daj si\u0119 ponie\u015b\u0107 marzeniom i wypr\u00f3buj r\u00f3\u017cne \u015bcie\u017cki kariery z Barbie! Lalka Barbie uwielbia ambitne wyzwania, a te profesjonalistki mierz\u0105 bardzo wysoko. Ka\u017cda lalka ma dopasowany do charakteru jej profesji str\u00f3j, a specjalne akcesoria pomog\u0105 w opowiadaniu historii. Myjka i stetoskop przydadz\u0105 si\u0119 piel\u0119gniarce, natomiast czapka kucharska i babeczka s\u0105 [&hellip;]<\/p>\n","protected":false},"featured_media":6336,"comment_status":"closed","ping_status":"open","template":"","meta":[],"product_cat":[173,65],"product_tag":[816,630,794,760,601],"class_list":["post-6335","product","type-product","status-publish","has-post-thumbnail","hentry","product_cat-barbie","product_cat-lalki","product_tag-place-zabaw-warszawa","product_tag-podchwytliwe-zagadki-z-odpowiedziami","product_tag-test-opowiesci-z-narnii-lew-czarownica-i-stara-szafa-do-druku","product_tag-zagadka-matematyczna","product_tag-zagadki-co-to-jest"],"_links":{"self":[{"href":"http:\/\/klubmamgdynia.pl\/index.php\/wp-json\/wp\/v2\/product\/6335","targetHints":{"allow":["GET"]}}],"collection":[{"href":"http:\/\/klubmamgdynia.pl\/index.php\/wp-json\/wp\/v2\/product"}],"about":[{"href":"http:\/\/klubmamgdynia.pl\/index.php\/wp-json\/wp\/v2\/types\/product"}],"replies":[{"embeddable":true,"href":"http:\/\/klubmamgdynia.pl\/index.php\/wp-json\/wp\/v2\/comments?post=6335"}],"wp:featuredmedia":[{"embeddable":true,"href":"http:\/\/klubmamgdynia.pl\/index.php\/wp-json\/wp\/v2\/media\/6336"}],"wp:attachment":[{"href":"http:\/\/klubmamgdynia.pl\/index.php\/wp-json\/wp\/v2\/media?parent=6335"}],"wp:term":[{"taxonomy":"product_cat","embeddable":true,"href":"http:\/\/klubmamgdynia.pl\/index.php\/wp-json\/wp\/v2\/product_cat?post=6335"},{"taxonomy":"product_tag","embeddable":true,"href":"http:\/\/klubmamgdynia.pl\/index.php\/wp-json\/wp\/v2\/product_tag?post=6335"}],"curies":[{"name":"wp","href":"https:\/\/api.w.org\/{rel}","templated":true}]}}