{"id":6341,"date":"2019-03-09T02:09:54","date_gmt":"2019-03-09T01:09:54","guid":{"rendered":"http:\/\/klubmamgdynia.pl\/index.php\/produkt\/fotelik-samochodowy-stokke-by-besafe-izi-go-modular-x1-isofix-base-0-13-kg-z-baza-black\/"},"modified":"2026-04-06T03:06:50","modified_gmt":"2026-04-06T01:06:50","slug":"fotelik-samochodowy-stokke-by-besafe-izi-go-modular-x1-isofix-base-0-13-kg-z-baza-black","status":"publish","type":"product","link":"http:\/\/klubmamgdynia.pl\/index.php\/produkt\/fotelik-samochodowy-stokke-by-besafe-izi-go-modular-x1-isofix-base-0-13-kg-z-baza-black\/","title":{"rendered":"Fotelik samochodowy Stokke by Besafe , IZI Go Modular X1 + Isofix Base 0-13 kg z Baz\u0105 , Black"},"content":{"rendered":"<p>Foteliki Stokke by Besafe s\u0105 przystosowane do w\u00f3zk\u00f3w Stokke w taki spos\u00f3b, aby rodzice nie musieli u\u017cywa\u0107 dodatkowych adapter\u00f3w do osadzenia fotelika na ramie w\u00f3zka. IZI Go Modular X1 jest cz\u0119\u015bci\u0105 modu\u0142owego systemu opartego na jednej bazie Isofix, na kt\u00f3rej w dalszym etapie mo\u017cna zamontowa\u0107 fotelik dla wi\u0119kszego dziecka.System Dynamic Force Absorber\u2122 w bocznych skrzyd\u0142ach fotelika poch\u0142ania si\u0142y w razie zderzenia bocznego, aby zapewni\u0107 dziecku optymaln\u0105 ochron\u0119Besafe Newborn Hugger\u2122 umo\u017cliwia dziecku przyj\u0119cie bardziej horyzontalnej pozycji, aby zmniejszy\u0107 ryzyko opadania g\u0142owy5-punktowa uprz\u0105\u017c bezpiecze\u0144stwa Fotelik dost\u0119pny w dw\u00f3ch neutralnych wersjach kolorystycznych Zatrzaskuje si\u0119 bezpo\u015brednio na wszystkich w\u00f3zkach Stokke bez potrzeby u\u017cywania adapter\u00f3wBaza Isofix amo\u017cliwia bezproblemowy i bezpieczny monta\u017c w aucie bez u\u017cycia pas\u00f3wModu\u0142owy system oparty na jednej bazie umo\u017cliwia zamontowanie w dalszym etapie fotelika dla wi\u0119kszego dziecka Besafe\u00ae iZi Modular\u2122 (do nabycia osobno)Opatentowane magnetyczne nak\u0142adki na ramiona u\u0142atwiaj\u0105 umieszczenie dziecka w foteliku\u0141atwe do dopasowania poduszkiErgonomiczny uchwyt do noszeniaZatwierdzony zgodnie z najnowszym rozporz\u0105dzeniem I-SizeObszerna budka z ochron\u0105 przeciws\u0142oneczn\u0105 na poziomie UPF 50+Baza Isofix iZi Modular i-Size Baza ISOfix iZi Modular i-Size jest zatwierdzona przez najnowsz\u0105 regulacj\u0119 dotycz\u0105c\u0105 dzieci\u0119cych fotelik\u00f3w samochodowych UN R129 (i-Size),Wyra\u017ane wska\u017aniki, zar\u00f3wno wizualne i d\u017awi\u0119kowe,Regulacja miejsca na nogi przy foteliku iZi Modular i-Size,Szybka i \u0142atwa instalacja,Zminimalizowane ryzyko b\u0142\u0119dnej instalacji,Grupa: BeSafe grupa 1 i 2,Ty\u0142em do kierunku jazdy: 61-105 cm,Przodem do kierunku jazdy: 88-105 cm,Mo\u017cna u\u017cywa\u0107 wy\u0142\u0105cznie z fotelikami iZi Go Modular i-Size i iZi Modular i-Size.<\/p>\n<h2>Fotelik samochodowy Stokke by Besafe , IZI Go Modular X1 + Isofix Base 0-13 kg z Baz\u0105 , Black <\/h2>\n<p>imie paula, wierszyki na dobranoc dla dzieci, cytaty o nauczycielach, cytaty ma\u0142y ksi\u0105\u017ce, gda\u0144sk atrakcje dla m\u0142odzie\u017cy, \u015bwinka peppa dom, prezent na dzie\u0144 dziecka dla nastolatk\u00f3w, gabriela imie, afryka\u0144skie imiona, jak narysowa\u0107 konia, imi\u0119 gaja, bruno, quizy online, karty pracy dla dzieci z ukrainy pdf, dyplomy do druku, kolorowanki my little pony, cytaty o dzieciach, quiz znaki drogowe, najtrudniejsze zagadki<\/p>\n<p>yyyyy<\/p>\n<p>&nbsp;<\/p>\n","protected":false},"excerpt":{"rendered":"<p>Foteliki Stokke by Besafe s\u0105 przystosowane do w\u00f3zk\u00f3w Stokke w taki spos\u00f3b, aby rodzice nie musieli u\u017cywa\u0107 dodatkowych adapter\u00f3w do osadzenia fotelika na ramie w\u00f3zka. IZI Go Modular X1 jest cz\u0119\u015bci\u0105 modu\u0142owego systemu opartego na jednej bazie Isofix, na kt\u00f3rej w dalszym etapie mo\u017cna zamontowa\u0107 fotelik dla wi\u0119kszego dziecka.System Dynamic Force Absorber\u2122 w bocznych skrzyd\u0142ach [&hellip;]<\/p>\n","protected":false},"featured_media":6342,"comment_status":"closed","ping_status":"open","template":"","meta":[],"product_cat":[32],"product_tag":[839,818,652,623],"class_list":["post-6341","product","type-product","status-publish","has-post-thumbnail","hentry","product_cat-foteliki-samochodowe","product_tag-bajki-na-dobranoc-do-czytania","product_tag-oliwier","product_tag-otto","product_tag-zagadki-logiczne-smieszne"],"_links":{"self":[{"href":"http:\/\/klubmamgdynia.pl\/index.php\/wp-json\/wp\/v2\/product\/6341","targetHints":{"allow":["GET"]}}],"collection":[{"href":"http:\/\/klubmamgdynia.pl\/index.php\/wp-json\/wp\/v2\/product"}],"about":[{"href":"http:\/\/klubmamgdynia.pl\/index.php\/wp-json\/wp\/v2\/types\/product"}],"replies":[{"embeddable":true,"href":"http:\/\/klubmamgdynia.pl\/index.php\/wp-json\/wp\/v2\/comments?post=6341"}],"wp:featuredmedia":[{"embeddable":true,"href":"http:\/\/klubmamgdynia.pl\/index.php\/wp-json\/wp\/v2\/media\/6342"}],"wp:attachment":[{"href":"http:\/\/klubmamgdynia.pl\/index.php\/wp-json\/wp\/v2\/media?parent=6341"}],"wp:term":[{"taxonomy":"product_cat","embeddable":true,"href":"http:\/\/klubmamgdynia.pl\/index.php\/wp-json\/wp\/v2\/product_cat?post=6341"},{"taxonomy":"product_tag","embeddable":true,"href":"http:\/\/klubmamgdynia.pl\/index.php\/wp-json\/wp\/v2\/product_tag?post=6341"}],"curies":[{"name":"wp","href":"https:\/\/api.w.org\/{rel}","templated":true}]}}