{"id":6361,"date":"2023-02-04T10:40:00","date_gmt":"2023-02-04T09:40:00","guid":{"rendered":"http:\/\/klubmamgdynia.pl\/?post_type=product&#038;p=6361"},"modified":"2026-04-22T14:01:57","modified_gmt":"2026-04-22T12:01:57","slug":"brush-baby-brush-baby-go-kidz-szczoteczka-soniczna-dla-dzieci-z-naklejkami-bobr","status":"publish","type":"product","link":"http:\/\/klubmamgdynia.pl\/index.php\/produkt\/brush-baby-brush-baby-go-kidz-szczoteczka-soniczna-dla-dzieci-z-naklejkami-bobr\/","title":{"rendered":"Brush Baby Brush-Baby Go-Kidz Szczoteczka Soniczna Dla Dzieci Z Naklejkami B\u00f3br"},"content":{"rendered":"<p>Podr\u00f3\u017cna szczoteczka soniczna Go-Kidz Electric Travel Toothbrush: doskona\u0142a na wyjazdy, podr\u00f3\u017ce czy do u\u017cytku w przedszkolu lub szkole higieniczna nak\u0142adka pozwala na utrzymanie szczoteczki w czysto\u015bci mo\u017cliwo\u015b\u0107 dokupienia ko\u0144c\u00f3wek wymiennych 2 &#8211; minutowy timer 2 tryby pracy: 11000 ruch\u00f3w\/min i 7000 ruch\u00f3w\/min do zestawu do\u0142\u0105czona jest bateria AAA kolor: zielono-niebieski<\/p>\n<h2>Brush Baby Brush-Baby Go-Kidz Szczoteczka Soniczna Dla Dzieci Z Naklejkami B\u00f3br Brush-Baby<\/h2>\n<p>mini zoo warszawa, \u015bmieszne zagadki logiczne, janusz korczak cytaty, felix net i nika oraz gang niewidzialnych ludzi test z odpowiedziami, pomysl na prezent na roczek, prezent na roczek dla dziewczynki, esmeralda, quiz o kosmosie dla dzieci, quiz o akademii pana kleksa, gad\u017cety dla nastolatk\u00f3w 2021, litera r do druku, cytaty o rodzicach, zwierz\u0119ta z plasteliny<\/p>\n<p>yyyyy<\/p>\n<p>&nbsp;<\/p>\n","protected":false},"excerpt":{"rendered":"<p>Podr\u00f3\u017cna szczoteczka soniczna Go-Kidz Electric Travel Toothbrush: doskona\u0142a na wyjazdy, podr\u00f3\u017ce czy do u\u017cytku w przedszkolu lub szkole higieniczna nak\u0142adka pozwala na utrzymanie szczoteczki w czysto\u015bci mo\u017cliwo\u015b\u0107 dokupienia ko\u0144c\u00f3wek wymiennych 2 &#8211; minutowy timer 2 tryby pracy: 11000 ruch\u00f3w\/min i 7000 ruch\u00f3w\/min do zestawu do\u0142\u0105czona jest bateria AAA kolor: zielono-niebieski Brush Baby Brush-Baby Go-Kidz Szczoteczka [&hellip;]<\/p>\n","protected":false},"featured_media":6362,"comment_status":"closed","ping_status":"open","template":"","meta":[],"product_cat":[1441,901],"product_tag":[676,711,693,649,811,715],"class_list":["post-6361","product","type-product","status-publish","has-post-thumbnail","hentry","product_cat-brush-baby","product_cat-pozostale-akcesoria-do-pielegnacji-dzieci","product_tag-bursztynek","product_tag-prezenty-dla-nastolatkow","product_tag-zagadki-dla-doroslych","product_tag-zagadki-dla-nastolatkow","product_tag-zagadki-logiczne-dla-dzieci","product_tag-zosia-samosia"],"_links":{"self":[{"href":"http:\/\/klubmamgdynia.pl\/index.php\/wp-json\/wp\/v2\/product\/6361","targetHints":{"allow":["GET"]}}],"collection":[{"href":"http:\/\/klubmamgdynia.pl\/index.php\/wp-json\/wp\/v2\/product"}],"about":[{"href":"http:\/\/klubmamgdynia.pl\/index.php\/wp-json\/wp\/v2\/types\/product"}],"replies":[{"embeddable":true,"href":"http:\/\/klubmamgdynia.pl\/index.php\/wp-json\/wp\/v2\/comments?post=6361"}],"wp:featuredmedia":[{"embeddable":true,"href":"http:\/\/klubmamgdynia.pl\/index.php\/wp-json\/wp\/v2\/media\/6362"}],"wp:attachment":[{"href":"http:\/\/klubmamgdynia.pl\/index.php\/wp-json\/wp\/v2\/media?parent=6361"}],"wp:term":[{"taxonomy":"product_cat","embeddable":true,"href":"http:\/\/klubmamgdynia.pl\/index.php\/wp-json\/wp\/v2\/product_cat?post=6361"},{"taxonomy":"product_tag","embeddable":true,"href":"http:\/\/klubmamgdynia.pl\/index.php\/wp-json\/wp\/v2\/product_tag?post=6361"}],"curies":[{"name":"wp","href":"https:\/\/api.w.org\/{rel}","templated":true}]}}