{"id":6377,"date":"2016-10-30T10:11:27","date_gmt":"2016-10-30T09:11:27","guid":{"rendered":"http:\/\/klubmamgdynia.pl\/index.php\/produkt\/nuk-butelka-kubek-niekapek-z-uchwytem-150ml-jednorozce\/"},"modified":"2026-05-17T22:39:37","modified_gmt":"2026-05-17T20:39:37","slug":"nuk-butelka-kubek-niekapek-z-uchwytem-150ml-jednorozce","status":"publish","type":"product","link":"http:\/\/klubmamgdynia.pl\/index.php\/produkt\/nuk-butelka-kubek-niekapek-z-uchwytem-150ml-jednorozce\/","title":{"rendered":"Nuk Butelka Kubek Niekapek Z Uchwytem 150Ml Jednoro\u017cce"},"content":{"rendered":"<p>Butelka NUK do nauki picia First Choice z ustnikiem silikonowym 6-18 miesi\u0119cy Pojemno\u015b\u0107: 150 mlModel: Jednoro\u017cce Kiedy niemowl\u0119 staje si\u0119 ma\u0142ym dzieckiem, butelka NUK First Choice do nauki picia u\u0142atwia przej\u015bcie od karmienia piersi\u0105 lub butelk\u0105 do samodzielnego picia. Przyjemnie mi\u0119kki ustnik wykonany z silikonu umo\u017cliwia picie bez rozlewania. System odpowietrzania NUK AIR SYSTEM wyr\u00f3wnuje ci\u015bnienie w butelce, co pomaga zapobiega\u0107 kolce spowodowanej po\u0142ykaniem powietrza przez dziecko. z podw\u00f3jnym uchwytem z ustnikiem silikonowym 6-18 miesi\u0119cy u\u0142atwia nauk\u0119 samodzielnego picia mi\u0119kki ustnik &#8222;niekapek&#8221; z silikonu butelka wykonana z polipropylenu (PP) ergonomiczne uchwyty umo\u017cliwiaj\u0105 bezpieczne trzymanie dla dzieci od 6 do 18 miesi\u0119cy pojemno\u015b\u0107 150 ml Aby mie\u0107 pewno\u015b\u0107, \u017ce pokarm podawany niemowl\u0119ciu nie b\u0119dzie zbyt gor\u0105cy, butelka NUK First Choice+ posiada wska\u017anik temperatury NUK. Wska\u017anik wygl\u0105da jak termometr i jest umieszczony pomi\u0119dzy kreskami podzia\u0142ki. Wska\u017anik zmienia kolor pod wp\u0142ywem zmiany temperatur zawarto\u015bci butelki. Je\u017celi pokarm jest zbyt gor\u0105cy wska\u017anik zmienia kolor z niebieskiego na bia\u0142y.<\/p>\n<h2>Nuk Butelka Kubek Niekapek Z Uchwytem 150Ml Jednoro\u017cce NUK<\/h2>\n<p>kolorowanka piesek do druku, zagatki matematyczne, quiz bo\u017ce narodzenie, liwia imi\u0119, kolorowanka lego friends, quiz konie, m\u0105dre bajki dla dzieci do czytania, zagadki o bajkach, zagadki logiczne trudne, zagadki i odpowiedzi, wydarzenia warszawa dzisiaj, \u017carty na prima aprilis dla rodzic\u00f3w, lucjan<\/p>\n<p>yyyyy<\/p>\n<p>&nbsp;<\/p>\n","protected":false},"excerpt":{"rendered":"<p>Butelka NUK do nauki picia First Choice z ustnikiem silikonowym 6-18 miesi\u0119cy Pojemno\u015b\u0107: 150 mlModel: Jednoro\u017cce Kiedy niemowl\u0119 staje si\u0119 ma\u0142ym dzieckiem, butelka NUK First Choice do nauki picia u\u0142atwia przej\u015bcie od karmienia piersi\u0105 lub butelk\u0105 do samodzielnego picia. Przyjemnie mi\u0119kki ustnik wykonany z silikonu umo\u017cliwia picie bez rozlewania. System odpowietrzania NUK AIR SYSTEM wyr\u00f3wnuje [&hellip;]<\/p>\n","protected":false},"featured_media":0,"comment_status":"closed","ping_status":"open","template":"","meta":[],"product_cat":[215,251],"product_tag":[686,758,813,599,646,751],"class_list":["post-6377","product","type-product","status-publish","hentry","product_cat-naczynia-i-sztucce-dla-dzieci","product_cat-nuk","product_tag-co-na-roczek-dla-chlopca","product_tag-julian","product_tag-krotkie-zagadki-matematyczne-z-odpowiedziami","product_tag-prezent-dla-nastolatkow-2021","product_tag-prezent-na-pierwsze-urodziny","product_tag-psi-patrol-kolorowanka"],"_links":{"self":[{"href":"http:\/\/klubmamgdynia.pl\/index.php\/wp-json\/wp\/v2\/product\/6377","targetHints":{"allow":["GET"]}}],"collection":[{"href":"http:\/\/klubmamgdynia.pl\/index.php\/wp-json\/wp\/v2\/product"}],"about":[{"href":"http:\/\/klubmamgdynia.pl\/index.php\/wp-json\/wp\/v2\/types\/product"}],"replies":[{"embeddable":true,"href":"http:\/\/klubmamgdynia.pl\/index.php\/wp-json\/wp\/v2\/comments?post=6377"}],"wp:attachment":[{"href":"http:\/\/klubmamgdynia.pl\/index.php\/wp-json\/wp\/v2\/media?parent=6377"}],"wp:term":[{"taxonomy":"product_cat","embeddable":true,"href":"http:\/\/klubmamgdynia.pl\/index.php\/wp-json\/wp\/v2\/product_cat?post=6377"},{"taxonomy":"product_tag","embeddable":true,"href":"http:\/\/klubmamgdynia.pl\/index.php\/wp-json\/wp\/v2\/product_tag?post=6377"}],"curies":[{"name":"wp","href":"https:\/\/api.w.org\/{rel}","templated":true}]}}